{"id":9269,"date":"2026-02-24T15:24:06","date_gmt":"2026-02-24T14:24:06","guid":{"rendered":"https:\/\/www.strzodowie.pl\/sklep\/?post_type=product&#038;p=9269"},"modified":"2026-02-24T15:24:06","modified_gmt":"2026-02-24T14:24:06","slug":"emporio-armani-ea4263u","status":"publish","type":"product","link":"https:\/\/www.strzodowie.pl\/sklep\/product\/emporio-armani-ea4263u\/","title":{"rendered":"Emporio Armani EA4263U"},"content":{"rendered":"<h3 class=\"western\"><strong>Emporio Armani EA4263U-632673<\/strong><\/h3>\n<p>Model EA4263U 632673 to designerskie okulary przeciws\u0142oneczne o nowoczesnym profilu i mocnym charakterze. Ich wywa\u017cona konstrukcja oraz przyciemnione szk\u0142a tworz\u0105 efektowny, modowy dodatek.<\/p>\n<p><strong>Dane techniczne:<\/strong><br \/>\n\u2022 Soczewka: 57 mm<br \/>\n\u2022 Mostek: 14 mm<br \/>\n\u2022 Zausznik: 145 mm<br \/>\n\u2022 Materia\u0142: tworzywo<br \/>\n\u2022 Rodzaj oprawy: pe\u0142na<\/p>\n<p><strong>Dlaczego warto wybra\u0107 EA4263U-632673?<\/strong><br \/>\n\u2022 Wyrazisty, nowoczesny styl<br \/>\n\u2022 Mocna linia oprawki<br \/>\n\u2022 Ochrona UV dla oczu<\/p>\n","protected":false},"excerpt":{"rendered":"<p>Emporio Armani EA4263U-632673 Model EA4263U 632673 to designerskie okulary przeciws\u0142oneczne o nowoczesnym profilu i mocnym charakterze. Ich wywa\u017cona konstrukcja oraz przyciemnione szk\u0142a tworz\u0105 efektowny, modowy dodatek. Dane techniczne: \u2022 Soczewka: 57 mm \u2022 Mostek: 14 mm \u2022 Zausznik: 145 mm \u2022 Materia\u0142: tworzywo \u2022 Rodzaj oprawy: pe\u0142na Dlaczego warto wybra\u0107 EA4263U-632673? \u2022 Wyrazisty, nowoczesny styl [&hellip;]<\/p>\n","protected":false},"featured_media":9270,"comment_status":"open","ping_status":"closed","template":"","meta":{"_acf_changed":false},"product_brand":[561],"product_cat":[51],"product_tag":[542,544,554,553,541,546,549,378,204,555],"class_list":{"0":"post-9269","1":"product","2":"type-product","3":"status-publish","4":"has-post-thumbnail","6":"product_brand-emporio-armani","7":"product_cat-okulary-przeciwsloneczne","8":"product_tag-designerskie","9":"product_tag-komfortowe","10":"product_tag-letnie","11":"product_tag-miejskie","12":"product_tag-modne","13":"product_tag-pelne","14":"product_tag-stylowe","15":"product_tag-unisex","16":"product_tag-uv400","17":"product_tag-wyraziste","19":"first","20":"onbackorder","21":"shipping-taxable","22":"purchasable","23":"product-type-simple"},"acf":[],"_links":{"self":[{"href":"https:\/\/www.strzodowie.pl\/sklep\/wp-json\/wp\/v2\/product\/9269","targetHints":{"allow":["GET"]}}],"collection":[{"href":"https:\/\/www.strzodowie.pl\/sklep\/wp-json\/wp\/v2\/product"}],"about":[{"href":"https:\/\/www.strzodowie.pl\/sklep\/wp-json\/wp\/v2\/types\/product"}],"replies":[{"embeddable":true,"href":"https:\/\/www.strzodowie.pl\/sklep\/wp-json\/wp\/v2\/comments?post=9269"}],"wp:featuredmedia":[{"embeddable":true,"href":"https:\/\/www.strzodowie.pl\/sklep\/wp-json\/wp\/v2\/media\/9270"}],"wp:attachment":[{"href":"https:\/\/www.strzodowie.pl\/sklep\/wp-json\/wp\/v2\/media?parent=9269"}],"wp:term":[{"taxonomy":"product_brand","embeddable":true,"href":"https:\/\/www.strzodowie.pl\/sklep\/wp-json\/wp\/v2\/product_brand?post=9269"},{"taxonomy":"product_cat","embeddable":true,"href":"https:\/\/www.strzodowie.pl\/sklep\/wp-json\/wp\/v2\/product_cat?post=9269"},{"taxonomy":"product_tag","embeddable":true,"href":"https:\/\/www.strzodowie.pl\/sklep\/wp-json\/wp\/v2\/product_tag?post=9269"}],"curies":[{"name":"wp","href":"https:\/\/api.w.org\/{rel}","templated":true}]}}