{"id":9265,"date":"2026-02-24T15:20:14","date_gmt":"2026-02-24T14:20:14","guid":{"rendered":"https:\/\/www.strzodowie.pl\/sklep\/?post_type=product&#038;p=9265"},"modified":"2026-02-24T15:20:14","modified_gmt":"2026-02-24T14:20:14","slug":"emporio-armani-ea4225u","status":"publish","type":"product","link":"https:\/\/www.strzodowie.pl\/sklep\/product\/emporio-armani-ea4225u\/","title":{"rendered":"Emporio Armani EA4225U"},"content":{"rendered":"<h3 class=\"western\"><strong>Emporio Armani EA4225U-500187<\/strong><\/h3>\n<p>Model EA4225U 500187 to stylowe okulary przeciws\u0142oneczne z klasyczn\u0105, lekko zaokr\u0105glon\u0105 form\u0105, kt\u00f3re \u015bwietnie wpisuj\u0105 si\u0119 w codzienny styl i dope\u0142niaj\u0105 zar\u00f3wno casualowe, jak i bardziej wyrafinowane looki.<\/p>\n<p><strong>Dane techniczne:<\/strong><br \/>\n\u2022 Soczewka: 53 mm<br \/>\n\u2022 Mostek: 20 mm<br \/>\n\u2022 Zausznik: 145 mm<br \/>\n\u2022 Materia\u0142: tworzywo<br \/>\n\u2022 Rodzaj oprawy: pe\u0142na<\/p>\n<p><strong>Dlaczego warto wybra\u0107 EA4225U-500187?<\/strong><br \/>\n\u2022 Elegancki, uniwersalny styl<br \/>\n\u2022 Komfort noszenia<br \/>\n\u2022 Filtr UV na co dzie\u0144<\/p>\n","protected":false},"excerpt":{"rendered":"<p>Emporio Armani EA4225U-500187 Model EA4225U 500187 to stylowe okulary przeciws\u0142oneczne z klasyczn\u0105, lekko zaokr\u0105glon\u0105 form\u0105, kt\u00f3re \u015bwietnie wpisuj\u0105 si\u0119 w codzienny styl i dope\u0142niaj\u0105 zar\u00f3wno casualowe, jak i bardziej wyrafinowane looki. Dane techniczne: \u2022 Soczewka: 53 mm \u2022 Mostek: 20 mm \u2022 Zausznik: 145 mm \u2022 Materia\u0142: tworzywo \u2022 Rodzaj oprawy: pe\u0142na Dlaczego warto wybra\u0107 [&hellip;]<\/p>\n","protected":false},"featured_media":9266,"comment_status":"open","ping_status":"closed","template":"","meta":{"_acf_changed":false},"product_brand":[561],"product_cat":[51],"product_tag":[552,542,548,544,554,541,546,549,378,204],"class_list":{"0":"post-9265","1":"product","2":"type-product","3":"status-publish","4":"has-post-thumbnail","6":"product_brand-emporio-armani","7":"product_cat-okulary-przeciwsloneczne","8":"product_tag-casual","9":"product_tag-designerskie","10":"product_tag-klasyczne","11":"product_tag-komfortowe","12":"product_tag-letnie","13":"product_tag-modne","14":"product_tag-pelne","15":"product_tag-stylowe","16":"product_tag-unisex","17":"product_tag-uv400","19":"first","20":"onbackorder","21":"shipping-taxable","22":"purchasable","23":"product-type-simple"},"acf":[],"_links":{"self":[{"href":"https:\/\/www.strzodowie.pl\/sklep\/wp-json\/wp\/v2\/product\/9265","targetHints":{"allow":["GET"]}}],"collection":[{"href":"https:\/\/www.strzodowie.pl\/sklep\/wp-json\/wp\/v2\/product"}],"about":[{"href":"https:\/\/www.strzodowie.pl\/sklep\/wp-json\/wp\/v2\/types\/product"}],"replies":[{"embeddable":true,"href":"https:\/\/www.strzodowie.pl\/sklep\/wp-json\/wp\/v2\/comments?post=9265"}],"wp:featuredmedia":[{"embeddable":true,"href":"https:\/\/www.strzodowie.pl\/sklep\/wp-json\/wp\/v2\/media\/9266"}],"wp:attachment":[{"href":"https:\/\/www.strzodowie.pl\/sklep\/wp-json\/wp\/v2\/media?parent=9265"}],"wp:term":[{"taxonomy":"product_brand","embeddable":true,"href":"https:\/\/www.strzodowie.pl\/sklep\/wp-json\/wp\/v2\/product_brand?post=9265"},{"taxonomy":"product_cat","embeddable":true,"href":"https:\/\/www.strzodowie.pl\/sklep\/wp-json\/wp\/v2\/product_cat?post=9265"},{"taxonomy":"product_tag","embeddable":true,"href":"https:\/\/www.strzodowie.pl\/sklep\/wp-json\/wp\/v2\/product_tag?post=9265"}],"curies":[{"name":"wp","href":"https:\/\/api.w.org\/{rel}","templated":true}]}}