{"id":9252,"date":"2026-02-24T14:02:03","date_gmt":"2026-02-24T13:02:03","guid":{"rendered":"https:\/\/www.strzodowie.pl\/sklep\/?post_type=product&#038;p=9252"},"modified":"2026-02-24T14:02:03","modified_gmt":"2026-02-24T13:02:03","slug":"emporio-armani-ea4262u","status":"publish","type":"product","link":"https:\/\/www.strzodowie.pl\/sklep\/product\/emporio-armani-ea4262u\/","title":{"rendered":"Emporio Armani EA4262U"},"content":{"rendered":"<h3 data-start=\"252\" data-end=\"291\"><strong data-start=\"256\" data-end=\"289\">Emporio Armani EA4262U-632269<\/strong><\/h3>\n<p data-start=\"292\" data-end=\"588\">Model EA4262U 632269 to nowoczesne okulary przeciws\u0142oneczne o odwa\u017cnym, geometrycznym kszta\u0142cie, kt\u00f3re \u0142\u0105cz\u0105 elegancj\u0119 z miejskim charakterem. Ich stabilna konstrukcja i przyciemnione szk\u0142a zapewniaj\u0105 komfort i pe\u0142n\u0105 ochron\u0119 oczu podczas intensywnego s\u0142o\u0144ca.<\/p>\n<p data-start=\"590\" data-end=\"754\"><strong data-start=\"590\" data-end=\"610\">Dane techniczne:<\/strong><br data-start=\"610\" data-end=\"613\" \/>\u2022 Soczewka: 57 mm<br data-start=\"630\" data-end=\"633\" \/>\u2022 Mostek: 19 mm<br data-start=\"648\" data-end=\"651\" \/>\u2022 Zausznik: 145 mm<br data-start=\"669\" data-end=\"672\" \/>\u2022 Materia\u0142: acetate<br data-start=\"691\" data-end=\"694\" \/>\u2022 Rodzaj oprawy: pe\u0142na<\/p>\n<p data-start=\"756\" data-end=\"903\"><strong data-start=\"756\" data-end=\"797\">Dlaczego warto wybra\u0107 EA4262U-632269?<\/strong><br data-start=\"797\" data-end=\"800\" \/>\u2022 Nowoczesny, designerski kszta\u0142t<br data-start=\"833\" data-end=\"836\" \/>\u2022 Wyra\u017ana, trwa\u0142a konstrukcja<br data-start=\"865\" data-end=\"868\" \/>\u2022 Komfort noszenia przez ca\u0142y dzie\u0144<\/p>\n","protected":false},"excerpt":{"rendered":"<p>Emporio Armani EA4262U-632269 Model EA4262U 632269 to nowoczesne okulary przeciws\u0142oneczne o odwa\u017cnym, geometrycznym kszta\u0142cie, kt\u00f3re \u0142\u0105cz\u0105 elegancj\u0119 z miejskim charakterem. Ich stabilna konstrukcja i przyciemnione szk\u0142a zapewniaj\u0105 komfort i pe\u0142n\u0105 ochron\u0119 oczu podczas intensywnego s\u0142o\u0144ca. Dane techniczne:\u2022 Soczewka: 57 mm\u2022 Mostek: 19 mm\u2022 Zausznik: 145 mm\u2022 Materia\u0142: acetate\u2022 Rodzaj oprawy: pe\u0142na Dlaczego warto wybra\u0107 EA4262U-632269?\u2022 [&hellip;]<\/p>\n","protected":false},"featured_media":9253,"comment_status":"open","ping_status":"closed","template":"","meta":{"_acf_changed":false},"product_brand":[561],"product_cat":[51],"product_tag":[539,544,553,541,227,565,549,378,204,555],"class_list":{"0":"post-9252","1":"product","2":"type-product","3":"status-publish","4":"has-post-thumbnail","6":"product_brand-emporio-armani","7":"product_cat-okulary-przeciwsloneczne","8":"product_tag-acetate","9":"product_tag-komfortowe","10":"product_tag-miejskie","11":"product_tag-modne","12":"product_tag-pelna-oprawa","13":"product_tag-premium","14":"product_tag-stylowe","15":"product_tag-unisex","16":"product_tag-uv400","17":"product_tag-wyraziste","19":"first","20":"onbackorder","21":"shipping-taxable","22":"purchasable","23":"product-type-simple"},"acf":[],"_links":{"self":[{"href":"https:\/\/www.strzodowie.pl\/sklep\/wp-json\/wp\/v2\/product\/9252","targetHints":{"allow":["GET"]}}],"collection":[{"href":"https:\/\/www.strzodowie.pl\/sklep\/wp-json\/wp\/v2\/product"}],"about":[{"href":"https:\/\/www.strzodowie.pl\/sklep\/wp-json\/wp\/v2\/types\/product"}],"replies":[{"embeddable":true,"href":"https:\/\/www.strzodowie.pl\/sklep\/wp-json\/wp\/v2\/comments?post=9252"}],"wp:featuredmedia":[{"embeddable":true,"href":"https:\/\/www.strzodowie.pl\/sklep\/wp-json\/wp\/v2\/media\/9253"}],"wp:attachment":[{"href":"https:\/\/www.strzodowie.pl\/sklep\/wp-json\/wp\/v2\/media?parent=9252"}],"wp:term":[{"taxonomy":"product_brand","embeddable":true,"href":"https:\/\/www.strzodowie.pl\/sklep\/wp-json\/wp\/v2\/product_brand?post=9252"},{"taxonomy":"product_cat","embeddable":true,"href":"https:\/\/www.strzodowie.pl\/sklep\/wp-json\/wp\/v2\/product_cat?post=9252"},{"taxonomy":"product_tag","embeddable":true,"href":"https:\/\/www.strzodowie.pl\/sklep\/wp-json\/wp\/v2\/product_tag?post=9252"}],"curies":[{"name":"wp","href":"https:\/\/api.w.org\/{rel}","templated":true}]}}