{"id":9243,"date":"2026-02-24T13:20:46","date_gmt":"2026-02-24T12:20:46","guid":{"rendered":"https:\/\/www.strzodowie.pl\/sklep\/?post_type=product&#038;p=9243"},"modified":"2026-02-24T13:20:46","modified_gmt":"2026-02-24T12:20:46","slug":"emporio-armani-ea4160","status":"publish","type":"product","link":"https:\/\/www.strzodowie.pl\/sklep\/product\/emporio-armani-ea4160\/","title":{"rendered":"Emporio Armani EA4160"},"content":{"rendered":"<h3 data-start=\"3384\" data-end=\"3431\"><strong data-start=\"3388\" data-end=\"3431\"><span class=\"inline align-baseline\"><span class=\"whitespace-normal\"><span class=\"hover:entity-accent entity-underline cursor-pointer\">Emporio Armani EA4160 50421W<\/span><\/span><\/span><\/strong><\/h3>\n<p data-start=\"3433\" data-end=\"3717\">Model EA4160 50421W \u0142\u0105czy klasyczny, prostok\u0105tny kszta\u0142t z magnetyczn\u0105 nak\u0142adk\u0105 przeciws\u0142oneczn\u0105, co czyni go idealnym wyborem dla os\u00f3b poszukuj\u0105cych uniwersalnych oprawek do ka\u017cdego dnia. Subtelny detal i solidna konstrukcja gwarantuj\u0105 wygod\u0119.<\/p>\n<p data-start=\"3719\" data-end=\"3957\"><strong data-start=\"3719\" data-end=\"3739\">Dane techniczne:<\/strong><br data-start=\"3739\" data-end=\"3742\" \/>\u2022 Soczewka: <strong data-start=\"3754\" data-end=\"3763\">55 mm<\/strong><br data-start=\"3763\" data-end=\"3766\" \/>\u2022 Mostek: <strong data-start=\"3776\" data-end=\"3785\">18 mm<\/strong><br data-start=\"3785\" data-end=\"3788\" \/>\u2022 Zausznik: <strong data-start=\"3800\" data-end=\"3810\">145 mm<\/strong><br data-start=\"3810\" data-end=\"3813\" \/>\u2022 Materia\u0142: plastik<br data-start=\"3832\" data-end=\"3835\" \/>\u2022 Rodzaj oprawy: pe\u0142na<br data-start=\"3857\" data-end=\"3860\" \/>\u2022 Funkcja: okulary korekcyjne z nak\u0142adk\u0105 przeciws\u0142oneczn\u0105<\/p>\n<p data-start=\"3959\" data-end=\"4092\"><strong data-start=\"3959\" data-end=\"3999\">Dlaczego warto wybra\u0107 EA4160 50421W?<\/strong><br data-start=\"3999\" data-end=\"4002\" \/>\u2022 Uniwersalny, ponadczasowy design<br data-start=\"4036\" data-end=\"4039\" \/>\u2022 Wygoda u\u017cytkowania<br data-start=\"4059\" data-end=\"4062\" \/>\u2022 Lekka i trwa\u0142a konstrukcja<\/p>\n","protected":false},"excerpt":{"rendered":"<p>Emporio Armani EA4160 50421W Model EA4160 50421W \u0142\u0105czy klasyczny, prostok\u0105tny kszta\u0142t z magnetyczn\u0105 nak\u0142adk\u0105 przeciws\u0142oneczn\u0105, co czyni go idealnym wyborem dla os\u00f3b poszukuj\u0105cych uniwersalnych oprawek do ka\u017cdego dnia. Subtelny detal i solidna konstrukcja gwarantuj\u0105 wygod\u0119. Dane techniczne:\u2022 Soczewka: 55 mm\u2022 Mostek: 18 mm\u2022 Zausznik: 145 mm\u2022 Materia\u0142: plastik\u2022 Rodzaj oprawy: pe\u0142na\u2022 Funkcja: okulary korekcyjne z [&hellip;]<\/p>\n","protected":false},"featured_media":9245,"comment_status":"open","ping_status":"closed","template":"","meta":{"_acf_changed":false},"product_brand":[561],"product_cat":[50],"product_tag":[559,214,560,548,544,553,541,227,378,547],"class_list":{"0":"post-9243","1":"product","2":"type-product","3":"status-publish","4":"has-post-thumbnail","6":"product_brand-emporio-armani","7":"product_cat-okulary-korekcyjne","8":"product_tag-clip-on","9":"product_tag-eleganckie","10":"product_tag-everyday","11":"product_tag-klasyczne","12":"product_tag-komfortowe","13":"product_tag-miejskie","14":"product_tag-modne","15":"product_tag-pelna-oprawa","16":"product_tag-unisex","17":"product_tag-uv-ochrona","19":"first","20":"onbackorder","21":"shipping-taxable","22":"purchasable","23":"product-type-simple"},"acf":[],"_links":{"self":[{"href":"https:\/\/www.strzodowie.pl\/sklep\/wp-json\/wp\/v2\/product\/9243","targetHints":{"allow":["GET"]}}],"collection":[{"href":"https:\/\/www.strzodowie.pl\/sklep\/wp-json\/wp\/v2\/product"}],"about":[{"href":"https:\/\/www.strzodowie.pl\/sklep\/wp-json\/wp\/v2\/types\/product"}],"replies":[{"embeddable":true,"href":"https:\/\/www.strzodowie.pl\/sklep\/wp-json\/wp\/v2\/comments?post=9243"}],"wp:featuredmedia":[{"embeddable":true,"href":"https:\/\/www.strzodowie.pl\/sklep\/wp-json\/wp\/v2\/media\/9245"}],"wp:attachment":[{"href":"https:\/\/www.strzodowie.pl\/sklep\/wp-json\/wp\/v2\/media?parent=9243"}],"wp:term":[{"taxonomy":"product_brand","embeddable":true,"href":"https:\/\/www.strzodowie.pl\/sklep\/wp-json\/wp\/v2\/product_brand?post=9243"},{"taxonomy":"product_cat","embeddable":true,"href":"https:\/\/www.strzodowie.pl\/sklep\/wp-json\/wp\/v2\/product_cat?post=9243"},{"taxonomy":"product_tag","embeddable":true,"href":"https:\/\/www.strzodowie.pl\/sklep\/wp-json\/wp\/v2\/product_tag?post=9243"}],"curies":[{"name":"wp","href":"https:\/\/api.w.org\/{rel}","templated":true}]}}