{"id":9234,"date":"2026-02-24T13:16:07","date_gmt":"2026-02-24T12:16:07","guid":{"rendered":"https:\/\/www.strzodowie.pl\/sklep\/?post_type=product&#038;p=9234"},"modified":"2026-02-24T13:16:07","modified_gmt":"2026-02-24T12:16:07","slug":"emporio-armani-ea4211","status":"publish","type":"product","link":"https:\/\/www.strzodowie.pl\/sklep\/product\/emporio-armani-ea4211\/","title":{"rendered":"Emporio Armani EA4211"},"content":{"rendered":"<h3 data-start=\"878\" data-end=\"923\"><strong data-start=\"882\" data-end=\"923\"><span class=\"inline align-baseline\"><span class=\"whitespace-normal\"><span class=\"hover:entity-accent entity-underline cursor-pointer\">Emporio Armani EA4211 50011W<\/span><\/span><\/span><\/strong><\/h3>\n<p data-start=\"925\" data-end=\"1195\">Model EA4211 50011W to klasyczna oprawa korekcyjna z okr\u0105g\u0142ym profilem i magnetyczn\u0105 nak\u0142adk\u0105 przeciws\u0142oneczn\u0105. Delikatne linie i ponadczasowa forma sprawiaj\u0105, \u017ce oprawki s\u0105 uniwersalne, a jednocze\u015bnie podkre\u015blaj\u0105 indywidualny styl.<\/p>\n<p data-start=\"1197\" data-end=\"1433\"><strong data-start=\"1197\" data-end=\"1217\">Dane techniczne:<\/strong><br data-start=\"1217\" data-end=\"1220\" \/>\u2022 Soczewka: <strong data-start=\"1232\" data-end=\"1241\">52 mm<\/strong><br data-start=\"1241\" data-end=\"1244\" \/>\u2022 Mostek: <strong data-start=\"1254\" data-end=\"1263\">20 mm<\/strong><br data-start=\"1263\" data-end=\"1266\" \/>\u2022 Zausznik: <strong data-start=\"1278\" data-end=\"1288\">145 mm<\/strong><br data-start=\"1288\" data-end=\"1291\" \/>\u2022 Materia\u0142: plastik<br data-start=\"1310\" data-end=\"1313\" \/>\u2022 Rodzaj oprawy: pe\u0142na<br data-start=\"1335\" data-end=\"1338\" \/>\u2022 Funkcja: okulary korekcyjne z nak\u0142adk\u0105 przeciws\u0142oneczn\u0105<\/p>\n<p data-start=\"1435\" data-end=\"1582\"><strong data-start=\"1435\" data-end=\"1475\">Dlaczego warto wybra\u0107 EA4211 50011W?<\/strong><br data-start=\"1475\" data-end=\"1478\" \/>\u2022 Klasyczny, uniwersalny design<br data-start=\"1509\" data-end=\"1512\" \/>\u2022 Wygodna nak\u0142adka przeciws\u0142oneczna<br data-start=\"1547\" data-end=\"1550\" \/>\u2022 Komfort codziennego noszenia<\/p>\n","protected":false},"excerpt":{"rendered":"<p>Emporio Armani EA4211 50011W Model EA4211 50011W to klasyczna oprawa korekcyjna z okr\u0105g\u0142ym profilem i magnetyczn\u0105 nak\u0142adk\u0105 przeciws\u0142oneczn\u0105. Delikatne linie i ponadczasowa forma sprawiaj\u0105, \u017ce oprawki s\u0105 uniwersalne, a jednocze\u015bnie podkre\u015blaj\u0105 indywidualny styl. Dane techniczne:\u2022 Soczewka: 52 mm\u2022 Mostek: 20 mm\u2022 Zausznik: 145 mm\u2022 Materia\u0142: plastik\u2022 Rodzaj oprawy: pe\u0142na\u2022 Funkcja: okulary korekcyjne z nak\u0142adk\u0105 przeciws\u0142oneczn\u0105 [&hellip;]<\/p>\n","protected":false},"featured_media":9236,"comment_status":"open","ping_status":"closed","template":"","meta":{"_acf_changed":false},"product_brand":[561],"product_cat":[50],"product_tag":[559,562,542,214,544,543,563,227,378,547],"class_list":{"0":"post-9234","1":"product","2":"type-product","3":"status-publish","4":"has-post-thumbnail","6":"product_brand-emporio-armani","7":"product_cat-okulary-korekcyjne","8":"product_tag-clip-on","9":"product_tag-codzienne","10":"product_tag-designerskie","11":"product_tag-eleganckie","12":"product_tag-komfortowe","13":"product_tag-lekkie","14":"product_tag-modowe","15":"product_tag-pelna-oprawa","16":"product_tag-unisex","17":"product_tag-uv-ochrona","19":"first","20":"onbackorder","21":"shipping-taxable","22":"purchasable","23":"product-type-simple"},"acf":[],"_links":{"self":[{"href":"https:\/\/www.strzodowie.pl\/sklep\/wp-json\/wp\/v2\/product\/9234","targetHints":{"allow":["GET"]}}],"collection":[{"href":"https:\/\/www.strzodowie.pl\/sklep\/wp-json\/wp\/v2\/product"}],"about":[{"href":"https:\/\/www.strzodowie.pl\/sklep\/wp-json\/wp\/v2\/types\/product"}],"replies":[{"embeddable":true,"href":"https:\/\/www.strzodowie.pl\/sklep\/wp-json\/wp\/v2\/comments?post=9234"}],"wp:featuredmedia":[{"embeddable":true,"href":"https:\/\/www.strzodowie.pl\/sklep\/wp-json\/wp\/v2\/media\/9236"}],"wp:attachment":[{"href":"https:\/\/www.strzodowie.pl\/sklep\/wp-json\/wp\/v2\/media?parent=9234"}],"wp:term":[{"taxonomy":"product_brand","embeddable":true,"href":"https:\/\/www.strzodowie.pl\/sklep\/wp-json\/wp\/v2\/product_brand?post=9234"},{"taxonomy":"product_cat","embeddable":true,"href":"https:\/\/www.strzodowie.pl\/sklep\/wp-json\/wp\/v2\/product_cat?post=9234"},{"taxonomy":"product_tag","embeddable":true,"href":"https:\/\/www.strzodowie.pl\/sklep\/wp-json\/wp\/v2\/product_tag?post=9234"}],"curies":[{"name":"wp","href":"https:\/\/api.w.org\/{rel}","templated":true}]}}