{"id":9231,"date":"2026-02-24T13:12:09","date_gmt":"2026-02-24T12:12:09","guid":{"rendered":"https:\/\/www.strzodowie.pl\/sklep\/?post_type=product&#038;p=9231"},"modified":"2026-02-24T13:13:09","modified_gmt":"2026-02-24T12:13:09","slug":"emporio-armani-ea4258","status":"publish","type":"product","link":"https:\/\/www.strzodowie.pl\/sklep\/product\/emporio-armani-ea4258\/","title":{"rendered":"Emporio Armani EA4258"},"content":{"rendered":"<h3 data-start=\"0\" data-end=\"45\"><strong data-start=\"4\" data-end=\"45\"><span class=\"inline align-baseline\"><span class=\"whitespace-normal\"><span class=\"hover:entity-accent entity-underline cursor-pointer\">Emporio Armani EA4258 50011W<\/span><\/span><\/span><\/strong><\/h3>\n<p data-start=\"47\" data-end=\"336\">Model EA4258 50011W to designerska oprawa korekcyjna z magnetyczn\u0105 nak\u0142adk\u0105 przeciws\u0142oneczn\u0105. Harmonijne proporcje i mocna, geometryczna linia frontu nadaj\u0105 jej nowoczesnego i zdecydowanego charakteru, zachowuj\u0105c przy tym elegancj\u0119 i komfort noszenia.<\/p>\n<p data-start=\"338\" data-end=\"582\"><strong data-start=\"338\" data-end=\"358\">Dane techniczne:<\/strong><br data-start=\"358\" data-end=\"361\" \/>\u2022 Soczewka: <strong data-start=\"373\" data-end=\"390\">54 mm \/ 56 mm<\/strong><br data-start=\"390\" data-end=\"393\" \/>\u2022 Mostek: <strong data-start=\"403\" data-end=\"412\">17 mm<\/strong><br data-start=\"412\" data-end=\"415\" \/>\u2022 Zausznik: <strong data-start=\"427\" data-end=\"437\">145 mm<\/strong><br data-start=\"437\" data-end=\"440\" \/>\u2022 Materia\u0142: plastik<br data-start=\"459\" data-end=\"462\" \/>\u2022 Rodzaj oprawy: pe\u0142na<br data-start=\"484\" data-end=\"487\" \/>\u2022 Funkcja: okulary korekcyjne z nak\u0142adk\u0105 przeciws\u0142oneczn\u0105<\/p>\n<p data-start=\"584\" data-end=\"742\"><strong data-start=\"584\" data-end=\"624\">Dlaczego warto wybra\u0107 EA4258 50011W?<\/strong><br data-start=\"624\" data-end=\"627\" \/>\u2022 Stylowy, nowoczesny kszta\u0142t<br data-start=\"656\" data-end=\"659\" \/>\u2022 Funkcjonalna nak\u0142adka przeciws\u0142oneczna<br data-start=\"699\" data-end=\"702\" \/>\u2022 Lekka konstrukcja i komfort noszenia<\/p>\n","protected":false},"excerpt":{"rendered":"<p>Emporio Armani EA4258 50011W Model EA4258 50011W to designerska oprawa korekcyjna z magnetyczn\u0105 nak\u0142adk\u0105 przeciws\u0142oneczn\u0105. Harmonijne proporcje i mocna, geometryczna linia frontu nadaj\u0105 jej nowoczesnego i zdecydowanego charakteru, zachowuj\u0105c przy tym elegancj\u0119 i komfort noszenia. Dane techniczne:\u2022 Soczewka: 54 mm \/ 56 mm\u2022 Mostek: 17 mm\u2022 Zausznik: 145 mm\u2022 Materia\u0142: plastik\u2022 Rodzaj oprawy: pe\u0142na\u2022 Funkcja: [&hellip;]<\/p>\n","protected":false},"featured_media":9233,"comment_status":"open","ping_status":"closed","template":"","meta":{"_acf_changed":false},"product_brand":[561],"product_cat":[50],"product_tag":[559,214,558,560,544,388,541,227,378,547],"class_list":{"0":"post-9231","1":"product","2":"type-product","3":"status-publish","4":"has-post-thumbnail","6":"product_brand-emporio-armani","7":"product_cat-okulary-korekcyjne","8":"product_tag-clip-on","9":"product_tag-eleganckie","10":"product_tag-esignerskie","11":"product_tag-everyday","12":"product_tag-komfortowe","13":"product_tag-lekka-konstrukcja","14":"product_tag-modne","15":"product_tag-pelna-oprawa","16":"product_tag-unisex","17":"product_tag-uv-ochrona","19":"first","20":"onbackorder","21":"shipping-taxable","22":"purchasable","23":"product-type-simple"},"acf":[],"_links":{"self":[{"href":"https:\/\/www.strzodowie.pl\/sklep\/wp-json\/wp\/v2\/product\/9231","targetHints":{"allow":["GET"]}}],"collection":[{"href":"https:\/\/www.strzodowie.pl\/sklep\/wp-json\/wp\/v2\/product"}],"about":[{"href":"https:\/\/www.strzodowie.pl\/sklep\/wp-json\/wp\/v2\/types\/product"}],"replies":[{"embeddable":true,"href":"https:\/\/www.strzodowie.pl\/sklep\/wp-json\/wp\/v2\/comments?post=9231"}],"wp:featuredmedia":[{"embeddable":true,"href":"https:\/\/www.strzodowie.pl\/sklep\/wp-json\/wp\/v2\/media\/9233"}],"wp:attachment":[{"href":"https:\/\/www.strzodowie.pl\/sklep\/wp-json\/wp\/v2\/media?parent=9231"}],"wp:term":[{"taxonomy":"product_brand","embeddable":true,"href":"https:\/\/www.strzodowie.pl\/sklep\/wp-json\/wp\/v2\/product_brand?post=9231"},{"taxonomy":"product_cat","embeddable":true,"href":"https:\/\/www.strzodowie.pl\/sklep\/wp-json\/wp\/v2\/product_cat?post=9231"},{"taxonomy":"product_tag","embeddable":true,"href":"https:\/\/www.strzodowie.pl\/sklep\/wp-json\/wp\/v2\/product_tag?post=9231"}],"curies":[{"name":"wp","href":"https:\/\/api.w.org\/{rel}","templated":true}]}}