{"id":9227,"date":"2026-02-24T12:01:13","date_gmt":"2026-02-24T11:01:13","guid":{"rendered":"https:\/\/www.strzodowie.pl\/sklep\/?post_type=product&#038;p=9227"},"modified":"2026-02-24T12:01:13","modified_gmt":"2026-02-24T11:01:13","slug":"dutz-ds-040","status":"publish","type":"product","link":"https:\/\/www.strzodowie.pl\/sklep\/product\/dutz-ds-040\/","title":{"rendered":"DUTZ DS 040"},"content":{"rendered":"<h3 data-start=\"1886\" data-end=\"1907\">DUTZ DS 040 C55<\/h3>\n<p data-start=\"1909\" data-end=\"2066\">Model DS 040 C55 to wyrazista, nowoczesna forma z mocniejsz\u0105 lini\u0105 frontu. Charakter oprawy podkre\u015bla indywidualny styl, zachowuj\u0105c przy tym wygod\u0119 noszenia.<\/p>\n<p data-start=\"2068\" data-end=\"2196\"><strong data-start=\"2068\" data-end=\"2088\">Dane techniczne:<\/strong><br data-start=\"2088\" data-end=\"2091\" \/>\u2022 Soczewka: 55 mm<br data-start=\"2108\" data-end=\"2111\" \/>\u2022 Mostek: 18 mm<br data-start=\"2126\" data-end=\"2129\" \/>\u2022 Zausznik: 150 mm<br data-start=\"2147\" data-end=\"2150\" \/>\u2022 Materia\u0142: acetate<br data-start=\"2169\" data-end=\"2172\" \/>\u2022 Rodzaj oprawy: pe\u0142na<\/p>\n<p data-start=\"2198\" data-end=\"2320\"><strong data-start=\"2198\" data-end=\"2235\">Dlaczego warto wybra\u0107 DS 040 C55?<\/strong><br data-start=\"2235\" data-end=\"2238\" \/>\u2022 Zdecydowany, modowy charakter<br data-start=\"2269\" data-end=\"2272\" \/>\u2022 Stabilne dopasowanie<br data-start=\"2294\" data-end=\"2297\" \/>\u2022 Komfort u\u017cytkowania<\/p>\n","protected":false},"excerpt":{"rendered":"<p>DUTZ DS 040 C55 Model DS 040 C55 to wyrazista, nowoczesna forma z mocniejsz\u0105 lini\u0105 frontu. Charakter oprawy podkre\u015bla indywidualny styl, zachowuj\u0105c przy tym wygod\u0119 noszenia. Dane techniczne:\u2022 Soczewka: 55 mm\u2022 Mostek: 18 mm\u2022 Zausznik: 150 mm\u2022 Materia\u0142: acetate\u2022 Rodzaj oprawy: pe\u0142na Dlaczego warto wybra\u0107 DS 040 C55?\u2022 Zdecydowany, modowy charakter\u2022 Stabilne dopasowanie\u2022 Komfort u\u017cytkowania<\/p>\n","protected":false},"featured_media":9228,"comment_status":"open","ping_status":"closed","template":"","meta":{"_acf_changed":false},"product_brand":[514],"product_cat":[51],"product_tag":[539,542,541,150,546,549,378,547,550,555],"class_list":{"0":"post-9227","1":"product","2":"type-product","3":"status-publish","4":"has-post-thumbnail","6":"product_brand-dutz","7":"product_cat-okulary-przeciwsloneczne","8":"product_tag-acetate","9":"product_tag-designerskie","10":"product_tag-modne","11":"product_tag-okulary-przeciwsloneczne","12":"product_tag-pelne","13":"product_tag-stylowe","14":"product_tag-unisex","15":"product_tag-uv-ochrona","16":"product_tag-wygodne","17":"product_tag-wyraziste","19":"first","20":"onbackorder","21":"shipping-taxable","22":"purchasable","23":"product-type-simple"},"acf":[],"_links":{"self":[{"href":"https:\/\/www.strzodowie.pl\/sklep\/wp-json\/wp\/v2\/product\/9227","targetHints":{"allow":["GET"]}}],"collection":[{"href":"https:\/\/www.strzodowie.pl\/sklep\/wp-json\/wp\/v2\/product"}],"about":[{"href":"https:\/\/www.strzodowie.pl\/sklep\/wp-json\/wp\/v2\/types\/product"}],"replies":[{"embeddable":true,"href":"https:\/\/www.strzodowie.pl\/sklep\/wp-json\/wp\/v2\/comments?post=9227"}],"wp:featuredmedia":[{"embeddable":true,"href":"https:\/\/www.strzodowie.pl\/sklep\/wp-json\/wp\/v2\/media\/9228"}],"wp:attachment":[{"href":"https:\/\/www.strzodowie.pl\/sklep\/wp-json\/wp\/v2\/media?parent=9227"}],"wp:term":[{"taxonomy":"product_brand","embeddable":true,"href":"https:\/\/www.strzodowie.pl\/sklep\/wp-json\/wp\/v2\/product_brand?post=9227"},{"taxonomy":"product_cat","embeddable":true,"href":"https:\/\/www.strzodowie.pl\/sklep\/wp-json\/wp\/v2\/product_cat?post=9227"},{"taxonomy":"product_tag","embeddable":true,"href":"https:\/\/www.strzodowie.pl\/sklep\/wp-json\/wp\/v2\/product_tag?post=9227"}],"curies":[{"name":"wp","href":"https:\/\/api.w.org\/{rel}","templated":true}]}}