{"id":9205,"date":"2026-02-24T11:42:40","date_gmt":"2026-02-24T10:42:40","guid":{"rendered":"https:\/\/www.strzodowie.pl\/sklep\/?post_type=product&#038;p=9205"},"modified":"2026-02-24T11:42:40","modified_gmt":"2026-02-24T10:42:40","slug":"dutz-ds-028","status":"publish","type":"product","link":"https:\/\/www.strzodowie.pl\/sklep\/product\/dutz-ds-028\/","title":{"rendered":"DUTZ DS 028"},"content":{"rendered":"<h3 data-start=\"714\" data-end=\"735\">DUTZ DS 028 C15<\/h3>\n<p data-start=\"737\" data-end=\"881\">Model DS 028 C15 to minimalistyczna forma z delikatnie zaakcentowan\u0105 lini\u0105 brwiow\u0105. Elegancki charakter \u0142\u0105czy si\u0119 tu z nowoczesnym wyko\u0144czeniem.<\/p>\n<p data-start=\"883\" data-end=\"1011\"><strong data-start=\"883\" data-end=\"903\">Dane techniczne:<\/strong><br data-start=\"903\" data-end=\"906\" \/>\u2022 Soczewka: 53 mm<br data-start=\"923\" data-end=\"926\" \/>\u2022 Mostek: 19 mm<br data-start=\"941\" data-end=\"944\" \/>\u2022 Zausznik: 150 mm<br data-start=\"962\" data-end=\"965\" \/>\u2022 Materia\u0142: acetate<br data-start=\"984\" data-end=\"987\" \/>\u2022 Rodzaj oprawy: pe\u0142na<\/p>\n<p data-start=\"1013\" data-end=\"1143\"><strong data-start=\"1013\" data-end=\"1050\">Dlaczego warto wybra\u0107 DS 028 C15?<\/strong><br data-start=\"1050\" data-end=\"1053\" \/>\u2022 Subtelny, nowoczesny design<br data-start=\"1082\" data-end=\"1085\" \/>\u2022 Uniwersalna stylistyka<br data-start=\"1109\" data-end=\"1112\" \/>\u2022 Wygoda codziennego noszenia<\/p>\n","protected":false},"excerpt":{"rendered":"<p>DUTZ DS 028 C15 Model DS 028 C15 to minimalistyczna forma z delikatnie zaakcentowan\u0105 lini\u0105 brwiow\u0105. Elegancki charakter \u0142\u0105czy si\u0119 tu z nowoczesnym wyko\u0144czeniem. Dane techniczne:\u2022 Soczewka: 53 mm\u2022 Mostek: 19 mm\u2022 Zausznik: 150 mm\u2022 Materia\u0142: acetate\u2022 Rodzaj oprawy: pe\u0142na Dlaczego warto wybra\u0107 DS 028 C15?\u2022 Subtelny, nowoczesny design\u2022 Uniwersalna stylistyka\u2022 Wygoda codziennego noszenia<\/p>\n","protected":false},"featured_media":9206,"comment_status":"open","ping_status":"closed","template":"","meta":{"_acf_changed":false},"product_brand":[514],"product_cat":[51],"product_tag":[539,552,543,556,541,150,227,549,378,547],"class_list":{"0":"post-9205","1":"product","2":"type-product","3":"status-publish","4":"has-post-thumbnail","6":"product_brand-dutz","7":"product_cat-okulary-przeciwsloneczne","8":"product_tag-acetate","9":"product_tag-casual","10":"product_tag-lekkie","11":"product_tag-minimalistyczne","12":"product_tag-modne","13":"product_tag-okulary-przeciwsloneczne","14":"product_tag-pelna-oprawa","15":"product_tag-stylowe","16":"product_tag-unisex","17":"product_tag-uv-ochrona","19":"first","20":"onbackorder","21":"shipping-taxable","22":"purchasable","23":"product-type-simple"},"acf":[],"_links":{"self":[{"href":"https:\/\/www.strzodowie.pl\/sklep\/wp-json\/wp\/v2\/product\/9205","targetHints":{"allow":["GET"]}}],"collection":[{"href":"https:\/\/www.strzodowie.pl\/sklep\/wp-json\/wp\/v2\/product"}],"about":[{"href":"https:\/\/www.strzodowie.pl\/sklep\/wp-json\/wp\/v2\/types\/product"}],"replies":[{"embeddable":true,"href":"https:\/\/www.strzodowie.pl\/sklep\/wp-json\/wp\/v2\/comments?post=9205"}],"wp:featuredmedia":[{"embeddable":true,"href":"https:\/\/www.strzodowie.pl\/sklep\/wp-json\/wp\/v2\/media\/9206"}],"wp:attachment":[{"href":"https:\/\/www.strzodowie.pl\/sklep\/wp-json\/wp\/v2\/media?parent=9205"}],"wp:term":[{"taxonomy":"product_brand","embeddable":true,"href":"https:\/\/www.strzodowie.pl\/sklep\/wp-json\/wp\/v2\/product_brand?post=9205"},{"taxonomy":"product_cat","embeddable":true,"href":"https:\/\/www.strzodowie.pl\/sklep\/wp-json\/wp\/v2\/product_cat?post=9205"},{"taxonomy":"product_tag","embeddable":true,"href":"https:\/\/www.strzodowie.pl\/sklep\/wp-json\/wp\/v2\/product_tag?post=9205"}],"curies":[{"name":"wp","href":"https:\/\/api.w.org\/{rel}","templated":true}]}}