{"id":8825,"date":"2026-01-09T13:21:29","date_gmt":"2026-01-09T12:21:29","guid":{"rendered":"https:\/\/www.strzodowie.pl\/sklep\/?post_type=product&#038;p=8825"},"modified":"2026-02-04T12:40:33","modified_gmt":"2026-02-04T11:40:33","slug":"dz2342","status":"publish","type":"product","link":"https:\/\/www.strzodowie.pl\/sklep\/product\/dz2342\/","title":{"rendered":"DZ2342"},"content":{"rendered":"<h2 data-start=\"3585\" data-end=\"3605\">DUTZ DZ2342 c75<\/h2>\n<p data-start=\"3632\" data-end=\"3801\">Model <strong data-start=\"3638\" data-end=\"3652\">DZ2342 c75<\/strong> to po\u0142\u0105czenie nowoczesnej formy z klasyczn\u0105 elegancj\u0105. Wyra\u017ana linia oprawy nadaje charakteru, jednocze\u015bnie zachowuj\u0105c lekko\u015b\u0107 i wygod\u0119 u\u017cytkowania.<\/p>\n<p data-start=\"3803\" data-end=\"3930\"><strong data-start=\"3803\" data-end=\"3823\">Dane techniczne:<\/strong><br data-start=\"3823\" data-end=\"3826\" \/>\u2022 Soczewka: 51 mm<br data-start=\"3843\" data-end=\"3846\" \/>\u2022 Mostek: 18 mm<br data-start=\"3861\" data-end=\"3864\" \/>\u2022 Zausznik: 145 mm<br data-start=\"3882\" data-end=\"3885\" \/>\u2022 Materia\u0142: metal<br data-start=\"3903\" data-end=\"3906\" \/>\u2022 Rodzaj oprawy: pe\u0142na<\/p>\n<p data-start=\"3932\" data-end=\"4056\"><strong data-start=\"3932\" data-end=\"3969\">Dlaczego warto wybra\u0107 DZ2342 c75?<\/strong><br data-start=\"3969\" data-end=\"3972\" \/>\u2022 Stylowa, wywa\u017cona forma<br data-start=\"3997\" data-end=\"4000\" \/>\u2022 Uniwersalne dopasowanie<br data-start=\"4025\" data-end=\"4028\" \/>\u2022 Komfort przez ca\u0142y dzie\u0144<\/p>\n","protected":false},"excerpt":{"rendered":"<p>DUTZ DZ2342 c75 Model DZ2342 c75 to po\u0142\u0105czenie nowoczesnej formy z klasyczn\u0105 elegancj\u0105. Wyra\u017ana linia oprawy nadaje charakteru, jednocze\u015bnie zachowuj\u0105c lekko\u015b\u0107 i wygod\u0119 u\u017cytkowania. Dane techniczne:\u2022 Soczewka: 51 mm\u2022 Mostek: 18 mm\u2022 Zausznik: 145 mm\u2022 Materia\u0142: metal\u2022 Rodzaj oprawy: pe\u0142na Dlaczego warto wybra\u0107 DZ2342 c75?\u2022 Stylowa, wywa\u017cona forma\u2022 Uniwersalne dopasowanie\u2022 Komfort przez ca\u0142y dzie\u0144<\/p>\n","protected":false},"featured_media":9070,"comment_status":"open","ping_status":"closed","template":"","meta":{"_acf_changed":false},"product_brand":[514],"product_cat":[50],"product_tag":[343,369,332,534,516,521,155,517,515,525],"class_list":{"0":"post-8825","1":"product","2":"type-product","3":"status-publish","4":"has-post-thumbnail","6":"product_brand-dutz","7":"product_cat-okulary-korekcyjne","8":"product_tag-codzienne-okulary","9":"product_tag-klasyczny-design","10":"product_tag-komfort-noszenia","11":"product_tag-nowoczesna-elegancja","12":"product_tag-okulary-dutz","13":"product_tag-okulary-pelne","14":"product_tag-okulary-unisex","15":"product_tag-oprawki-acetatowe","16":"product_tag-oprawy-korekcyjne","17":"product_tag-styl-miejski","19":"first","20":"instock","21":"shipping-taxable","22":"purchasable","23":"product-type-simple"},"acf":[],"_links":{"self":[{"href":"https:\/\/www.strzodowie.pl\/sklep\/wp-json\/wp\/v2\/product\/8825","targetHints":{"allow":["GET"]}}],"collection":[{"href":"https:\/\/www.strzodowie.pl\/sklep\/wp-json\/wp\/v2\/product"}],"about":[{"href":"https:\/\/www.strzodowie.pl\/sklep\/wp-json\/wp\/v2\/types\/product"}],"replies":[{"embeddable":true,"href":"https:\/\/www.strzodowie.pl\/sklep\/wp-json\/wp\/v2\/comments?post=8825"}],"wp:featuredmedia":[{"embeddable":true,"href":"https:\/\/www.strzodowie.pl\/sklep\/wp-json\/wp\/v2\/media\/9070"}],"wp:attachment":[{"href":"https:\/\/www.strzodowie.pl\/sklep\/wp-json\/wp\/v2\/media?parent=8825"}],"wp:term":[{"taxonomy":"product_brand","embeddable":true,"href":"https:\/\/www.strzodowie.pl\/sklep\/wp-json\/wp\/v2\/product_brand?post=8825"},{"taxonomy":"product_cat","embeddable":true,"href":"https:\/\/www.strzodowie.pl\/sklep\/wp-json\/wp\/v2\/product_cat?post=8825"},{"taxonomy":"product_tag","embeddable":true,"href":"https:\/\/www.strzodowie.pl\/sklep\/wp-json\/wp\/v2\/product_tag?post=8825"}],"curies":[{"name":"wp","href":"https:\/\/api.w.org\/{rel}","templated":true}]}}