{"id":8751,"date":"2025-12-16T08:54:48","date_gmt":"2025-12-16T07:54:48","guid":{"rendered":"https:\/\/www.strzodowie.pl\/sklep\/?post_type=product&#038;p=8751"},"modified":"2026-01-28T10:32:52","modified_gmt":"2026-01-28T09:32:52","slug":"naples-diva-nd01","status":"publish","type":"product","link":"https:\/\/www.strzodowie.pl\/sklep\/product\/naples-diva-nd01\/","title":{"rendered":"Naples Diva ND01"},"content":{"rendered":"<h2 data-start=\"1329\" data-end=\"1406\"><strong data-start=\"1332\" data-end=\"1406\">Original Vintage Sunglasses \u2013 Naples Diva ND01 Havana Gold<\/strong><\/h2>\n<p data-start=\"1408\" data-end=\"1661\">Model <strong data-start=\"1414\" data-end=\"1446\">Naples Diva ND01 Havana Gold<\/strong> to eleganckie oprawki o mi\u0119kkim, kobiecym kszta\u0142cie. Po\u0142\u0105czenie klasycznej havany z delikatnymi z\u0142otymi akcentami nadaje im luksusowego, \u015br\u00f3dziemnomorskiego charakteru inspirowanego w\u0142oskim stylem.<\/p>\n<p data-start=\"1663\" data-end=\"1885\"><strong data-start=\"1663\" data-end=\"1683\">Dane techniczne:<\/strong><br data-start=\"1683\" data-end=\"1686\" \/>\u2022 Szeroko\u015b\u0107 soczewki: 53 mm<br data-start=\"1713\" data-end=\"1716\" \/>\u2022 Szeroko\u015b\u0107 mostka: 21 mm<br data-start=\"1741\" data-end=\"1744\" \/>\u2022 D\u0142ugo\u015b\u0107 zausznika: 148 mm<br data-start=\"1771\" data-end=\"1774\" \/>\u2022 Materia\u0142 oprawy: acetat<br data-start=\"1799\" data-end=\"1802\" \/>\u2022 Kolor oprawy: Havana \/ Gold<br data-start=\"1831\" data-end=\"1834\" \/>\u2022 Rodzaj oprawy: pe\u0142na<br data-start=\"1856\" data-end=\"1859\" \/>\u2022 Produkcja: Made in Italy<\/p>\n<p data-start=\"1887\" data-end=\"2111\"><strong data-start=\"1887\" data-end=\"1936\">Dlaczego warto wybra\u0107 model ND01 Havana Gold?<\/strong><br data-start=\"1936\" data-end=\"1939\" \/>\u2022 Kobiecy, elegancki design.<br data-start=\"1967\" data-end=\"1970\" \/>\u2022 Klasyczna havana ze z\u0142otymi detalami.<br data-start=\"2009\" data-end=\"2012\" \/>\u2022 Styl inspirowany po\u0142udniem W\u0142och.<br data-start=\"2047\" data-end=\"2050\" \/>\u2022 Komfortowe dopasowanie.<br data-start=\"2075\" data-end=\"2078\" \/>\u2022 R\u0119czne wykonanie Made in Italy.<\/p>\n","protected":false},"excerpt":{"rendered":"<p>Original Vintage Sunglasses \u2013 Naples Diva ND01 Havana Gold Model Naples Diva ND01 Havana Gold to eleganckie oprawki o mi\u0119kkim, kobiecym kszta\u0142cie. Po\u0142\u0105czenie klasycznej havany z delikatnymi z\u0142otymi akcentami nadaje im luksusowego, \u015br\u00f3dziemnomorskiego charakteru inspirowanego w\u0142oskim stylem. Dane techniczne:\u2022 Szeroko\u015b\u0107 soczewki: 53 mm\u2022 Szeroko\u015b\u0107 mostka: 21 mm\u2022 D\u0142ugo\u015b\u0107 zausznika: 148 mm\u2022 Materia\u0142 oprawy: acetat\u2022 Kolor [&hellip;]<\/p>\n","protected":false},"featured_media":9009,"comment_status":"open","ping_status":"closed","template":"","meta":{"_acf_changed":false},"product_brand":[477],"product_cat":[50],"product_tag":[174,362,486,483,484,485,478,487,488],"class_list":{"0":"post-8751","1":"product","2":"type-product","3":"status-publish","4":"has-post-thumbnail","6":"product_brand-original-vintage-sunglasses","7":"product_cat-okulary-korekcyjne","8":"product_tag-acetat","9":"product_tag-eleganckie-oprawki","10":"product_tag-havana-gold","11":"product_tag-made-in-italy","12":"product_tag-naples-diva","13":"product_tag-nd01","14":"product_tag-original-vintage-sunglasses","15":"product_tag-styl-wloski","16":"product_tag-vintage-luxury","18":"first","19":"instock","20":"shipping-taxable","21":"purchasable","22":"product-type-simple"},"acf":[],"_links":{"self":[{"href":"https:\/\/www.strzodowie.pl\/sklep\/wp-json\/wp\/v2\/product\/8751","targetHints":{"allow":["GET"]}}],"collection":[{"href":"https:\/\/www.strzodowie.pl\/sklep\/wp-json\/wp\/v2\/product"}],"about":[{"href":"https:\/\/www.strzodowie.pl\/sklep\/wp-json\/wp\/v2\/types\/product"}],"replies":[{"embeddable":true,"href":"https:\/\/www.strzodowie.pl\/sklep\/wp-json\/wp\/v2\/comments?post=8751"}],"wp:featuredmedia":[{"embeddable":true,"href":"https:\/\/www.strzodowie.pl\/sklep\/wp-json\/wp\/v2\/media\/9009"}],"wp:attachment":[{"href":"https:\/\/www.strzodowie.pl\/sklep\/wp-json\/wp\/v2\/media?parent=8751"}],"wp:term":[{"taxonomy":"product_brand","embeddable":true,"href":"https:\/\/www.strzodowie.pl\/sklep\/wp-json\/wp\/v2\/product_brand?post=8751"},{"taxonomy":"product_cat","embeddable":true,"href":"https:\/\/www.strzodowie.pl\/sklep\/wp-json\/wp\/v2\/product_cat?post=8751"},{"taxonomy":"product_tag","embeddable":true,"href":"https:\/\/www.strzodowie.pl\/sklep\/wp-json\/wp\/v2\/product_tag?post=8751"}],"curies":[{"name":"wp","href":"https:\/\/api.w.org\/{rel}","templated":true}]}}