{"id":8747,"date":"2025-12-16T08:48:55","date_gmt":"2025-12-16T07:48:55","guid":{"rendered":"https:\/\/www.strzodowie.pl\/sklep\/?post_type=product&#038;p=8747"},"modified":"2026-01-28T10:32:52","modified_gmt":"2026-01-28T09:32:52","slug":"zero81-club-zc01","status":"publish","type":"product","link":"https:\/\/www.strzodowie.pl\/sklep\/product\/zero81-club-zc01\/","title":{"rendered":"Zero81 Club ZC01"},"content":{"rendered":"<h2 data-start=\"345\" data-end=\"418\"><strong data-start=\"348\" data-end=\"418\">Original Vintage Sunglasses \u2013 Zero81 Club ZC01 Tabacco\u00a0<\/strong><\/h2>\n<p data-start=\"420\" data-end=\"703\">Model <strong data-start=\"426\" data-end=\"454\">Zero81 Club ZC01 Tabacco<\/strong> to klasyczne, inspirowane estetyk\u0105 vintage oprawki przeciws\u0142oneczne o wyrazistym, prostok\u0105tnym kszta\u0142cie. Ciep\u0142y odcie\u0144 tabacco nadaje im elegancji i ponadczasowego charakteru. To model stworzony dla os\u00f3b ceni\u0105cych styl retro w nowoczesnym wydaniu.<\/p>\n<p data-start=\"705\" data-end=\"921\"><strong data-start=\"705\" data-end=\"725\">Dane techniczne:<\/strong><br data-start=\"725\" data-end=\"728\" \/>\u2022 Szeroko\u015b\u0107 soczewki: 56 mm<br data-start=\"755\" data-end=\"758\" \/>\u2022 Szeroko\u015b\u0107 mostka: 16 mm<br data-start=\"783\" data-end=\"786\" \/>\u2022 D\u0142ugo\u015b\u0107 zausznika: 148 mm<br data-start=\"813\" data-end=\"816\" \/>\u2022 Materia\u0142 oprawy: acetat<br data-start=\"841\" data-end=\"844\" \/>\u2022 Kolor oprawy: Tabacco<br data-start=\"867\" data-end=\"870\" \/>\u2022 Rodzaj oprawy: pe\u0142na<br data-start=\"892\" data-end=\"895\" \/>\u2022 Produkcja: Made in Italy<\/p>\n<p data-start=\"923\" data-end=\"1154\"><strong data-start=\"923\" data-end=\"968\">Dlaczego warto wybra\u0107 model ZC01 Tabacco?<\/strong><br data-start=\"968\" data-end=\"971\" \/>\u2022 Klasyczny, m\u0119ski styl vintage.<br data-start=\"1003\" data-end=\"1006\" \/>\u2022 Elegancka kolorystyka tabacco.<br data-start=\"1038\" data-end=\"1041\" \/>\u2022 Wysokiej jako\u015bci w\u0142oski acetat.<br data-start=\"1074\" data-end=\"1077\" \/>\u2022 Komfortowe proporcje i stabilno\u015b\u0107.<br data-start=\"1113\" data-end=\"1116\" \/>\u2022 Autentyczne rzemios\u0142o Made in Italy.<\/p>\n","protected":false},"excerpt":{"rendered":"<p>Original Vintage Sunglasses \u2013 Zero81 Club ZC01 Tabacco\u00a0 Model Zero81 Club ZC01 Tabacco to klasyczne, inspirowane estetyk\u0105 vintage oprawki przeciws\u0142oneczne o wyrazistym, prostok\u0105tnym kszta\u0142cie. Ciep\u0142y odcie\u0144 tabacco nadaje im elegancji i ponadczasowego charakteru. To model stworzony dla os\u00f3b ceni\u0105cych styl retro w nowoczesnym wydaniu. Dane techniczne:\u2022 Szeroko\u015b\u0107 soczewki: 56 mm\u2022 Szeroko\u015b\u0107 mostka: 16 mm\u2022 D\u0142ugo\u015b\u0107 [&hellip;]<\/p>\n","protected":false},"featured_media":9010,"comment_status":"open","ping_status":"closed","template":"","meta":{"_acf_changed":false},"product_brand":[477],"product_cat":[70,51],"product_tag":[174,385,483,150,478,381,482,481,480,479],"class_list":{"0":"post-8747","1":"product","2":"type-product","3":"status-publish","4":"has-post-thumbnail","6":"product_brand-original-vintage-sunglasses","7":"product_cat-modne","8":"product_cat-okulary-przeciwsloneczne","9":"product_tag-acetat","10":"product_tag-klasyczne-oprawki","11":"product_tag-made-in-italy","12":"product_tag-okulary-przeciwsloneczne","13":"product_tag-original-vintage-sunglasses","14":"product_tag-premium-eyewear","15":"product_tag-styl-vintage","16":"product_tag-tabacco","17":"product_tag-zc01","18":"product_tag-zero81-club","20":"first","21":"instock","22":"shipping-taxable","23":"purchasable","24":"product-type-simple"},"acf":[],"_links":{"self":[{"href":"https:\/\/www.strzodowie.pl\/sklep\/wp-json\/wp\/v2\/product\/8747","targetHints":{"allow":["GET"]}}],"collection":[{"href":"https:\/\/www.strzodowie.pl\/sklep\/wp-json\/wp\/v2\/product"}],"about":[{"href":"https:\/\/www.strzodowie.pl\/sklep\/wp-json\/wp\/v2\/types\/product"}],"replies":[{"embeddable":true,"href":"https:\/\/www.strzodowie.pl\/sklep\/wp-json\/wp\/v2\/comments?post=8747"}],"wp:featuredmedia":[{"embeddable":true,"href":"https:\/\/www.strzodowie.pl\/sklep\/wp-json\/wp\/v2\/media\/9010"}],"wp:attachment":[{"href":"https:\/\/www.strzodowie.pl\/sklep\/wp-json\/wp\/v2\/media?parent=8747"}],"wp:term":[{"taxonomy":"product_brand","embeddable":true,"href":"https:\/\/www.strzodowie.pl\/sklep\/wp-json\/wp\/v2\/product_brand?post=8747"},{"taxonomy":"product_cat","embeddable":true,"href":"https:\/\/www.strzodowie.pl\/sklep\/wp-json\/wp\/v2\/product_cat?post=8747"},{"taxonomy":"product_tag","embeddable":true,"href":"https:\/\/www.strzodowie.pl\/sklep\/wp-json\/wp\/v2\/product_tag?post=8747"}],"curies":[{"name":"wp","href":"https:\/\/api.w.org\/{rel}","templated":true}]}}