{"id":8739,"date":"2025-12-02T16:28:27","date_gmt":"2025-12-02T15:28:27","guid":{"rendered":"https:\/\/www.strzodowie.pl\/sklep\/?post_type=product&#038;p=8739"},"modified":"2026-02-04T14:11:22","modified_gmt":"2026-02-04T13:11:22","slug":"nenu-f020","status":"publish","type":"product","link":"https:\/\/www.strzodowie.pl\/sklep\/product\/nenu-f020\/","title":{"rendered":"N\u00e9nu F020"},"content":{"rendered":"<h1 data-start=\"6220\" data-end=\"6253\"><strong data-start=\"6222\" data-end=\"6253\">N\u00e9nu F020 c.316\u00a0<\/strong><\/h1>\n<p data-start=\"6255\" data-end=\"6382\">Model <strong data-start=\"6261\" data-end=\"6275\">F020 c.316<\/strong> to eleganckie oprawki o mi\u0119kkiej, delikatnie geometrycznej linii. Modne, uniwersalne i niezwykle twarzowe.<\/p>\n<h3 data-start=\"6384\" data-end=\"6410\"><strong data-start=\"6388\" data-end=\"6408\">Dane techniczne:<\/strong><\/h3>\n<p data-start=\"6411\" data-end=\"6542\">\u2022 Szeroko\u015b\u0107 soczewki: 54 mm<br data-start=\"6438\" data-end=\"6441\" \/>\u2022 Szeroko\u015b\u0107 mostka: 18 mm<br data-start=\"6466\" data-end=\"6469\" \/>\u2022 D\u0142ugo\u015b\u0107 zausznika: 140 mm<br data-start=\"6496\" data-end=\"6499\" \/>\u2022 Materia\u0142: acetat<br data-start=\"6517\" data-end=\"6520\" \/>\u2022 Rodzaj oprawy: pe\u0142na<\/p>\n<h3 data-start=\"6544\" data-end=\"6587\"><strong data-start=\"6548\" data-end=\"6585\">Dlaczego warto wybra\u0107 F020 c.316?<\/strong><\/h3>\n<p data-start=\"6588\" data-end=\"6678\">\u2022 Harmonijna, geometryczna forma.<br data-start=\"6621\" data-end=\"6624\" \/>\u2022 Stylowy, nowoczesny design.<br data-start=\"6653\" data-end=\"6656\" \/>\u2022 Komfortowe noszenie.<\/p>\n","protected":false},"excerpt":{"rendered":"<p>N\u00e9nu F020 c.316\u00a0 Model F020 c.316 to eleganckie oprawki o mi\u0119kkiej, delikatnie geometrycznej linii. Modne, uniwersalne i niezwykle twarzowe. Dane techniczne: \u2022 Szeroko\u015b\u0107 soczewki: 54 mm\u2022 Szeroko\u015b\u0107 mostka: 18 mm\u2022 D\u0142ugo\u015b\u0107 zausznika: 140 mm\u2022 Materia\u0142: acetat\u2022 Rodzaj oprawy: pe\u0142na Dlaczego warto wybra\u0107 F020 c.316? \u2022 Harmonijna, geometryczna forma.\u2022 Stylowy, nowoczesny design.\u2022 Komfortowe noszenie.<\/p>\n","protected":false},"featured_media":9102,"comment_status":"open","ping_status":"closed","template":"","meta":{"_acf_changed":false},"product_brand":[452],"product_cat":[50],"product_tag":[174,454,182,475,193,166,453,379,227,466],"class_list":{"0":"post-8739","1":"product","2":"type-product","3":"status-publish","4":"has-post-thumbnail","6":"product_brand-nenu-by-dekoptica","7":"product_cat-okulary-korekcyjne","8":"product_tag-acetat","9":"product_tag-dekoptica","10":"product_tag-elegancki-design","11":"product_tag-f020","12":"product_tag-geometryczne-okulary","13":"product_tag-modne-okulary","14":"product_tag-nenu","15":"product_tag-nowoczesny-styl","16":"product_tag-pelna-oprawa","17":"product_tag-uniwersalne-oprawki","19":"first","20":"onbackorder","21":"shipping-taxable","22":"purchasable","23":"product-type-simple"},"acf":[],"_links":{"self":[{"href":"https:\/\/www.strzodowie.pl\/sklep\/wp-json\/wp\/v2\/product\/8739","targetHints":{"allow":["GET"]}}],"collection":[{"href":"https:\/\/www.strzodowie.pl\/sklep\/wp-json\/wp\/v2\/product"}],"about":[{"href":"https:\/\/www.strzodowie.pl\/sklep\/wp-json\/wp\/v2\/types\/product"}],"replies":[{"embeddable":true,"href":"https:\/\/www.strzodowie.pl\/sklep\/wp-json\/wp\/v2\/comments?post=8739"}],"wp:featuredmedia":[{"embeddable":true,"href":"https:\/\/www.strzodowie.pl\/sklep\/wp-json\/wp\/v2\/media\/9102"}],"wp:attachment":[{"href":"https:\/\/www.strzodowie.pl\/sklep\/wp-json\/wp\/v2\/media?parent=8739"}],"wp:term":[{"taxonomy":"product_brand","embeddable":true,"href":"https:\/\/www.strzodowie.pl\/sklep\/wp-json\/wp\/v2\/product_brand?post=8739"},{"taxonomy":"product_cat","embeddable":true,"href":"https:\/\/www.strzodowie.pl\/sklep\/wp-json\/wp\/v2\/product_cat?post=8739"},{"taxonomy":"product_tag","embeddable":true,"href":"https:\/\/www.strzodowie.pl\/sklep\/wp-json\/wp\/v2\/product_tag?post=8739"}],"curies":[{"name":"wp","href":"https:\/\/api.w.org\/{rel}","templated":true}]}}