{"id":8732,"date":"2025-12-02T15:24:27","date_gmt":"2025-12-02T14:24:27","guid":{"rendered":"https:\/\/www.strzodowie.pl\/sklep\/?post_type=product&#038;p=8732"},"modified":"2026-02-04T14:10:42","modified_gmt":"2026-02-04T13:10:42","slug":"nenu-f018","status":"publish","type":"product","link":"https:\/\/www.strzodowie.pl\/sklep\/product\/nenu-f018\/","title":{"rendered":"N\u00e9nu F018"},"content":{"rendered":"<h1 data-start=\"4960\" data-end=\"4993\"><strong data-start=\"4962\" data-end=\"4993\">N\u00e9nu F018 c.304<\/strong><\/h1>\n<p data-start=\"4995\" data-end=\"5141\">Model <strong data-start=\"5001\" data-end=\"5015\">F018 c.304<\/strong> to eleganckie oprawki o mi\u0119kkiej, delikatnej kwadratowej formie. Harmonijne proporcje sprawiaj\u0105, \u017ce s\u0105 niezwykle uniwersalne.<\/p>\n<h3 data-start=\"5143\" data-end=\"5169\"><strong data-start=\"5147\" data-end=\"5167\">Dane techniczne:<\/strong><\/h3>\n<p data-start=\"5170\" data-end=\"5301\">\u2022 Szeroko\u015b\u0107 soczewki: 54 mm<br data-start=\"5197\" data-end=\"5200\" \/>\u2022 Szeroko\u015b\u0107 mostka: 18 mm<br data-start=\"5225\" data-end=\"5228\" \/>\u2022 D\u0142ugo\u015b\u0107 zausznika: 140 mm<br data-start=\"5255\" data-end=\"5258\" \/>\u2022 Materia\u0142: acetat<br data-start=\"5276\" data-end=\"5279\" \/>\u2022 Rodzaj oprawy: pe\u0142na<\/p>\n<h3 data-start=\"5303\" data-end=\"5346\"><strong data-start=\"5307\" data-end=\"5344\">Dlaczego warto wybra\u0107 F018 c.304?<\/strong><\/h3>\n<p data-start=\"5347\" data-end=\"5440\">\u2022 Mi\u0119kka kwadratowa forma.<br data-start=\"5373\" data-end=\"5376\" \/>\u2022 Komfortowa, codzienna oprawa.<br data-start=\"5407\" data-end=\"5410\" \/>\u2022 Elegancki, uniwersalny styl.<\/p>\n","protected":false},"excerpt":{"rendered":"<p>N\u00e9nu F018 c.304 Model F018 c.304 to eleganckie oprawki o mi\u0119kkiej, delikatnej kwadratowej formie. Harmonijne proporcje sprawiaj\u0105, \u017ce s\u0105 niezwykle uniwersalne. Dane techniczne: \u2022 Szeroko\u015b\u0107 soczewki: 54 mm\u2022 Szeroko\u015b\u0107 mostka: 18 mm\u2022 D\u0142ugo\u015b\u0107 zausznika: 140 mm\u2022 Materia\u0142: acetat\u2022 Rodzaj oprawy: pe\u0142na Dlaczego warto wybra\u0107 F018 c.304? \u2022 Mi\u0119kka kwadratowa forma.\u2022 Komfortowa, codzienna oprawa.\u2022 Elegancki, uniwersalny [&hellip;]<\/p>\n","protected":false},"featured_media":9100,"comment_status":"open","ping_status":"closed","template":"","meta":{"_acf_changed":false},"product_brand":[452],"product_cat":[50],"product_tag":[174,454,182,471,368,146,453,227,473,472],"class_list":{"0":"post-8732","1":"product","2":"type-product","3":"status-publish","4":"has-post-thumbnail","6":"product_brand-nenu-by-dekoptica","7":"product_cat-okulary-korekcyjne","8":"product_tag-acetat","9":"product_tag-dekoptica","10":"product_tag-elegancki-design","11":"product_tag-f018","12":"product_tag-komfortowe-oprawki","13":"product_tag-kwadratowe-oprawki","14":"product_tag-nenu","15":"product_tag-pelna-oprawa","16":"product_tag-styl-fashion","17":"product_tag-uniwersalne-okulary","19":"first","20":"onbackorder","21":"shipping-taxable","22":"purchasable","23":"product-type-simple"},"acf":[],"_links":{"self":[{"href":"https:\/\/www.strzodowie.pl\/sklep\/wp-json\/wp\/v2\/product\/8732","targetHints":{"allow":["GET"]}}],"collection":[{"href":"https:\/\/www.strzodowie.pl\/sklep\/wp-json\/wp\/v2\/product"}],"about":[{"href":"https:\/\/www.strzodowie.pl\/sklep\/wp-json\/wp\/v2\/types\/product"}],"replies":[{"embeddable":true,"href":"https:\/\/www.strzodowie.pl\/sklep\/wp-json\/wp\/v2\/comments?post=8732"}],"wp:featuredmedia":[{"embeddable":true,"href":"https:\/\/www.strzodowie.pl\/sklep\/wp-json\/wp\/v2\/media\/9100"}],"wp:attachment":[{"href":"https:\/\/www.strzodowie.pl\/sklep\/wp-json\/wp\/v2\/media?parent=8732"}],"wp:term":[{"taxonomy":"product_brand","embeddable":true,"href":"https:\/\/www.strzodowie.pl\/sklep\/wp-json\/wp\/v2\/product_brand?post=8732"},{"taxonomy":"product_cat","embeddable":true,"href":"https:\/\/www.strzodowie.pl\/sklep\/wp-json\/wp\/v2\/product_cat?post=8732"},{"taxonomy":"product_tag","embeddable":true,"href":"https:\/\/www.strzodowie.pl\/sklep\/wp-json\/wp\/v2\/product_tag?post=8732"}],"curies":[{"name":"wp","href":"https:\/\/api.w.org\/{rel}","templated":true}]}}