{"id":8729,"date":"2025-12-02T15:18:30","date_gmt":"2025-12-02T14:18:30","guid":{"rendered":"https:\/\/www.strzodowie.pl\/sklep\/?post_type=product&#038;p=8729"},"modified":"2026-02-04T14:10:23","modified_gmt":"2026-02-04T13:10:23","slug":"nenu-f017","status":"publish","type":"product","link":"https:\/\/www.strzodowie.pl\/sklep\/product\/nenu-f017\/","title":{"rendered":"N\u00e9nu F017"},"content":{"rendered":"<h1 data-start=\"4317\" data-end=\"4350\"><strong data-start=\"4319\" data-end=\"4350\">N\u00e9nu F017 c.324<\/strong><\/h1>\n<p data-start=\"4352\" data-end=\"4494\">Model <strong data-start=\"4358\" data-end=\"4372\">F017 c.324<\/strong> to smuk\u0142e, prostok\u0105tne oprawki o minimalistycznej linii. Lekkie, eleganckie i doskona\u0142e do subtelnego podkre\u015blenia stylu.<\/p>\n<h3 data-start=\"4496\" data-end=\"4522\"><strong data-start=\"4500\" data-end=\"4520\">Dane techniczne:<\/strong><\/h3>\n<p data-start=\"4523\" data-end=\"4654\">\u2022 Szeroko\u015b\u0107 soczewki: 52 mm<br data-start=\"4550\" data-end=\"4553\" \/>\u2022 Szeroko\u015b\u0107 mostka: 16 mm<br data-start=\"4578\" data-end=\"4581\" \/>\u2022 D\u0142ugo\u015b\u0107 zausznika: 140 mm<br data-start=\"4608\" data-end=\"4611\" \/>\u2022 Materia\u0142: acetat<br data-start=\"4629\" data-end=\"4632\" \/>\u2022 Rodzaj oprawy: pe\u0142na<\/p>\n<h3 data-start=\"4656\" data-end=\"4699\"><strong data-start=\"4660\" data-end=\"4697\">Dlaczego warto wybra\u0107 F017 c.324?<\/strong><\/h3>\n<p data-start=\"4700\" data-end=\"4797\">\u2022 Smuk\u0142a, minimalistyczna forma.<br data-start=\"4732\" data-end=\"4735\" \/>\u2022 Idealne do mniejszych twarzy.<br data-start=\"4766\" data-end=\"4769\" \/>\u2022 Klasyczny, elegancki styl.<\/p>\n","protected":false},"excerpt":{"rendered":"<p>N\u00e9nu F017 c.324 Model F017 c.324 to smuk\u0142e, prostok\u0105tne oprawki o minimalistycznej linii. Lekkie, eleganckie i doskona\u0142e do subtelnego podkre\u015blenia stylu. Dane techniczne: \u2022 Szeroko\u015b\u0107 soczewki: 52 mm\u2022 Szeroko\u015b\u0107 mostka: 16 mm\u2022 D\u0142ugo\u015b\u0107 zausznika: 140 mm\u2022 Materia\u0142: acetat\u2022 Rodzaj oprawy: pe\u0142na Dlaczego warto wybra\u0107 F017 c.324? \u2022 Smuk\u0142a, minimalistyczna forma.\u2022 Idealne do mniejszych twarzy.\u2022 Klasyczny, [&hellip;]<\/p>\n","protected":false},"featured_media":9099,"comment_status":"open","ping_status":"closed","template":"","meta":{"_acf_changed":false},"product_brand":[452],"product_cat":[50],"product_tag":[174,454,186,469,418,453,227,153,470,440],"class_list":{"0":"post-8729","1":"product","2":"type-product","3":"status-publish","4":"has-post-thumbnail","6":"product_brand-nenu-by-dekoptica","7":"product_cat-okulary-korekcyjne","8":"product_tag-acetat","9":"product_tag-dekoptica","10":"product_tag-elegancki-styl","11":"product_tag-f017","12":"product_tag-minimalistyczne-oprawki","13":"product_tag-nenu","14":"product_tag-pelna-oprawa","15":"product_tag-prostokatne-okulary","16":"product_tag-smukly-design","17":"product_tag-subtelne-okulary","19":"first","20":"onbackorder","21":"shipping-taxable","22":"purchasable","23":"product-type-simple"},"acf":[],"_links":{"self":[{"href":"https:\/\/www.strzodowie.pl\/sklep\/wp-json\/wp\/v2\/product\/8729","targetHints":{"allow":["GET"]}}],"collection":[{"href":"https:\/\/www.strzodowie.pl\/sklep\/wp-json\/wp\/v2\/product"}],"about":[{"href":"https:\/\/www.strzodowie.pl\/sklep\/wp-json\/wp\/v2\/types\/product"}],"replies":[{"embeddable":true,"href":"https:\/\/www.strzodowie.pl\/sklep\/wp-json\/wp\/v2\/comments?post=8729"}],"wp:featuredmedia":[{"embeddable":true,"href":"https:\/\/www.strzodowie.pl\/sklep\/wp-json\/wp\/v2\/media\/9099"}],"wp:attachment":[{"href":"https:\/\/www.strzodowie.pl\/sklep\/wp-json\/wp\/v2\/media?parent=8729"}],"wp:term":[{"taxonomy":"product_brand","embeddable":true,"href":"https:\/\/www.strzodowie.pl\/sklep\/wp-json\/wp\/v2\/product_brand?post=8729"},{"taxonomy":"product_cat","embeddable":true,"href":"https:\/\/www.strzodowie.pl\/sklep\/wp-json\/wp\/v2\/product_cat?post=8729"},{"taxonomy":"product_tag","embeddable":true,"href":"https:\/\/www.strzodowie.pl\/sklep\/wp-json\/wp\/v2\/product_tag?post=8729"}],"curies":[{"name":"wp","href":"https:\/\/api.w.org\/{rel}","templated":true}]}}