{"id":8726,"date":"2025-12-02T15:11:13","date_gmt":"2025-12-02T14:11:13","guid":{"rendered":"https:\/\/www.strzodowie.pl\/sklep\/?post_type=product&#038;p=8726"},"modified":"2026-02-04T14:10:07","modified_gmt":"2026-02-04T13:10:07","slug":"nenu-f016","status":"publish","type":"product","link":"https:\/\/www.strzodowie.pl\/sklep\/product\/nenu-f016\/","title":{"rendered":"N\u00e9nu F016"},"content":{"rendered":"<h1 data-start=\"3693\" data-end=\"3726\"><strong data-start=\"3695\" data-end=\"3726\">N\u00e9nu F016 c.322<\/strong><\/h1>\n<p data-start=\"3728\" data-end=\"3865\">Model <strong data-start=\"3734\" data-end=\"3748\">F016 c.322<\/strong> to subtelne, lekko owalne oprawki o klasycznej formie. Idealne dla os\u00f3b, kt\u00f3re preferuj\u0105 spokojny, delikatny design.<\/p>\n<h3 data-start=\"3867\" data-end=\"3893\"><strong data-start=\"3871\" data-end=\"3891\">Dane techniczne:<\/strong><\/h3>\n<p data-start=\"3894\" data-end=\"4025\">\u2022 Szeroko\u015b\u0107 soczewki: 53 mm<br data-start=\"3921\" data-end=\"3924\" \/>\u2022 Szeroko\u015b\u0107 mostka: 18 mm<br data-start=\"3949\" data-end=\"3952\" \/>\u2022 D\u0142ugo\u015b\u0107 zausznika: 140 mm<br data-start=\"3979\" data-end=\"3982\" \/>\u2022 Materia\u0142: acetat<br data-start=\"4000\" data-end=\"4003\" \/>\u2022 Rodzaj oprawy: pe\u0142na<\/p>\n<h3 data-start=\"4027\" data-end=\"4070\"><strong data-start=\"4031\" data-end=\"4068\">Dlaczego warto wybra\u0107 F016 c.322?<\/strong><\/h3>\n<p data-start=\"4071\" data-end=\"4158\">\u2022 Uniwersalny, mi\u0119kki kszta\u0142t.<br data-start=\"4101\" data-end=\"4104\" \/>\u2022 Lekki, komfortowy design.<br data-start=\"4131\" data-end=\"4134\" \/>\u2022 Ponadczasowa estetyka.<\/p>\n","protected":false},"excerpt":{"rendered":"<p>N\u00e9nu F016 c.322 Model F016 c.322 to subtelne, lekko owalne oprawki o klasycznej formie. Idealne dla os\u00f3b, kt\u00f3re preferuj\u0105 spokojny, delikatny design. Dane techniczne: \u2022 Szeroko\u015b\u0107 soczewki: 53 mm\u2022 Szeroko\u015b\u0107 mostka: 18 mm\u2022 D\u0142ugo\u015b\u0107 zausznika: 140 mm\u2022 Materia\u0142: acetat\u2022 Rodzaj oprawy: pe\u0142na Dlaczego warto wybra\u0107 F016 c.322? \u2022 Uniwersalny, mi\u0119kki kszta\u0142t.\u2022 Lekki, komfortowy design.\u2022 Ponadczasowa [&hellip;]<\/p>\n","protected":false},"featured_media":9098,"comment_status":"open","ping_status":"closed","template":"","meta":{"_acf_changed":false},"product_brand":[452],"product_cat":[50],"product_tag":[174,454,468,165,467,368,453,442,227,457],"class_list":{"0":"post-8726","1":"product","2":"type-product","3":"status-publish","4":"has-post-thumbnail","6":"product_brand-nenu-by-dekoptica","7":"product_cat-okulary-korekcyjne","8":"product_tag-acetat","9":"product_tag-dekoptica","10":"product_tag-delikatna-forma","11":"product_tag-eleganckie-okulary","12":"product_tag-f016","13":"product_tag-komfortowe-oprawki","14":"product_tag-nenu","15":"product_tag-owalne-oprawki","16":"product_tag-pelna-oprawa","17":"product_tag-uniwersalny-styl","19":"first","20":"onbackorder","21":"shipping-taxable","22":"purchasable","23":"product-type-simple"},"acf":[],"_links":{"self":[{"href":"https:\/\/www.strzodowie.pl\/sklep\/wp-json\/wp\/v2\/product\/8726","targetHints":{"allow":["GET"]}}],"collection":[{"href":"https:\/\/www.strzodowie.pl\/sklep\/wp-json\/wp\/v2\/product"}],"about":[{"href":"https:\/\/www.strzodowie.pl\/sklep\/wp-json\/wp\/v2\/types\/product"}],"replies":[{"embeddable":true,"href":"https:\/\/www.strzodowie.pl\/sklep\/wp-json\/wp\/v2\/comments?post=8726"}],"wp:featuredmedia":[{"embeddable":true,"href":"https:\/\/www.strzodowie.pl\/sklep\/wp-json\/wp\/v2\/media\/9098"}],"wp:attachment":[{"href":"https:\/\/www.strzodowie.pl\/sklep\/wp-json\/wp\/v2\/media?parent=8726"}],"wp:term":[{"taxonomy":"product_brand","embeddable":true,"href":"https:\/\/www.strzodowie.pl\/sklep\/wp-json\/wp\/v2\/product_brand?post=8726"},{"taxonomy":"product_cat","embeddable":true,"href":"https:\/\/www.strzodowie.pl\/sklep\/wp-json\/wp\/v2\/product_cat?post=8726"},{"taxonomy":"product_tag","embeddable":true,"href":"https:\/\/www.strzodowie.pl\/sklep\/wp-json\/wp\/v2\/product_tag?post=8726"}],"curies":[{"name":"wp","href":"https:\/\/api.w.org\/{rel}","templated":true}]}}