{"id":8656,"date":"2025-11-28T13:04:30","date_gmt":"2025-11-28T12:04:30","guid":{"rendered":"https:\/\/www.strzodowie.pl\/sklep\/?post_type=product&#038;p=8656"},"modified":"2026-02-04T13:36:53","modified_gmt":"2026-02-04T12:36:53","slug":"gamine-nakazakicho","status":"publish","type":"product","link":"https:\/\/www.strzodowie.pl\/sklep\/product\/gamine-nakazakicho\/","title":{"rendered":"Gamine Nakazakicho"},"content":{"rendered":"<h1 data-start=\"2909\" data-end=\"2951\"><strong data-start=\"2911\" data-end=\"2951\">Gamine Nakazakicho 43x21x148 NZH.3DH<\/strong><\/h1>\n<p data-start=\"246\" data-end=\"642\">Model <strong data-start=\"252\" data-end=\"275\">Nakazakicho NZH.3DH<\/strong> to charakterystyczne, okr\u0105g\u0142e oprawki o mi\u0119kkiej, artystycznej formie inspirowanej japo\u0144skim stylem. Ich wyrazisty front wykonany w kolorze <strong data-start=\"416\" data-end=\"431\">Dark Havana<\/strong> nadaje im modowego charakteru, \u0142\u0105cz\u0105c klasyczn\u0105 estetyk\u0119 z kreatywnym wyko\u0144czeniem typowym dla Gamine. To model, kt\u00f3ry przyci\u0105ga wzrok i \u015bwietnie komponuje si\u0119 zar\u00f3wno ze stylizacjami retro, jak i nowoczesnymi.<\/p>\n<p data-start=\"644\" data-end=\"840\"><strong data-start=\"644\" data-end=\"664\">Dane techniczne:<\/strong><br data-start=\"664\" data-end=\"667\" \/>\u2022 Szeroko\u015b\u0107 soczewki: 43 mm<br data-start=\"694\" data-end=\"697\" \/>\u2022 Szeroko\u015b\u0107 mostka: 21 mm<br data-start=\"722\" data-end=\"725\" \/>\u2022 D\u0142ugo\u015b\u0107 zausznika: 148 mm<br data-start=\"752\" data-end=\"755\" \/>\u2022 Materia\u0142 oprawy: acetat<br data-start=\"780\" data-end=\"783\" \/>\u2022 Kolor oprawy: Dark Havana (DH)<br data-start=\"815\" data-end=\"818\" \/>\u2022 Rodzaj oprawy: pe\u0142na<\/p>\n<p data-start=\"842\" data-end=\"1151\"><strong data-start=\"842\" data-end=\"894\">Dlaczego warto wybra\u0107 model Nakazakicho NZH.3DH?<\/strong><br data-start=\"894\" data-end=\"897\" \/>\u2022 Wyrazisty, okr\u0105g\u0142y kszta\u0142t inspirowany japo\u0144skim designem.<br data-start=\"957\" data-end=\"960\" \/>\u2022 Klasyczna, pi\u0119kna kolorystyka Dark Havana.<br data-start=\"1004\" data-end=\"1007\" \/>\u2022 Trwa\u0142y, r\u0119cznie wyka\u0144czany acetat.<br data-start=\"1043\" data-end=\"1046\" \/>\u2022 Komfortowe i lekkie w noszeniu.<br data-start=\"1079\" data-end=\"1082\" \/>\u2022 Idealne dla os\u00f3b szukaj\u0105cych nietuzinkowych, artystycznych oprawek.<\/p>\n","protected":false},"excerpt":{"rendered":"<p>Gamine Nakazakicho 43x21x148 NZH.3DH Model Nakazakicho NZH.3DH to charakterystyczne, okr\u0105g\u0142e oprawki o mi\u0119kkiej, artystycznej formie inspirowanej japo\u0144skim stylem. Ich wyrazisty front wykonany w kolorze Dark Havana nadaje im modowego charakteru, \u0142\u0105cz\u0105c klasyczn\u0105 estetyk\u0119 z kreatywnym wyko\u0144czeniem typowym dla Gamine. To model, kt\u00f3ry przyci\u0105ga wzrok i \u015bwietnie komponuje si\u0119 zar\u00f3wno ze stylizacjami retro, jak i nowoczesnymi. [&hellip;]<\/p>\n","protected":false},"featured_media":9083,"comment_status":"open","ping_status":"closed","template":"","meta":{"_acf_changed":false},"product_brand":[391],"product_cat":[50],"product_tag":[164,165,392,179,166,147,145],"class_list":{"0":"post-8656","1":"product","2":"type-product","3":"status-publish","4":"has-post-thumbnail","6":"product_brand-gamine","7":"product_cat-okulary-korekcyjne","8":"product_tag-acetatowe-okulary","9":"product_tag-eleganckie-okulary","10":"product_tag-gamine","11":"product_tag-luksusowe-okulary","12":"product_tag-modne-okulary","13":"product_tag-okulary-fashion","14":"product_tag-okulary-premium","16":"first","17":"instock","18":"shipping-taxable","19":"purchasable","20":"product-type-simple"},"acf":[],"_links":{"self":[{"href":"https:\/\/www.strzodowie.pl\/sklep\/wp-json\/wp\/v2\/product\/8656","targetHints":{"allow":["GET"]}}],"collection":[{"href":"https:\/\/www.strzodowie.pl\/sklep\/wp-json\/wp\/v2\/product"}],"about":[{"href":"https:\/\/www.strzodowie.pl\/sklep\/wp-json\/wp\/v2\/types\/product"}],"replies":[{"embeddable":true,"href":"https:\/\/www.strzodowie.pl\/sklep\/wp-json\/wp\/v2\/comments?post=8656"}],"wp:featuredmedia":[{"embeddable":true,"href":"https:\/\/www.strzodowie.pl\/sklep\/wp-json\/wp\/v2\/media\/9083"}],"wp:attachment":[{"href":"https:\/\/www.strzodowie.pl\/sklep\/wp-json\/wp\/v2\/media?parent=8656"}],"wp:term":[{"taxonomy":"product_brand","embeddable":true,"href":"https:\/\/www.strzodowie.pl\/sklep\/wp-json\/wp\/v2\/product_brand?post=8656"},{"taxonomy":"product_cat","embeddable":true,"href":"https:\/\/www.strzodowie.pl\/sklep\/wp-json\/wp\/v2\/product_cat?post=8656"},{"taxonomy":"product_tag","embeddable":true,"href":"https:\/\/www.strzodowie.pl\/sklep\/wp-json\/wp\/v2\/product_tag?post=8656"}],"curies":[{"name":"wp","href":"https:\/\/api.w.org\/{rel}","templated":true}]}}