{"id":8653,"date":"2025-11-28T12:55:33","date_gmt":"2025-11-28T11:55:33","guid":{"rendered":"https:\/\/www.strzodowie.pl\/sklep\/?post_type=product&#038;p=8653"},"modified":"2026-02-04T13:37:31","modified_gmt":"2026-02-04T12:37:31","slug":"gamine-kita","status":"publish","type":"product","link":"https:\/\/www.strzodowie.pl\/sklep\/product\/gamine-kita\/","title":{"rendered":"Gamine Kita"},"content":{"rendered":"<h1 data-start=\"2034\" data-end=\"2068\"><strong data-start=\"2036\" data-end=\"2068\">Gamine Kita 42x23x145 KTA.1B<\/strong><\/h1>\n<p data-start=\"2070\" data-end=\"2321\">Model <strong data-start=\"2076\" data-end=\"2091\">Kita KTA.1B<\/strong> to kompaktowe oprawki o delikatnej, artystycznej formie. Ma\u0142a szeroko\u015b\u0107 i owalny kszta\u0142t nadaj\u0105 im niepowtarzalnego charakteru, inspirowanego estetyk\u0105 vintage. Idealne dla os\u00f3b poszukuj\u0105cych nietuzinkowych, kreatywnych rozwi\u0105za\u0144.<\/p>\n<p data-start=\"2323\" data-end=\"2508\"><strong data-start=\"2323\" data-end=\"2343\">Dane techniczne:<\/strong><br data-start=\"2343\" data-end=\"2346\" \/>\u2022 Szeroko\u015b\u0107 soczewki: 42 mm<br data-start=\"2373\" data-end=\"2376\" \/>\u2022 Szeroko\u015b\u0107 mostka: 23 mm<br data-start=\"2401\" data-end=\"2404\" \/>\u2022 D\u0142ugo\u015b\u0107 zausznika: 145 mm<br data-start=\"2431\" data-end=\"2434\" \/>\u2022 Materia\u0142 oprawy: acetat<br data-start=\"2459\" data-end=\"2462\" \/>\u2022 Kolor oprawy: Black<br data-start=\"2483\" data-end=\"2486\" \/>\u2022 Rodzaj oprawy: pe\u0142na<\/p>\n<p data-start=\"2510\" data-end=\"2749\"><strong data-start=\"2510\" data-end=\"2554\">Dlaczego warto wybra\u0107 model Kita KTA.1B?<\/strong><br data-start=\"2554\" data-end=\"2557\" \/>\u2022 Wyj\u0105tkowy, kompaktowy kszta\u0142t.<br data-start=\"2589\" data-end=\"2592\" \/>\u2022 Klimat retro w nowoczesnym wydaniu.<br data-start=\"2629\" data-end=\"2632\" \/>\u2022 Idealne dla mi\u0142o\u015bnik\u00f3w ma\u0142ych oprawek.<br data-start=\"2672\" data-end=\"2675\" \/>\u2022 Lekka, wygodna konstrukcja.<br data-start=\"2704\" data-end=\"2707\" \/>\u2022 Artystyczny charakter typowy dla Gamine.<\/p>\n","protected":false},"excerpt":{"rendered":"<p>Gamine Kita 42x23x145 KTA.1B Model Kita KTA.1B to kompaktowe oprawki o delikatnej, artystycznej formie. Ma\u0142a szeroko\u015b\u0107 i owalny kszta\u0142t nadaj\u0105 im niepowtarzalnego charakteru, inspirowanego estetyk\u0105 vintage. Idealne dla os\u00f3b poszukuj\u0105cych nietuzinkowych, kreatywnych rozwi\u0105za\u0144. Dane techniczne:\u2022 Szeroko\u015b\u0107 soczewki: 42 mm\u2022 Szeroko\u015b\u0107 mostka: 23 mm\u2022 D\u0142ugo\u015b\u0107 zausznika: 145 mm\u2022 Materia\u0142 oprawy: acetat\u2022 Kolor oprawy: Black\u2022 Rodzaj oprawy: [&hellip;]<\/p>\n","protected":false},"featured_media":9084,"comment_status":"open","ping_status":"closed","template":"","meta":{"_acf_changed":false},"product_brand":[391],"product_cat":[50],"product_tag":[174,422,169,392,420,341,187,400,421,395],"class_list":{"0":"post-8653","1":"product","2":"type-product","3":"status-publish","4":"has-post-thumbnail","6":"product_brand-gamine","7":"product_cat-okulary-korekcyjne","8":"product_tag-acetat","9":"product_tag-artystyczny-design","10":"product_tag-czarne-oprawki","11":"product_tag-gamine","12":"product_tag-kita","13":"product_tag-male-oprawki","14":"product_tag-minimalistyczne-okulary","15":"product_tag-oprawki-unisex","16":"product_tag-owalne-okulary","17":"product_tag-styl-retro","19":"first","20":"instock","21":"shipping-taxable","22":"purchasable","23":"product-type-simple"},"acf":[],"_links":{"self":[{"href":"https:\/\/www.strzodowie.pl\/sklep\/wp-json\/wp\/v2\/product\/8653","targetHints":{"allow":["GET"]}}],"collection":[{"href":"https:\/\/www.strzodowie.pl\/sklep\/wp-json\/wp\/v2\/product"}],"about":[{"href":"https:\/\/www.strzodowie.pl\/sklep\/wp-json\/wp\/v2\/types\/product"}],"replies":[{"embeddable":true,"href":"https:\/\/www.strzodowie.pl\/sklep\/wp-json\/wp\/v2\/comments?post=8653"}],"wp:featuredmedia":[{"embeddable":true,"href":"https:\/\/www.strzodowie.pl\/sklep\/wp-json\/wp\/v2\/media\/9084"}],"wp:attachment":[{"href":"https:\/\/www.strzodowie.pl\/sklep\/wp-json\/wp\/v2\/media?parent=8653"}],"wp:term":[{"taxonomy":"product_brand","embeddable":true,"href":"https:\/\/www.strzodowie.pl\/sklep\/wp-json\/wp\/v2\/product_brand?post=8653"},{"taxonomy":"product_cat","embeddable":true,"href":"https:\/\/www.strzodowie.pl\/sklep\/wp-json\/wp\/v2\/product_cat?post=8653"},{"taxonomy":"product_tag","embeddable":true,"href":"https:\/\/www.strzodowie.pl\/sklep\/wp-json\/wp\/v2\/product_tag?post=8653"}],"curies":[{"name":"wp","href":"https:\/\/api.w.org\/{rel}","templated":true}]}}