{"id":8617,"date":"2025-11-25T13:37:04","date_gmt":"2025-11-25T12:37:04","guid":{"rendered":"https:\/\/www.strzodowie.pl\/sklep\/?post_type=product&#038;p=8617"},"modified":"2026-01-28T10:32:52","modified_gmt":"2026-01-28T09:32:52","slug":"michel-kors-mk3087","status":"publish","type":"product","link":"https:\/\/www.strzodowie.pl\/sklep\/product\/michel-kors-mk3087\/","title":{"rendered":"Michel Kors MK3087"},"content":{"rendered":"<h2 data-start=\"4293\" data-end=\"4324\"><strong data-start=\"4296\" data-end=\"4324\">Michael Kors MK3087 1014<\/strong><\/h2>\n<p data-start=\"4325\" data-end=\"4480\">Model MK3087 1014 to modne, metalowe oprawki w stylowym kszta\u0142cie cat-eye. Ich wyrazista forma i subtelny po\u0142ysk nadaj\u0105 im wyj\u0105tkowo kobiecego charakteru.<\/p>\n<p data-start=\"4482\" data-end=\"4670\"><strong data-start=\"4482\" data-end=\"4502\">Dane techniczne:<\/strong><br data-start=\"4502\" data-end=\"4505\" \/>\u2022 Szeroko\u015b\u0107 soczewki: 55 mm<br data-start=\"4532\" data-end=\"4535\" \/>\u2022 Szeroko\u015b\u0107 mostka: 17 mm<br data-start=\"4560\" data-end=\"4563\" \/>\u2022 D\u0142ugo\u015b\u0107 zausznika: 140 mm<br data-start=\"4590\" data-end=\"4593\" \/>\u2022 Materia\u0142 oprawy: metal<br data-start=\"4618\" data-end=\"4621\" \/>\u2022 Kolor oprawy: gold<br data-start=\"4645\" data-end=\"4648\" \/>\u2022 Rodzaj oprawy: pe\u0142na<\/p>\n<p data-start=\"4672\" data-end=\"4919\"><strong data-start=\"4672\" data-end=\"4716\">Dlaczego warto wybra\u0107 model MK3087 1014?<\/strong><br data-start=\"4716\" data-end=\"4719\" \/>\u2022 Wyrazisty, kobiecy kszta\u0142t cat-eye.<br data-start=\"4756\" data-end=\"4759\" \/>\u2022 Modne wyko\u0144czenie w odcieniu bilbao.<br data-start=\"4799\" data-end=\"4802\" \/>\u2022 Solidna, trwa\u0142a konstrukcja.<br data-start=\"4832\" data-end=\"4835\" \/>\u2022 Dodaj\u0105 elegancji i charakteru.<br data-start=\"4867\" data-end=\"4870\" \/>\u2022 Sprawdzone stylowe rozwi\u0105zanie od Michael Kors.<\/p>\n","protected":false},"excerpt":{"rendered":"<p>Michael Kors MK3087 1014 Model MK3087 1014 to modne, metalowe oprawki w stylowym kszta\u0142cie cat-eye. Ich wyrazista forma i subtelny po\u0142ysk nadaj\u0105 im wyj\u0105tkowo kobiecego charakteru. Dane techniczne:\u2022 Szeroko\u015b\u0107 soczewki: 55 mm\u2022 Szeroko\u015b\u0107 mostka: 17 mm\u2022 D\u0142ugo\u015b\u0107 zausznika: 140 mm\u2022 Materia\u0142 oprawy: metal\u2022 Kolor oprawy: gold\u2022 Rodzaj oprawy: pe\u0142na Dlaczego warto wybra\u0107 model MK3087 1014?\u2022 [&hellip;]<\/p>\n","protected":false},"featured_media":8618,"comment_status":"open","ping_status":"closed","template":"","meta":{"_acf_changed":false},"product_brand":[64],"product_cat":[50],"product_tag":[165,362,162,179,390,166,149,145],"class_list":{"0":"post-8617","1":"product","2":"type-product","3":"status-publish","4":"has-post-thumbnail","6":"product_brand-michael-kors","7":"product_cat-okulary-korekcyjne","8":"product_tag-eleganckie-okulary","9":"product_tag-eleganckie-oprawki","10":"product_tag-kocie-oprawki","11":"product_tag-luksusowe-okulary","12":"product_tag-michael-kors","13":"product_tag-modne-okulary","14":"product_tag-okulary-designerskie","15":"product_tag-okulary-premium","17":"first","18":"instock","19":"shipping-taxable","20":"purchasable","21":"product-type-simple"},"acf":[],"_links":{"self":[{"href":"https:\/\/www.strzodowie.pl\/sklep\/wp-json\/wp\/v2\/product\/8617","targetHints":{"allow":["GET"]}}],"collection":[{"href":"https:\/\/www.strzodowie.pl\/sklep\/wp-json\/wp\/v2\/product"}],"about":[{"href":"https:\/\/www.strzodowie.pl\/sklep\/wp-json\/wp\/v2\/types\/product"}],"replies":[{"embeddable":true,"href":"https:\/\/www.strzodowie.pl\/sklep\/wp-json\/wp\/v2\/comments?post=8617"}],"wp:featuredmedia":[{"embeddable":true,"href":"https:\/\/www.strzodowie.pl\/sklep\/wp-json\/wp\/v2\/media\/8618"}],"wp:attachment":[{"href":"https:\/\/www.strzodowie.pl\/sklep\/wp-json\/wp\/v2\/media?parent=8617"}],"wp:term":[{"taxonomy":"product_brand","embeddable":true,"href":"https:\/\/www.strzodowie.pl\/sklep\/wp-json\/wp\/v2\/product_brand?post=8617"},{"taxonomy":"product_cat","embeddable":true,"href":"https:\/\/www.strzodowie.pl\/sklep\/wp-json\/wp\/v2\/product_cat?post=8617"},{"taxonomy":"product_tag","embeddable":true,"href":"https:\/\/www.strzodowie.pl\/sklep\/wp-json\/wp\/v2\/product_tag?post=8617"}],"curies":[{"name":"wp","href":"https:\/\/api.w.org\/{rel}","templated":true}]}}