{"id":8603,"date":"2025-11-25T13:20:04","date_gmt":"2025-11-25T12:20:04","guid":{"rendered":"https:\/\/www.strzodowie.pl\/sklep\/?post_type=product&#038;p=8603"},"modified":"2026-02-04T12:34:37","modified_gmt":"2026-02-04T11:34:37","slug":"chloe-ch0137o","status":"publish","type":"product","link":"https:\/\/www.strzodowie.pl\/sklep\/product\/chloe-ch0137o\/","title":{"rendered":"Chlo\u00e9 CH0137O"},"content":{"rendered":"<h2 data-start=\"1649\" data-end=\"1673\"><strong data-start=\"1652\" data-end=\"1673\">Chlo\u00e9 CH0137O 005<\/strong><\/h2>\n<p data-start=\"1674\" data-end=\"1867\">Model CH0137O 005 to wyj\u0105tkowo kobiece oprawki o subtelnie zaokr\u0105glonym kszta\u0142cie. Pastelowa kolorystyka i charakterystyczna lekko\u015b\u0107 tworz\u0105 styl, kt\u00f3ry \u0142\u0105czy nowoczesno\u015b\u0107 z delikatn\u0105 elegancj\u0105.<\/p>\n<p data-start=\"1869\" data-end=\"2065\"><strong data-start=\"1869\" data-end=\"1889\">Dane techniczne:<\/strong><br data-start=\"1889\" data-end=\"1892\" \/>\u2022 Szeroko\u015b\u0107 soczewki: 52 mm<br data-start=\"1919\" data-end=\"1922\" \/>\u2022 Szeroko\u015b\u0107 mostka: 17 mm<br data-start=\"1947\" data-end=\"1950\" \/>\u2022 D\u0142ugo\u015b\u0107 zausznika: 140 mm<br data-start=\"1977\" data-end=\"1980\" \/>\u2022 Materia\u0142 oprawy: metal<br data-start=\"2005\" data-end=\"2008\" \/>\u2022 Kolor oprawy: gold<br data-start=\"2040\" data-end=\"2043\" \/>\u2022 Rodzaj oprawy: pe\u0142na<\/p>\n<p data-start=\"2067\" data-end=\"2301\"><strong data-start=\"2067\" data-end=\"2111\">Dlaczego warto wybra\u0107 model CH0127O 005?<\/strong><br data-start=\"2111\" data-end=\"2114\" \/>\u2022 Delikatny, kobiecy design.<br data-start=\"2142\" data-end=\"2145\" \/>\u2022 Lekka i wygodna konstrukcja.<br data-start=\"2175\" data-end=\"2178\" \/>\u2022 Subtelne, modne pastelowe barwy.<br data-start=\"2212\" data-end=\"2215\" \/>\u2022 Idealne do lekkich, eleganckich stylizacji.<br data-start=\"2260\" data-end=\"2263\" \/>\u2022 Wysoka jako\u015b\u0107 wykonania marki Chlo\u00e9.<\/p>\n","protected":false},"excerpt":{"rendered":"<p>Chlo\u00e9 CH0137O 005 Model CH0137O 005 to wyj\u0105tkowo kobiece oprawki o subtelnie zaokr\u0105glonym kszta\u0142cie. Pastelowa kolorystyka i charakterystyczna lekko\u015b\u0107 tworz\u0105 styl, kt\u00f3ry \u0142\u0105czy nowoczesno\u015b\u0107 z delikatn\u0105 elegancj\u0105. Dane techniczne:\u2022 Szeroko\u015b\u0107 soczewki: 52 mm\u2022 Szeroko\u015b\u0107 mostka: 17 mm\u2022 D\u0142ugo\u015b\u0107 zausznika: 140 mm\u2022 Materia\u0142 oprawy: metal\u2022 Kolor oprawy: gold\u2022 Rodzaj oprawy: pe\u0142na Dlaczego warto wybra\u0107 model CH0127O [&hellip;]<\/p>\n","protected":false},"featured_media":9069,"comment_status":"open","ping_status":"closed","template":"","meta":{"_acf_changed":false},"product_brand":[66],"product_cat":[50],"product_tag":[186,165,362,179,177,168,147,145],"class_list":{"0":"post-8603","1":"product","2":"type-product","3":"status-publish","4":"has-post-thumbnail","6":"product_brand-chloe","7":"product_cat-okulary-korekcyjne","8":"product_tag-elegancki-styl","9":"product_tag-eleganckie-okulary","10":"product_tag-eleganckie-oprawki","11":"product_tag-luksusowe-okulary","12":"product_tag-nowoczesny-design","13":"product_tag-okulary-damskie","14":"product_tag-okulary-fashion","15":"product_tag-okulary-premium","17":"first","18":"instock","19":"shipping-taxable","20":"purchasable","21":"product-type-simple"},"acf":[],"_links":{"self":[{"href":"https:\/\/www.strzodowie.pl\/sklep\/wp-json\/wp\/v2\/product\/8603","targetHints":{"allow":["GET"]}}],"collection":[{"href":"https:\/\/www.strzodowie.pl\/sklep\/wp-json\/wp\/v2\/product"}],"about":[{"href":"https:\/\/www.strzodowie.pl\/sklep\/wp-json\/wp\/v2\/types\/product"}],"replies":[{"embeddable":true,"href":"https:\/\/www.strzodowie.pl\/sklep\/wp-json\/wp\/v2\/comments?post=8603"}],"wp:featuredmedia":[{"embeddable":true,"href":"https:\/\/www.strzodowie.pl\/sklep\/wp-json\/wp\/v2\/media\/9069"}],"wp:attachment":[{"href":"https:\/\/www.strzodowie.pl\/sklep\/wp-json\/wp\/v2\/media?parent=8603"}],"wp:term":[{"taxonomy":"product_brand","embeddable":true,"href":"https:\/\/www.strzodowie.pl\/sklep\/wp-json\/wp\/v2\/product_brand?post=8603"},{"taxonomy":"product_cat","embeddable":true,"href":"https:\/\/www.strzodowie.pl\/sklep\/wp-json\/wp\/v2\/product_cat?post=8603"},{"taxonomy":"product_tag","embeddable":true,"href":"https:\/\/www.strzodowie.pl\/sklep\/wp-json\/wp\/v2\/product_tag?post=8603"}],"curies":[{"name":"wp","href":"https:\/\/api.w.org\/{rel}","templated":true}]}}