{"id":8544,"date":"2025-10-29T12:53:50","date_gmt":"2025-10-29T11:53:50","guid":{"rendered":"https:\/\/www.strzodowie.pl\/sklep\/?post_type=product&#038;p=8544"},"modified":"2026-01-28T10:32:52","modified_gmt":"2026-01-28T09:32:52","slug":"guess-gu50232","status":"publish","type":"product","link":"https:\/\/www.strzodowie.pl\/sklep\/product\/guess-gu50232\/","title":{"rendered":"Guess GU50232"},"content":{"rendered":"<h3 data-start=\"4445\" data-end=\"4472\"><strong data-start=\"4449\" data-end=\"4472\">Guess GU50232_54087<\/strong><\/h3>\n<p data-start=\"4473\" data-end=\"4853\">Model GU50232_54087 to po\u0142\u0105czenie klasyki z nowoczesno\u015bci\u0105. Wyrazista linia i pe\u0142na oprawa z tworzywa czyni\u0105 ten model wyj\u0105tkowo uniwersalnym. Idealny wyb\u00f3r dla os\u00f3b, kt\u00f3re ceni\u0105 prostot\u0119 i elegancj\u0119.<br data-start=\"4673\" data-end=\"4676\" \/><strong data-start=\"4676\" data-end=\"4696\">Dane techniczne:<\/strong><br data-start=\"4696\" data-end=\"4699\" \/>Szeroko\u015b\u0107 soczewki: 54 mm<br data-start=\"4724\" data-end=\"4727\" \/>Szeroko\u015b\u0107 mostka: 17 mm<br data-start=\"4750\" data-end=\"4753\" \/>D\u0142ugo\u015b\u0107 zausznika: 140 mm<br data-start=\"4778\" data-end=\"4781\" \/>Materia\u0142 oprawy: tworzywo<br data-start=\"4806\" data-end=\"4809\" \/>Kolor oprawy: transparent<br data-start=\"4828\" data-end=\"4831\" \/>Rodzaj oprawy: pe\u0142na<\/p>\n<p data-start=\"4855\" data-end=\"5069\"><strong data-start=\"4855\" data-end=\"4901\">Dlaczego warto wybra\u0107 model GU50232_54087?<\/strong><br data-start=\"4901\" data-end=\"4904\" \/>\u2022 Elegancki kolor.<br data-start=\"4933\" data-end=\"4936\" \/>\u2022 Lekka i wytrzyma\u0142a oprawa.<br data-start=\"4964\" data-end=\"4967\" \/>\u2022 Wygoda w codziennym u\u017cytkowaniu.<br data-start=\"5001\" data-end=\"5004\" \/>\u2022 Styl Guess w ponadczasowej formie.<br data-start=\"5040\" data-end=\"5043\" \/>\u2022 Doskona\u0142e dopasowanie.<\/p>\n","protected":false},"excerpt":{"rendered":"<p>Guess GU50232_54087 Model GU50232_54087 to po\u0142\u0105czenie klasyki z nowoczesno\u015bci\u0105. Wyrazista linia i pe\u0142na oprawa z tworzywa czyni\u0105 ten model wyj\u0105tkowo uniwersalnym. Idealny wyb\u00f3r dla os\u00f3b, kt\u00f3re ceni\u0105 prostot\u0119 i elegancj\u0119.Dane techniczne:Szeroko\u015b\u0107 soczewki: 54 mmSzeroko\u015b\u0107 mostka: 17 mmD\u0142ugo\u015b\u0107 zausznika: 140 mmMateria\u0142 oprawy: tworzywoKolor oprawy: transparentRodzaj oprawy: pe\u0142na Dlaczego warto wybra\u0107 model GU50232_54087?\u2022 Elegancki kolor.\u2022 Lekka i [&hellip;]<\/p>\n","protected":false},"featured_media":8545,"comment_status":"open","ping_status":"closed","template":"","meta":{"_acf_changed":false},"product_brand":[63],"product_cat":[50],"product_tag":[188,317,369,359,229,177,118,227,358,372],"class_list":{"0":"post-8544","1":"product","2":"type-product","3":"status-publish","4":"has-post-thumbnail","6":"product_brand-guess","7":"product_cat-okulary-korekcyjne","8":"product_tag-elegancja","9":"product_tag-guess","10":"product_tag-klasyczny-design","11":"product_tag-luksusowe-oprawki","12":"product_tag-modne-oprawki","13":"product_tag-nowoczesny-design","14":"product_tag-okulary-korekcyjne","15":"product_tag-pelna-oprawa","16":"product_tag-styl-guess","17":"product_tag-trwale-okulary","19":"first","20":"onbackorder","21":"shipping-taxable","22":"purchasable","23":"product-type-simple"},"acf":[],"_links":{"self":[{"href":"https:\/\/www.strzodowie.pl\/sklep\/wp-json\/wp\/v2\/product\/8544","targetHints":{"allow":["GET"]}}],"collection":[{"href":"https:\/\/www.strzodowie.pl\/sklep\/wp-json\/wp\/v2\/product"}],"about":[{"href":"https:\/\/www.strzodowie.pl\/sklep\/wp-json\/wp\/v2\/types\/product"}],"replies":[{"embeddable":true,"href":"https:\/\/www.strzodowie.pl\/sklep\/wp-json\/wp\/v2\/comments?post=8544"}],"wp:featuredmedia":[{"embeddable":true,"href":"https:\/\/www.strzodowie.pl\/sklep\/wp-json\/wp\/v2\/media\/8545"}],"wp:attachment":[{"href":"https:\/\/www.strzodowie.pl\/sklep\/wp-json\/wp\/v2\/media?parent=8544"}],"wp:term":[{"taxonomy":"product_brand","embeddable":true,"href":"https:\/\/www.strzodowie.pl\/sklep\/wp-json\/wp\/v2\/product_brand?post=8544"},{"taxonomy":"product_cat","embeddable":true,"href":"https:\/\/www.strzodowie.pl\/sklep\/wp-json\/wp\/v2\/product_cat?post=8544"},{"taxonomy":"product_tag","embeddable":true,"href":"https:\/\/www.strzodowie.pl\/sklep\/wp-json\/wp\/v2\/product_tag?post=8544"}],"curies":[{"name":"wp","href":"https:\/\/api.w.org\/{rel}","templated":true}]}}