{"id":8541,"date":"2025-10-29T12:25:07","date_gmt":"2025-10-29T11:25:07","guid":{"rendered":"https:\/\/www.strzodowie.pl\/sklep\/?post_type=product&#038;p=8541"},"modified":"2026-01-28T10:32:52","modified_gmt":"2026-01-28T09:32:52","slug":"guess-gu50228-2","status":"publish","type":"product","link":"https:\/\/www.strzodowie.pl\/sklep\/product\/guess-gu50228-2\/","title":{"rendered":"Guess GU50228"},"content":{"rendered":"<h3 data-start=\"3649\" data-end=\"3676\"><strong data-start=\"3653\" data-end=\"3676\">Guess GU50228_56092<\/strong><\/h3>\n<p data-start=\"3677\" data-end=\"4042\">Model GU50228_56092 to wyj\u0105tkowe oprawki z tworzywa, kt\u00f3re wyr\u00f3\u017cniaj\u0105 si\u0119 nowoczesnym stylem i lekko\u015bci\u0105. Ich kszta\u0142t podkre\u015bla rysy twarzy, a pe\u0142na oprawa dodaje im charakteru.<br data-start=\"3854\" data-end=\"3857\" \/><strong data-start=\"3857\" data-end=\"3877\">Dane techniczne:<\/strong><br data-start=\"3877\" data-end=\"3880\" \/>Szeroko\u015b\u0107 soczewki: 56 mm<br data-start=\"3905\" data-end=\"3908\" \/>Szeroko\u015b\u0107 mostka: 18 mm<br data-start=\"3931\" data-end=\"3934\" \/>D\u0142ugo\u015b\u0107 zausznika: 140 mm<br data-start=\"3959\" data-end=\"3962\" \/>Materia\u0142 oprawy: tworzywo<br data-start=\"3987\" data-end=\"3990\" \/>Kolor oprawy: Blue Tortoise<br data-start=\"4017\" data-end=\"4020\" \/>Rodzaj oprawy: pe\u0142na<\/p>\n<p data-start=\"4044\" data-end=\"4282\"><strong data-start=\"4044\" data-end=\"4090\">Dlaczego warto wybra\u0107 model GU50228_56092?<\/strong><br data-start=\"4090\" data-end=\"4093\" \/>\u2022 Nowoczesny kszta\u0142t i kolorystyka.<br data-start=\"4128\" data-end=\"4131\" \/>\u2022 Lekka, wytrzyma\u0142a konstrukcja.<br data-start=\"4163\" data-end=\"4166\" \/>\u2022 Pe\u0142na oprawa gwarantuje stabilno\u015b\u0107.<br data-start=\"4203\" data-end=\"4206\" \/>\u2022 Idealne po\u0142\u0105czenie stylu i komfortu.<br data-start=\"4244\" data-end=\"4247\" \/>\u2022 Logo Guess jako symbol jako\u015bci.<\/p>\n","protected":false},"excerpt":{"rendered":"<p>Guess GU50228_56092 Model GU50228_56092 to wyj\u0105tkowe oprawki z tworzywa, kt\u00f3re wyr\u00f3\u017cniaj\u0105 si\u0119 nowoczesnym stylem i lekko\u015bci\u0105. Ich kszta\u0142t podkre\u015bla rysy twarzy, a pe\u0142na oprawa dodaje im charakteru.Dane techniczne:Szeroko\u015b\u0107 soczewki: 56 mmSzeroko\u015b\u0107 mostka: 18 mmD\u0142ugo\u015b\u0107 zausznika: 140 mmMateria\u0142 oprawy: tworzywoKolor oprawy: Blue TortoiseRodzaj oprawy: pe\u0142na Dlaczego warto wybra\u0107 model GU50228_56092?\u2022 Nowoczesny kszta\u0142t i kolorystyka.\u2022 Lekka, wytrzyma\u0142a [&hellip;]<\/p>\n","protected":false},"featured_media":8542,"comment_status":"open","ping_status":"closed","template":"","meta":{"_acf_changed":false},"product_brand":[63],"product_cat":[50],"product_tag":[188,317,371,359,166,149,147,367,227,370],"class_list":{"0":"post-8541","1":"product","2":"type-product","3":"status-publish","4":"has-post-thumbnail","6":"product_brand-guess","7":"product_cat-okulary-korekcyjne","8":"product_tag-elegancja","9":"product_tag-guess","10":"product_tag-guess-eyewear","11":"product_tag-luksusowe-oprawki","12":"product_tag-modne-okulary","13":"product_tag-okulary-designerskie","14":"product_tag-okulary-fashion","15":"product_tag-okulary-tworzywo","16":"product_tag-pelna-oprawa","17":"product_tag-stylowe-oprawki","19":"first","20":"onbackorder","21":"shipping-taxable","22":"purchasable","23":"product-type-simple"},"acf":[],"_links":{"self":[{"href":"https:\/\/www.strzodowie.pl\/sklep\/wp-json\/wp\/v2\/product\/8541","targetHints":{"allow":["GET"]}}],"collection":[{"href":"https:\/\/www.strzodowie.pl\/sklep\/wp-json\/wp\/v2\/product"}],"about":[{"href":"https:\/\/www.strzodowie.pl\/sklep\/wp-json\/wp\/v2\/types\/product"}],"replies":[{"embeddable":true,"href":"https:\/\/www.strzodowie.pl\/sklep\/wp-json\/wp\/v2\/comments?post=8541"}],"wp:featuredmedia":[{"embeddable":true,"href":"https:\/\/www.strzodowie.pl\/sklep\/wp-json\/wp\/v2\/media\/8542"}],"wp:attachment":[{"href":"https:\/\/www.strzodowie.pl\/sklep\/wp-json\/wp\/v2\/media?parent=8541"}],"wp:term":[{"taxonomy":"product_brand","embeddable":true,"href":"https:\/\/www.strzodowie.pl\/sklep\/wp-json\/wp\/v2\/product_brand?post=8541"},{"taxonomy":"product_cat","embeddable":true,"href":"https:\/\/www.strzodowie.pl\/sklep\/wp-json\/wp\/v2\/product_cat?post=8541"},{"taxonomy":"product_tag","embeddable":true,"href":"https:\/\/www.strzodowie.pl\/sklep\/wp-json\/wp\/v2\/product_tag?post=8541"}],"curies":[{"name":"wp","href":"https:\/\/api.w.org\/{rel}","templated":true}]}}