{"id":8515,"date":"2025-10-10T14:28:47","date_gmt":"2025-10-10T12:28:47","guid":{"rendered":"https:\/\/www.strzodowie.pl\/sklep\/?post_type=product&#038;p=8515"},"modified":"2026-01-28T10:32:52","modified_gmt":"2026-01-28T09:32:52","slug":"guess-gu50235","status":"publish","type":"product","link":"https:\/\/www.strzodowie.pl\/sklep\/product\/guess-gu50235\/","title":{"rendered":"Guess GU50235"},"content":{"rendered":"<h3 data-start=\"4373\" data-end=\"4400\"><strong data-start=\"4377\" data-end=\"4400\">Guess GU50235-52001<\/strong><\/h3>\n<p data-start=\"4402\" data-end=\"4619\">Model GU50235-52001 to idealny wyb\u00f3r dla os\u00f3b o drobniejszej twarzy. Kompaktowa forma i lekka oprawa zapewniaj\u0105 wyj\u0105tkowy komfort przez ca\u0142y dzie\u0144. Subtelne detale i logo Guess dodaj\u0105 ca\u0142o\u015bci eleganckiego wyko\u0144czenia.<\/p>\n<p data-start=\"4621\" data-end=\"4807\"><strong data-start=\"4621\" data-end=\"4641\">Dane techniczne:<\/strong><br data-start=\"4641\" data-end=\"4644\" \/>Szeroko\u015b\u0107 soczewki: 52 mm<br data-start=\"4669\" data-end=\"4672\" \/>Szeroko\u015b\u0107 mostka: 15 mm<br data-start=\"4695\" data-end=\"4698\" \/>D\u0142ugo\u015b\u0107 zausznika: 140 mm<br data-start=\"4723\" data-end=\"4726\" \/>Materia\u0142 oprawy: tworzywo\u00a0<br data-start=\"4760\" data-end=\"4763\" \/>Kolor oprawy: czarne<br data-start=\"4782\" data-end=\"4785\" \/>Rodzaj oprawy: pe\u0142na<\/p>\n<p data-start=\"4809\" data-end=\"4857\"><strong data-start=\"4809\" data-end=\"4855\">Dlaczego warto wybra\u0107 model GU50235-52001?<\/strong><\/p>\n<ul data-start=\"4858\" data-end=\"5054\">\n<li data-start=\"4858\" data-end=\"4911\">\n<p data-start=\"4860\" data-end=\"4911\">Kompaktowy rozmiar idealny dla mniejszych twarzy.<\/p>\n<\/li>\n<li data-start=\"4912\" data-end=\"4944\">\n<p data-start=\"4914\" data-end=\"4944\">Lekka i wygodna konstrukcja.<\/p>\n<\/li>\n<li data-start=\"4945\" data-end=\"4978\">\n<p data-start=\"4947\" data-end=\"4978\">Elegancki wygl\u0105d na co dzie\u0144.<\/p>\n<\/li>\n<li data-start=\"4979\" data-end=\"5010\">\n<p data-start=\"4981\" data-end=\"5010\">Pe\u0142na oprawa dla trwa\u0142o\u015bci.<\/p>\n<\/li>\n<li data-start=\"5011\" data-end=\"5054\">\n<p data-start=\"5013\" data-end=\"5054\">Dyskretne logo Guess jako symbol stylu.<\/p>\n<\/li>\n<\/ul>\n","protected":false},"excerpt":{"rendered":"<p>Guess GU50235-52001 Model GU50235-52001 to idealny wyb\u00f3r dla os\u00f3b o drobniejszej twarzy. Kompaktowa forma i lekka oprawa zapewniaj\u0105 wyj\u0105tkowy komfort przez ca\u0142y dzie\u0144. Subtelne detale i logo Guess dodaj\u0105 ca\u0142o\u015bci eleganckiego wyko\u0144czenia. Dane techniczne:Szeroko\u015b\u0107 soczewki: 52 mmSzeroko\u015b\u0107 mostka: 15 mmD\u0142ugo\u015b\u0107 zausznika: 140 mmMateria\u0142 oprawy: tworzywo\u00a0Kolor oprawy: czarneRodzaj oprawy: pe\u0142na Dlaczego warto wybra\u0107 model GU50235-52001? Kompaktowy [&hellip;]<\/p>\n","protected":false},"featured_media":8516,"comment_status":"open","ping_status":"closed","template":"","meta":{"_acf_changed":false},"product_brand":[63],"product_cat":[50],"product_tag":[343,340,317,344,320,341,187,227,322,342],"class_list":{"0":"post-8515","1":"product","2":"type-product","3":"status-publish","4":"has-post-thumbnail","6":"product_brand-guess","7":"product_cat-okulary-korekcyjne","8":"product_tag-codzienne-okulary","9":"product_tag-gu50235","10":"product_tag-guess","11":"product_tag-kobiecy-design","12":"product_tag-lekkie-okulary","13":"product_tag-male-oprawki","14":"product_tag-minimalistyczne-okulary","15":"product_tag-pelna-oprawa","16":"product_tag-styl-premium","17":"product_tag-subtelna-elegancja","19":"first","20":"onbackorder","21":"shipping-taxable","22":"purchasable","23":"product-type-simple"},"acf":[],"_links":{"self":[{"href":"https:\/\/www.strzodowie.pl\/sklep\/wp-json\/wp\/v2\/product\/8515","targetHints":{"allow":["GET"]}}],"collection":[{"href":"https:\/\/www.strzodowie.pl\/sklep\/wp-json\/wp\/v2\/product"}],"about":[{"href":"https:\/\/www.strzodowie.pl\/sklep\/wp-json\/wp\/v2\/types\/product"}],"replies":[{"embeddable":true,"href":"https:\/\/www.strzodowie.pl\/sklep\/wp-json\/wp\/v2\/comments?post=8515"}],"wp:featuredmedia":[{"embeddable":true,"href":"https:\/\/www.strzodowie.pl\/sklep\/wp-json\/wp\/v2\/media\/8516"}],"wp:attachment":[{"href":"https:\/\/www.strzodowie.pl\/sklep\/wp-json\/wp\/v2\/media?parent=8515"}],"wp:term":[{"taxonomy":"product_brand","embeddable":true,"href":"https:\/\/www.strzodowie.pl\/sklep\/wp-json\/wp\/v2\/product_brand?post=8515"},{"taxonomy":"product_cat","embeddable":true,"href":"https:\/\/www.strzodowie.pl\/sklep\/wp-json\/wp\/v2\/product_cat?post=8515"},{"taxonomy":"product_tag","embeddable":true,"href":"https:\/\/www.strzodowie.pl\/sklep\/wp-json\/wp\/v2\/product_tag?post=8515"}],"curies":[{"name":"wp","href":"https:\/\/api.w.org\/{rel}","templated":true}]}}