{"id":8503,"date":"2025-10-10T14:12:13","date_gmt":"2025-10-10T12:12:13","guid":{"rendered":"https:\/\/www.strzodowie.pl\/sklep\/?post_type=product&#038;p=8503"},"modified":"2026-01-28T10:32:52","modified_gmt":"2026-01-28T09:32:52","slug":"guess-gu50224","status":"publish","type":"product","link":"https:\/\/www.strzodowie.pl\/sklep\/product\/guess-gu50224\/","title":{"rendered":"Guess GU50224"},"content":{"rendered":"<h3 data-start=\"436\" data-end=\"463\"><strong data-start=\"440\" data-end=\"463\">Guess GU50224-56059<\/strong><\/h3>\n<p data-start=\"465\" data-end=\"789\">Model GU50224-56059 to harmonijne po\u0142\u0105czenie klasycznej formy i subtelnego stylu. Pe\u0142ne oprawki w eleganckim wydaniu zosta\u0142y zaprojektowane z my\u015bl\u0105 o wygodzie codziennego u\u017cytkowania. Lekka konstrukcja i uniwersalny kszta\u0142t sprawiaj\u0105, \u017ce s\u0105 to okulary idealne do ka\u017cdej stylizacji, a delikatne logo Guess dodaje im presti\u017cu.<\/p>\n<p data-start=\"791\" data-end=\"1010\"><strong data-start=\"791\" data-end=\"811\">Dane techniczne:<\/strong><br data-start=\"811\" data-end=\"814\" \/>Szeroko\u015b\u0107 soczewki: 56 mm<br data-start=\"839\" data-end=\"842\" \/>Szeroko\u015b\u0107 mostka: 15 mm<br data-start=\"865\" data-end=\"868\" \/>D\u0142ugo\u015b\u0107 zausznika: 140 mm<br data-start=\"893\" data-end=\"896\" \/>Materia\u0142 oprawy: metal<br data-start=\"930\" data-end=\"933\" \/>Kolor oprawy: z\u0142ote<br data-start=\"985\" data-end=\"988\" \/>Rodzaj oprawy: pe\u0142na<\/p>\n<p data-start=\"1012\" data-end=\"1060\"><strong data-start=\"1012\" data-end=\"1058\">Dlaczego warto wybra\u0107 model GU50224-56059?<\/strong><\/p>\n<ul data-start=\"1061\" data-end=\"1319\">\n<li data-start=\"1061\" data-end=\"1105\">\n<p data-start=\"1063\" data-end=\"1105\">Klasyczny kszta\u0142t w nowoczesnym wydaniu.<\/p>\n<\/li>\n<li data-start=\"1106\" data-end=\"1165\">\n<p data-start=\"1108\" data-end=\"1165\">Lekka konstrukcja zapewniaj\u0105ca wygod\u0119 przez ca\u0142y dzie\u0144.<\/p>\n<\/li>\n<li data-start=\"1166\" data-end=\"1215\">\n<p data-start=\"1168\" data-end=\"1215\">Styl uniwersalny, pasuj\u0105cy do r\u00f3\u017cnych okazji.<\/p>\n<\/li>\n<li data-start=\"1216\" data-end=\"1264\">\n<p data-start=\"1218\" data-end=\"1264\">Subtelne logo Guess jako wyznacznik jako\u015bci.<\/p>\n<\/li>\n<li data-start=\"1265\" data-end=\"1319\">\n<p data-start=\"1267\" data-end=\"1319\">Idealne dla os\u00f3b ceni\u0105cych minimalizm i elegancj\u0119.<\/p>\n<\/li>\n<\/ul>\n","protected":false},"excerpt":{"rendered":"<p>Guess GU50224-56059 Model GU50224-56059 to harmonijne po\u0142\u0105czenie klasycznej formy i subtelnego stylu. Pe\u0142ne oprawki w eleganckim wydaniu zosta\u0142y zaprojektowane z my\u015bl\u0105 o wygodzie codziennego u\u017cytkowania. Lekka konstrukcja i uniwersalny kszta\u0142t sprawiaj\u0105, \u017ce s\u0105 to okulary idealne do ka\u017cdej stylizacji, a delikatne logo Guess dodaje im presti\u017cu. Dane techniczne:Szeroko\u015b\u0107 soczewki: 56 mmSzeroko\u015b\u0107 mostka: 15 mmD\u0142ugo\u015b\u0107 zausznika: [&hellip;]<\/p>\n","protected":false},"featured_media":8504,"comment_status":"open","ping_status":"closed","template":"","meta":{"_acf_changed":false},"product_brand":[63],"product_cat":[50],"product_tag":[323,319,318,317,321,320,166,227,322,324],"class_list":{"0":"post-8503","1":"product","2":"type-product","3":"status-publish","4":"has-post-thumbnail","6":"product_brand-guess","7":"product_cat-okulary-korekcyjne","8":"product_tag-codzienna-wygoda","9":"product_tag-damskie-oprawki","10":"product_tag-gu50224","11":"product_tag-guess","12":"product_tag-klasyczna-elegancja","13":"product_tag-lekkie-okulary","14":"product_tag-modne-okulary","15":"product_tag-pelna-oprawa","16":"product_tag-styl-premium","17":"product_tag-subtelne-logo","19":"first","20":"onbackorder","21":"shipping-taxable","22":"purchasable","23":"product-type-simple"},"acf":[],"_links":{"self":[{"href":"https:\/\/www.strzodowie.pl\/sklep\/wp-json\/wp\/v2\/product\/8503","targetHints":{"allow":["GET"]}}],"collection":[{"href":"https:\/\/www.strzodowie.pl\/sklep\/wp-json\/wp\/v2\/product"}],"about":[{"href":"https:\/\/www.strzodowie.pl\/sklep\/wp-json\/wp\/v2\/types\/product"}],"replies":[{"embeddable":true,"href":"https:\/\/www.strzodowie.pl\/sklep\/wp-json\/wp\/v2\/comments?post=8503"}],"wp:featuredmedia":[{"embeddable":true,"href":"https:\/\/www.strzodowie.pl\/sklep\/wp-json\/wp\/v2\/media\/8504"}],"wp:attachment":[{"href":"https:\/\/www.strzodowie.pl\/sklep\/wp-json\/wp\/v2\/media?parent=8503"}],"wp:term":[{"taxonomy":"product_brand","embeddable":true,"href":"https:\/\/www.strzodowie.pl\/sklep\/wp-json\/wp\/v2\/product_brand?post=8503"},{"taxonomy":"product_cat","embeddable":true,"href":"https:\/\/www.strzodowie.pl\/sklep\/wp-json\/wp\/v2\/product_cat?post=8503"},{"taxonomy":"product_tag","embeddable":true,"href":"https:\/\/www.strzodowie.pl\/sklep\/wp-json\/wp\/v2\/product_tag?post=8503"}],"curies":[{"name":"wp","href":"https:\/\/api.w.org\/{rel}","templated":true}]}}