{"id":8406,"date":"2025-09-15T14:29:32","date_gmt":"2025-09-15T12:29:32","guid":{"rendered":"https:\/\/www.strzodowie.pl\/sklep\/?post_type=product&#038;p=8406"},"modified":"2026-02-04T15:21:33","modified_gmt":"2026-02-04T14:21:33","slug":"bergman-b266-1","status":"publish","type":"product","link":"https:\/\/www.strzodowie.pl\/sklep\/product\/bergman-b266-1\/","title":{"rendered":"Bergman B266-1"},"content":{"rendered":"<p data-start=\"168\" data-end=\"360\">Model Bergman B266-1 to modne okulary przeciws\u0142oneczne w nowoczesnym wydaniu. Dzi\u0119ki szerokiemu mostkowi i wygodnym zausznikom doskonale dopasowuj\u0105 si\u0119 do twarzy, gwarantuj\u0105c komfort i styl.<\/p>\n<p data-start=\"362\" data-end=\"569\"><strong data-start=\"362\" data-end=\"382\">Dane techniczne:<\/strong><br data-start=\"382\" data-end=\"385\" \/>\u2022 Szeroko\u015b\u0107 soczewki: 54 mm.<br data-start=\"413\" data-end=\"416\" \/>\u2022 Szeroko\u015b\u0107 mostka: 22 mm.<br data-start=\"442\" data-end=\"445\" \/>\u2022 D\u0142ugo\u015b\u0107 zausznika: 145 mm.<br data-start=\"473\" data-end=\"476\" \/>\u2022 Materia\u0142 oprawy: acetat.<br data-start=\"502\" data-end=\"505\" \/>\u2022 Kolor: szary, transparentny<br data-start=\"521\" data-end=\"524\" \/>\u2022 Rodzaj oprawy: pe\u0142na.<br data-start=\"547\" data-end=\"550\" \/>\u2022 Filtr UV: 100%.<\/p>\n<p data-start=\"571\" data-end=\"739\"><strong data-start=\"571\" data-end=\"610\">Dlaczego warto wybra\u0107 model B266-1?<\/strong><br data-start=\"610\" data-end=\"613\" \/>\u2022 Stylowy, wsp\u00f3\u0142czesny kszta\u0142t.<br data-start=\"644\" data-end=\"647\" \/>\u2022 Komfortowe noszenie dzi\u0119ki ergonomicznej budowie.<br data-start=\"698\" data-end=\"701\" \/>\u2022 Elegancja i ochrona oczu w jednym.<\/p>\n","protected":false},"excerpt":{"rendered":"<p>Model Bergman B266-1 to modne okulary przeciws\u0142oneczne w nowoczesnym wydaniu. Dzi\u0119ki szerokiemu mostkowi i wygodnym zausznikom doskonale dopasowuj\u0105 si\u0119 do twarzy, gwarantuj\u0105c komfort i styl. Dane techniczne:\u2022 Szeroko\u015b\u0107 soczewki: 54 mm.\u2022 Szeroko\u015b\u0107 mostka: 22 mm.\u2022 D\u0142ugo\u015b\u0107 zausznika: 145 mm.\u2022 Materia\u0142 oprawy: acetat.\u2022 Kolor: szary, transparentny\u2022 Rodzaj oprawy: pe\u0142na.\u2022 Filtr UV: 100%. Dlaczego warto wybra\u0107 model [&hellip;]<\/p>\n","protected":false},"featured_media":9127,"comment_status":"open","ping_status":"closed","template":"","meta":{"_acf_changed":false},"product_brand":[],"product_cat":[51],"product_tag":[176,169,188,166,177,173,150,189],"class_list":{"0":"post-8406","1":"product","2":"type-product","3":"status-publish","4":"has-post-thumbnail","6":"product_cat-okulary-przeciwsloneczne","7":"product_tag-bergman","8":"product_tag-czarne-oprawki","9":"product_tag-elegancja","10":"product_tag-modne-okulary","11":"product_tag-nowoczesny-design","12":"product_tag-ochrona-uv","13":"product_tag-okulary-przeciwsloneczne","14":"product_tag-stylowe-dodatki","16":"first","17":"onbackorder","18":"shipping-taxable","19":"purchasable","20":"product-type-simple"},"acf":[],"_links":{"self":[{"href":"https:\/\/www.strzodowie.pl\/sklep\/wp-json\/wp\/v2\/product\/8406","targetHints":{"allow":["GET"]}}],"collection":[{"href":"https:\/\/www.strzodowie.pl\/sklep\/wp-json\/wp\/v2\/product"}],"about":[{"href":"https:\/\/www.strzodowie.pl\/sklep\/wp-json\/wp\/v2\/types\/product"}],"replies":[{"embeddable":true,"href":"https:\/\/www.strzodowie.pl\/sklep\/wp-json\/wp\/v2\/comments?post=8406"}],"wp:featuredmedia":[{"embeddable":true,"href":"https:\/\/www.strzodowie.pl\/sklep\/wp-json\/wp\/v2\/media\/9127"}],"wp:attachment":[{"href":"https:\/\/www.strzodowie.pl\/sklep\/wp-json\/wp\/v2\/media?parent=8406"}],"wp:term":[{"taxonomy":"product_brand","embeddable":true,"href":"https:\/\/www.strzodowie.pl\/sklep\/wp-json\/wp\/v2\/product_brand?post=8406"},{"taxonomy":"product_cat","embeddable":true,"href":"https:\/\/www.strzodowie.pl\/sklep\/wp-json\/wp\/v2\/product_cat?post=8406"},{"taxonomy":"product_tag","embeddable":true,"href":"https:\/\/www.strzodowie.pl\/sklep\/wp-json\/wp\/v2\/product_tag?post=8406"}],"curies":[{"name":"wp","href":"https:\/\/api.w.org\/{rel}","templated":true}]}}