{"id":8324,"date":"2025-09-03T15:30:15","date_gmt":"2025-09-03T13:30:15","guid":{"rendered":"https:\/\/www.strzodowie.pl\/sklep\/?post_type=product&#038;p=8324"},"modified":"2026-02-06T13:19:15","modified_gmt":"2026-02-06T12:19:15","slug":"orange-8542-c6","status":"publish","type":"product","link":"https:\/\/www.strzodowie.pl\/sklep\/product\/orange-8542-c6\/","title":{"rendered":"Orange 8542 C6"},"content":{"rendered":"<p data-start=\"1604\" data-end=\"1841\"><strong data-start=\"1604\" data-end=\"1628\">Model Orange 8542 C6<\/strong> to lekkie oprawki dla dzieci wykonane z wytrzyma\u0142ego materia\u0142u TR, kt\u00f3ry doskonale sprawdza si\u0119 w codziennym u\u017cytkowaniu. Mniejszy rozmiar i klasyczna forma czyni\u0105 ten model idealnym wyborem dla m\u0142odszych dzieci.<\/p>\n<p data-start=\"1843\" data-end=\"2044\"><strong data-start=\"1843\" data-end=\"1863\">Dane techniczne:<\/strong><br data-start=\"1863\" data-end=\"1866\" \/>\u2022 Szeroko\u015b\u0107 soczewki: 44 mm.<br data-start=\"1894\" data-end=\"1897\" \/>\u2022 Szeroko\u015b\u0107 mostka: 13 mm.<br data-start=\"1923\" data-end=\"1926\" \/>\u2022 D\u0142ugo\u015b\u0107 zausznika: 118 mm.<br data-start=\"1954\" data-end=\"1957\" \/>\u2022 Materia\u0142 oprawy: TR.<br data-start=\"1979\" data-end=\"1982\" \/>\u2022 Kolor: C6.<br data-start=\"1994\" data-end=\"1997\" \/>\u2022 Rodzaj oprawy: pe\u0142na.<br data-start=\"2020\" data-end=\"2023\" \/>\u2022 Zawiasy: klasyczne.<\/p>\n<p data-start=\"2046\" data-end=\"2269\"><strong data-start=\"2046\" data-end=\"2093\">Dlaczego warto wybra\u0107 model Orange 8542 C6?<\/strong><br data-start=\"2093\" data-end=\"2096\" \/>\u2022 Lekka i bezpieczna konstrukcja z tworzywa TR.<br data-start=\"2143\" data-end=\"2146\" \/>\u2022 Idealne dopasowanie dla m\u0142odszych dzieci.<br data-start=\"2189\" data-end=\"2192\" \/>\u2022 Wygodne noszenie przez ca\u0142y dzie\u0144.<br data-start=\"2228\" data-end=\"2231\" \/>\u2022 Stylowy wygl\u0105d w dzieci\u0119cym wydaniu.<\/p>\n","protected":false},"excerpt":{"rendered":"<p>Model Orange 8542 C6 to lekkie oprawki dla dzieci wykonane z wytrzyma\u0142ego materia\u0142u TR, kt\u00f3ry doskonale sprawdza si\u0119 w codziennym u\u017cytkowaniu. Mniejszy rozmiar i klasyczna forma czyni\u0105 ten model idealnym wyborem dla m\u0142odszych dzieci. Dane techniczne:\u2022 Szeroko\u015b\u0107 soczewki: 44 mm.\u2022 Szeroko\u015b\u0107 mostka: 13 mm.\u2022 D\u0142ugo\u015b\u0107 zausznika: 118 mm.\u2022 Materia\u0142 oprawy: TR.\u2022 Kolor: C6.\u2022 Rodzaj oprawy: [&hellip;]<\/p>\n","protected":false},"featured_media":9133,"comment_status":"open","ping_status":"closed","template":"","meta":{"_acf_changed":false},"product_brand":[],"product_cat":[116,50],"product_tag":[128,129,127,120,125,131,130,126,123],"class_list":{"0":"post-8324","1":"product","2":"type-product","3":"status-publish","4":"has-post-thumbnail","6":"product_cat-dzieciece","7":"product_cat-okulary-korekcyjne","8":"product_tag-elastyczne-oprawki-dla-dzieci","9":"product_tag-kolorowe-okulary-dzieciece","10":"product_tag-lekkie-i-bezpieczne-okulary","11":"product_tag-lekkie-okulary-dla-dzieci","12":"product_tag-okulary-dla-mlodszych-dzieci","13":"product_tag-okulary-do-nauki","14":"product_tag-okulary-z-tworzywa-tr","15":"product_tag-oprawki-tr90","16":"product_tag-trwale-okulary-dzieciece","18":"first","19":"onbackorder","20":"shipping-taxable","21":"purchasable","22":"product-type-simple"},"acf":[],"_links":{"self":[{"href":"https:\/\/www.strzodowie.pl\/sklep\/wp-json\/wp\/v2\/product\/8324","targetHints":{"allow":["GET"]}}],"collection":[{"href":"https:\/\/www.strzodowie.pl\/sklep\/wp-json\/wp\/v2\/product"}],"about":[{"href":"https:\/\/www.strzodowie.pl\/sklep\/wp-json\/wp\/v2\/types\/product"}],"replies":[{"embeddable":true,"href":"https:\/\/www.strzodowie.pl\/sklep\/wp-json\/wp\/v2\/comments?post=8324"}],"wp:featuredmedia":[{"embeddable":true,"href":"https:\/\/www.strzodowie.pl\/sklep\/wp-json\/wp\/v2\/media\/9133"}],"wp:attachment":[{"href":"https:\/\/www.strzodowie.pl\/sklep\/wp-json\/wp\/v2\/media?parent=8324"}],"wp:term":[{"taxonomy":"product_brand","embeddable":true,"href":"https:\/\/www.strzodowie.pl\/sklep\/wp-json\/wp\/v2\/product_brand?post=8324"},{"taxonomy":"product_cat","embeddable":true,"href":"https:\/\/www.strzodowie.pl\/sklep\/wp-json\/wp\/v2\/product_cat?post=8324"},{"taxonomy":"product_tag","embeddable":true,"href":"https:\/\/www.strzodowie.pl\/sklep\/wp-json\/wp\/v2\/product_tag?post=8324"}],"curies":[{"name":"wp","href":"https:\/\/api.w.org\/{rel}","templated":true}]}}