{"id":8320,"date":"2025-09-03T15:13:15","date_gmt":"2025-09-03T13:13:15","guid":{"rendered":"https:\/\/www.strzodowie.pl\/sklep\/?post_type=product&#038;p=8320"},"modified":"2026-02-06T13:20:03","modified_gmt":"2026-02-06T12:20:03","slug":"orange-8062-c3","status":"publish","type":"product","link":"https:\/\/www.strzodowie.pl\/sklep\/product\/orange-8062-c3\/","title":{"rendered":"Orange 8062 C3"},"content":{"rendered":"<p data-start=\"914\" data-end=\"1151\"><strong data-start=\"914\" data-end=\"938\">Model Orange 8062 C3<\/strong> to eleganckie oprawki dzieci\u0119ce o klasycznej formie i smuk\u0142ej, metalowej konstrukcji. Dzi\u0119ki wywa\u017conym proporcjom i ponadczasowemu kolorowi C3, model ten \u015bwietnie sprawdzi si\u0119 zar\u00f3wno w szkole, jak i na co dzie\u0144.<\/p>\n<p data-start=\"1153\" data-end=\"1357\"><strong data-start=\"1153\" data-end=\"1173\">Dane techniczne:<\/strong><br data-start=\"1173\" data-end=\"1176\" \/>\u2022 Szeroko\u015b\u0107 soczewki: 48 mm.<br data-start=\"1204\" data-end=\"1207\" \/>\u2022 Szeroko\u015b\u0107 mostka: 17 mm.<br data-start=\"1233\" data-end=\"1236\" \/>\u2022 D\u0142ugo\u015b\u0107 zausznika: 130 mm.<br data-start=\"1264\" data-end=\"1267\" \/>\u2022 Materia\u0142 oprawy: metal.<br data-start=\"1292\" data-end=\"1295\" \/>\u2022 Kolor: C3.<br data-start=\"1307\" data-end=\"1310\" \/>\u2022 Rodzaj oprawy: pe\u0142na.<br data-start=\"1333\" data-end=\"1336\" \/>\u2022 Zawiasy: klasyczne.<\/p>\n<p data-start=\"1359\" data-end=\"1597\"><strong data-start=\"1359\" data-end=\"1406\">Dlaczego warto wybra\u0107 model Orange 8062 C3?<\/strong><br data-start=\"1406\" data-end=\"1409\" \/>\u2022 Klasyczny wygl\u0105d z nut\u0105 nowoczesno\u015bci.<br data-start=\"1449\" data-end=\"1452\" \/>\u2022 Wytrzyma\u0142a, a zarazem lekka konstrukcja.<br data-start=\"1494\" data-end=\"1497\" \/>\u2022 \u015awietne dopasowanie do r\u00f3\u017cnych kszta\u0142t\u00f3w twarzy.<br data-start=\"1547\" data-end=\"1550\" \/>\u2022 Praktyczne i stylowe rozwi\u0105zanie na co dzie\u0144.<\/p>\n","protected":false},"excerpt":{"rendered":"<p>Model Orange 8062 C3 to eleganckie oprawki dzieci\u0119ce o klasycznej formie i smuk\u0142ej, metalowej konstrukcji. Dzi\u0119ki wywa\u017conym proporcjom i ponadczasowemu kolorowi C3, model ten \u015bwietnie sprawdzi si\u0119 zar\u00f3wno w szkole, jak i na co dzie\u0144. Dane techniczne:\u2022 Szeroko\u015b\u0107 soczewki: 48 mm.\u2022 Szeroko\u015b\u0107 mostka: 17 mm.\u2022 D\u0142ugo\u015b\u0107 zausznika: 130 mm.\u2022 Materia\u0142 oprawy: metal.\u2022 Kolor: C3.\u2022 Rodzaj [&hellip;]<\/p>\n","protected":false},"featured_media":9134,"comment_status":"open","ping_status":"closed","template":"","meta":{"_acf_changed":false},"product_brand":[],"product_cat":[116,50],"product_tag":[121,120,124,122,117,118,123],"class_list":{"0":"post-8320","1":"product","2":"type-product","3":"status-publish","4":"has-post-thumbnail","6":"product_cat-dzieciece","7":"product_cat-okulary-korekcyjne","8":"product_tag-eleganckie-okulary-mlodziezowe","9":"product_tag-lekkie-okulary-dla-dzieci","10":"product_tag-metalowe-oprawki-dzieciece","11":"product_tag-okulary-do-szkoly","12":"product_tag-okulary-dzieciece","13":"product_tag-okulary-korekcyjne","14":"product_tag-trwale-okulary-dzieciece","16":"first","17":"onbackorder","18":"shipping-taxable","19":"purchasable","20":"product-type-simple"},"acf":[],"_links":{"self":[{"href":"https:\/\/www.strzodowie.pl\/sklep\/wp-json\/wp\/v2\/product\/8320","targetHints":{"allow":["GET"]}}],"collection":[{"href":"https:\/\/www.strzodowie.pl\/sklep\/wp-json\/wp\/v2\/product"}],"about":[{"href":"https:\/\/www.strzodowie.pl\/sklep\/wp-json\/wp\/v2\/types\/product"}],"replies":[{"embeddable":true,"href":"https:\/\/www.strzodowie.pl\/sklep\/wp-json\/wp\/v2\/comments?post=8320"}],"wp:featuredmedia":[{"embeddable":true,"href":"https:\/\/www.strzodowie.pl\/sklep\/wp-json\/wp\/v2\/media\/9134"}],"wp:attachment":[{"href":"https:\/\/www.strzodowie.pl\/sklep\/wp-json\/wp\/v2\/media?parent=8320"}],"wp:term":[{"taxonomy":"product_brand","embeddable":true,"href":"https:\/\/www.strzodowie.pl\/sklep\/wp-json\/wp\/v2\/product_brand?post=8320"},{"taxonomy":"product_cat","embeddable":true,"href":"https:\/\/www.strzodowie.pl\/sklep\/wp-json\/wp\/v2\/product_cat?post=8320"},{"taxonomy":"product_tag","embeddable":true,"href":"https:\/\/www.strzodowie.pl\/sklep\/wp-json\/wp\/v2\/product_tag?post=8320"}],"curies":[{"name":"wp","href":"https:\/\/api.w.org\/{rel}","templated":true}]}}