{"id":8288,"date":"2025-08-29T14:34:42","date_gmt":"2025-08-29T12:34:42","guid":{"rendered":"https:\/\/www.strzodowie.pl\/sklep\/?post_type=product&#038;p=8288"},"modified":"2026-02-06T14:23:18","modified_gmt":"2026-02-06T13:23:18","slug":"orange-oc433-c7","status":"publish","type":"product","link":"https:\/\/www.strzodowie.pl\/sklep\/product\/orange-oc433-c7\/","title":{"rendered":"Orange OC433 C7"},"content":{"rendered":"<h3 class=\"western\">OC433 C7 \u2013 elegancja i prostota dla najm\u0142odszych<\/h3>\n<p>Model OC433 C7 to dzieci\u0119ce oprawki w eleganckim wydaniu. Smuk\u0142a, metalowa konstrukcja oraz subtelny kolor sprawiaj\u0105, \u017ce s\u0105 to oprawki idealne dla starszych dzieci i m\u0142odzie\u017cy, kt\u00f3re szukaj\u0105 lekkich i trwa\u0142ych rozwi\u0105za\u0144 na co dzie\u0144.<\/p>\n<p><strong>Dane techniczne:<\/strong><br \/>\n\u2022 Szeroko\u015b\u0107 soczewki: 49 mm.<br \/>\n\u2022 Szeroko\u015b\u0107 mostka: 16 mm.<br \/>\n\u2022 D\u0142ugo\u015b\u0107 zausznika: 135 mm.<br \/>\n\u2022 Materia\u0142 oprawy: metal.<br \/>\n\u2022 Kolor: C7.<br \/>\n\u2022 Rodzaj oprawy: pe\u0142na.<br \/>\n\u2022 Zawiasy: klasyczne.<\/p>\n<p><strong>Dlaczego warto wybra\u0107 model OC433 C7?<\/strong><br \/>\n\u2022 Subtelny wygl\u0105d odpowiedni dla starszych dzieci.<br \/>\n\u2022 Trwa\u0142a konstrukcja z lekkiego metalu.<br \/>\n\u2022 Dopasowane do r\u00f3\u017cnych kszta\u0142t\u00f3w twarzy.<br \/>\n\u2022 Wygodne w noszeniu przez ca\u0142y dzie\u0144.<\/p>\n","protected":false},"excerpt":{"rendered":"<p>OC433 C7 \u2013 elegancja i prostota dla najm\u0142odszych Model OC433 C7 to dzieci\u0119ce oprawki w eleganckim wydaniu. Smuk\u0142a, metalowa konstrukcja oraz subtelny kolor sprawiaj\u0105, \u017ce s\u0105 to oprawki idealne dla starszych dzieci i m\u0142odzie\u017cy, kt\u00f3re szukaj\u0105 lekkich i trwa\u0142ych rozwi\u0105za\u0144 na co dzie\u0144. Dane techniczne: \u2022 Szeroko\u015b\u0107 soczewki: 49 mm. \u2022 Szeroko\u015b\u0107 mostka: 16 mm. [&hellip;]<\/p>\n","protected":false},"featured_media":9153,"comment_status":"open","ping_status":"closed","template":"","meta":{"_acf_changed":false},"product_brand":[],"product_cat":[116,103,50],"product_tag":[106,115,112,105,117,114,111,110],"class_list":{"0":"post-8288","1":"product","2":"type-product","3":"status-publish","4":"has-post-thumbnail","6":"product_cat-dzieciece","7":"product_cat-okulary-korekcyjne-z-nakladka","8":"product_cat-okulary-korekcyjne","9":"product_tag-nakladki-na-okulary","10":"product_tag-okulary-2w-1","11":"product_tag-okulary-2w1-clip-on","12":"product_tag-okulary-clip-on","13":"product_tag-okulary-dzieciece","14":"product_tag-okulary-korekcyjne-z-nakladka","15":"product_tag-okulary-z-filtrem-uv","16":"product_tag-okulary-z-polaryzacja","18":"first","19":"onbackorder","20":"shipping-taxable","21":"purchasable","22":"product-type-simple"},"acf":[],"_links":{"self":[{"href":"https:\/\/www.strzodowie.pl\/sklep\/wp-json\/wp\/v2\/product\/8288","targetHints":{"allow":["GET"]}}],"collection":[{"href":"https:\/\/www.strzodowie.pl\/sklep\/wp-json\/wp\/v2\/product"}],"about":[{"href":"https:\/\/www.strzodowie.pl\/sklep\/wp-json\/wp\/v2\/types\/product"}],"replies":[{"embeddable":true,"href":"https:\/\/www.strzodowie.pl\/sklep\/wp-json\/wp\/v2\/comments?post=8288"}],"wp:featuredmedia":[{"embeddable":true,"href":"https:\/\/www.strzodowie.pl\/sklep\/wp-json\/wp\/v2\/media\/9153"}],"wp:attachment":[{"href":"https:\/\/www.strzodowie.pl\/sklep\/wp-json\/wp\/v2\/media?parent=8288"}],"wp:term":[{"taxonomy":"product_brand","embeddable":true,"href":"https:\/\/www.strzodowie.pl\/sklep\/wp-json\/wp\/v2\/product_brand?post=8288"},{"taxonomy":"product_cat","embeddable":true,"href":"https:\/\/www.strzodowie.pl\/sklep\/wp-json\/wp\/v2\/product_cat?post=8288"},{"taxonomy":"product_tag","embeddable":true,"href":"https:\/\/www.strzodowie.pl\/sklep\/wp-json\/wp\/v2\/product_tag?post=8288"}],"curies":[{"name":"wp","href":"https:\/\/api.w.org\/{rel}","templated":true}]}}