{"id":8260,"date":"2025-08-29T12:17:42","date_gmt":"2025-08-29T10:17:42","guid":{"rendered":"https:\/\/www.strzodowie.pl\/sklep\/?post_type=product&#038;p=8260"},"modified":"2026-02-06T13:20:53","modified_gmt":"2026-02-06T12:20:53","slug":"orange-8940-c6","status":"publish","type":"product","link":"https:\/\/www.strzodowie.pl\/sklep\/product\/orange-8940-c6\/","title":{"rendered":"Orange 8940 C6"},"content":{"rendered":"<h3 class=\"western\"><strong>8940 C6 \u2013 funkcjonalno\u015b\u0107 i design w wersji dzieci\u0119cej<\/strong><\/h3>\n<p>Model 8940 C6 to dzieci\u0119ce oprawki, kt\u00f3re wygl\u0105dem przypominaj\u0105 doros\u0142e, ale s\u0105 wykonane w technologii idealnej dla najm\u0142odszych. TR90 zapewnia lekko\u015b\u0107 i odporno\u015b\u0107, a neutralna kolorystyka sprawdzi si\u0119 zar\u00f3wno u ch\u0142opc\u00f3w, jak i dziewczynek.<\/p>\n<p><strong>Dane techniczne:<\/strong><\/p>\n<ul>\n<li>Szeroko\u015b\u0107 soczewki (tarcza): 51 mm<\/li>\n<li>Szeroko\u015b\u0107 mostka: 17 mm<\/li>\n<li>D\u0142ugo\u015b\u0107 zausznika: 140 mm<\/li>\n<li>Materia\u0142 oprawy: TR90<\/li>\n<li>Kolor: C6<\/li>\n<li>Rodzaj oprawy: pe\u0142na<\/li>\n<li>Zawiasy: klasyczne<\/li>\n<\/ul>\n<p><strong>Dlaczego warto wybra\u0107 model 8940 C6?<\/strong><\/p>\n<ul>\n<li>Stylowy wygl\u0105d dla starszych dzieci i nastolatk\u00f3w<\/li>\n<li>TR90 \u2013 lekko\u015b\u0107, gi\u0119tko\u015b\u0107, odporno\u015b\u0107<\/li>\n<li>Dopasowane do kszta\u0142tu twarzy<\/li>\n<li>Komfortowe w noszeniu przez ca\u0142y dzie\u0144<\/li>\n<\/ul>\n","protected":false},"excerpt":{"rendered":"<p>8940 C6 \u2013 funkcjonalno\u015b\u0107 i design w wersji dzieci\u0119cej Model 8940 C6 to dzieci\u0119ce oprawki, kt\u00f3re wygl\u0105dem przypominaj\u0105 doros\u0142e, ale s\u0105 wykonane w technologii idealnej dla najm\u0142odszych. TR90 zapewnia lekko\u015b\u0107 i odporno\u015b\u0107, a neutralna kolorystyka sprawdzi si\u0119 zar\u00f3wno u ch\u0142opc\u00f3w, jak i dziewczynek. Dane techniczne: Szeroko\u015b\u0107 soczewki (tarcza): 51 mm Szeroko\u015b\u0107 mostka: 17 mm D\u0142ugo\u015b\u0107 [&hellip;]<\/p>\n","protected":false},"featured_media":9137,"comment_status":"open","ping_status":"closed","template":"","meta":{"_acf_changed":false},"product_brand":[],"product_cat":[116,103,50],"product_tag":[106,115,112,105,117,114,111,110],"class_list":{"0":"post-8260","1":"product","2":"type-product","3":"status-publish","4":"has-post-thumbnail","6":"product_cat-dzieciece","7":"product_cat-okulary-korekcyjne-z-nakladka","8":"product_cat-okulary-korekcyjne","9":"product_tag-nakladki-na-okulary","10":"product_tag-okulary-2w-1","11":"product_tag-okulary-2w1-clip-on","12":"product_tag-okulary-clip-on","13":"product_tag-okulary-dzieciece","14":"product_tag-okulary-korekcyjne-z-nakladka","15":"product_tag-okulary-z-filtrem-uv","16":"product_tag-okulary-z-polaryzacja","18":"first","19":"onbackorder","20":"shipping-taxable","21":"purchasable","22":"product-type-simple"},"acf":[],"_links":{"self":[{"href":"https:\/\/www.strzodowie.pl\/sklep\/wp-json\/wp\/v2\/product\/8260","targetHints":{"allow":["GET"]}}],"collection":[{"href":"https:\/\/www.strzodowie.pl\/sklep\/wp-json\/wp\/v2\/product"}],"about":[{"href":"https:\/\/www.strzodowie.pl\/sklep\/wp-json\/wp\/v2\/types\/product"}],"replies":[{"embeddable":true,"href":"https:\/\/www.strzodowie.pl\/sklep\/wp-json\/wp\/v2\/comments?post=8260"}],"wp:featuredmedia":[{"embeddable":true,"href":"https:\/\/www.strzodowie.pl\/sklep\/wp-json\/wp\/v2\/media\/9137"}],"wp:attachment":[{"href":"https:\/\/www.strzodowie.pl\/sklep\/wp-json\/wp\/v2\/media?parent=8260"}],"wp:term":[{"taxonomy":"product_brand","embeddable":true,"href":"https:\/\/www.strzodowie.pl\/sklep\/wp-json\/wp\/v2\/product_brand?post=8260"},{"taxonomy":"product_cat","embeddable":true,"href":"https:\/\/www.strzodowie.pl\/sklep\/wp-json\/wp\/v2\/product_cat?post=8260"},{"taxonomy":"product_tag","embeddable":true,"href":"https:\/\/www.strzodowie.pl\/sklep\/wp-json\/wp\/v2\/product_tag?post=8260"}],"curies":[{"name":"wp","href":"https:\/\/api.w.org\/{rel}","templated":true}]}}