{"id":8168,"date":"2025-08-22T11:48:17","date_gmt":"2025-08-22T09:48:17","guid":{"rendered":"https:\/\/www.strzodowie.pl\/sklep\/?post_type=product&#038;p=8168"},"modified":"2026-02-06T15:12:01","modified_gmt":"2026-02-06T14:12:01","slug":"bergman-bc873-c6","status":"publish","type":"product","link":"https:\/\/www.strzodowie.pl\/sklep\/product\/bergman-bc873-c6\/","title":{"rendered":"Bergman BC873 C6"},"content":{"rendered":"<h3 data-start=\"2112\" data-end=\"2170\"><strong data-start=\"2116\" data-end=\"2170\">Bergman BC873 C6 \u2013 solidno\u015b\u0107 z wyrazistym akcentem<\/strong><\/h3>\n<p data-start=\"2172\" data-end=\"2377\">Model BC873 C6 to wyb\u00f3r dla os\u00f3b, kt\u00f3re ceni\u0105 sobie klasyczne formy z lekkim zaci\u0119ciem nowoczesno\u015bci. Oprawki zachwycaj\u0105 prost\u0105, ale zdecydowan\u0105 lini\u0105, kt\u00f3ra \u015bwietnie komponuje si\u0119 z wieloma typami twarzy.<\/p>\n<p data-start=\"2379\" data-end=\"2547\">Wykonane z wysokiej jako\u015bci ultemu, gwarantuj\u0105 wytrzyma\u0142o\u015b\u0107 i komfort u\u017cytkowania. Kolor C6 nadaje im nieco odwa\u017cniejszy charakter, nie rezygnuj\u0105c przy tym z elegancji.<\/p>\n<p data-start=\"2549\" data-end=\"2569\"><strong data-start=\"2549\" data-end=\"2569\">Dane techniczne:<\/strong><\/p>\n<ul data-start=\"2570\" data-end=\"2753\">\n<li data-start=\"2570\" data-end=\"2608\">\n<p data-start=\"2572\" data-end=\"2608\">Szeroko\u015b\u0107 soczewki (tarcza): 55 mm<\/p>\n<\/li>\n<li data-start=\"2609\" data-end=\"2636\">\n<p data-start=\"2611\" data-end=\"2636\">Szeroko\u015b\u0107 mostka: 17 mm<\/p>\n<\/li>\n<li data-start=\"2637\" data-end=\"2666\">\n<p data-start=\"2639\" data-end=\"2666\">D\u0142ugo\u015b\u0107 zausznika: 145 mm<\/p>\n<\/li>\n<li data-start=\"2667\" data-end=\"2693\">\n<p data-start=\"2669\" data-end=\"2693\">Materia\u0142 oprawy: ultem<\/p>\n<\/li>\n<li data-start=\"2694\" data-end=\"2707\">\n<p data-start=\"2696\" data-end=\"2707\">Kolor: C6<\/p>\n<\/li>\n<li data-start=\"2708\" data-end=\"2732\">\n<p data-start=\"2710\" data-end=\"2732\">Rodzaj oprawy: pe\u0142na<\/p>\n<\/li>\n<li data-start=\"2733\" data-end=\"2753\">\n<p data-start=\"2735\" data-end=\"2753\">Zawiasy: klasyczne<\/p>\n<\/li>\n<\/ul>\n<p data-start=\"2755\" data-end=\"2798\"><strong data-start=\"2755\" data-end=\"2798\">Dlaczego warto wybra\u0107 Bergman BC873 C6?<\/strong><\/p>\n<ul data-start=\"2799\" data-end=\"2955\">\n<li data-start=\"2799\" data-end=\"2825\">\n<p data-start=\"2801\" data-end=\"2825\">Stylowy i solidny wygl\u0105d<\/p>\n<\/li>\n<li data-start=\"2826\" data-end=\"2870\">\n<p data-start=\"2828\" data-end=\"2870\">Metalowa konstrukcja zapewniaj\u0105ca trwa\u0142o\u015b\u0107<\/p>\n<\/li>\n<li data-start=\"2871\" data-end=\"2903\">\n<p data-start=\"2873\" data-end=\"2903\">Wyrazisty, ale elegancki kolor<\/p>\n<\/li>\n<li data-start=\"2904\" data-end=\"2955\">\n<p data-start=\"2906\" data-end=\"2955\">Doskona\u0142e do codziennego i profesjonalnego u\u017cytku<\/p>\n<\/li>\n<\/ul>\n","protected":false},"excerpt":{"rendered":"<p>Bergman BC873 C6 \u2013 solidno\u015b\u0107 z wyrazistym akcentem Model BC873 C6 to wyb\u00f3r dla os\u00f3b, kt\u00f3re ceni\u0105 sobie klasyczne formy z lekkim zaci\u0119ciem nowoczesno\u015bci. Oprawki zachwycaj\u0105 prost\u0105, ale zdecydowan\u0105 lini\u0105, kt\u00f3ra \u015bwietnie komponuje si\u0119 z wieloma typami twarzy. Wykonane z wysokiej jako\u015bci ultemu, gwarantuj\u0105 wytrzyma\u0142o\u015b\u0107 i komfort u\u017cytkowania. Kolor C6 nadaje im nieco odwa\u017cniejszy charakter, [&hellip;]<\/p>\n","protected":false},"featured_media":9183,"comment_status":"open","ping_status":"closed","template":"","meta":{"_acf_changed":false},"product_brand":[],"product_cat":[103,50],"product_tag":[106,115,112,105,114,111,110],"class_list":{"0":"post-8168","1":"product","2":"type-product","3":"status-publish","4":"has-post-thumbnail","6":"product_cat-okulary-korekcyjne-z-nakladka","7":"product_cat-okulary-korekcyjne","8":"product_tag-nakladki-na-okulary","9":"product_tag-okulary-2w-1","10":"product_tag-okulary-2w1-clip-on","11":"product_tag-okulary-clip-on","12":"product_tag-okulary-korekcyjne-z-nakladka","13":"product_tag-okulary-z-filtrem-uv","14":"product_tag-okulary-z-polaryzacja","16":"first","17":"onbackorder","18":"shipping-taxable","19":"purchasable","20":"product-type-simple"},"acf":[],"_links":{"self":[{"href":"https:\/\/www.strzodowie.pl\/sklep\/wp-json\/wp\/v2\/product\/8168","targetHints":{"allow":["GET"]}}],"collection":[{"href":"https:\/\/www.strzodowie.pl\/sklep\/wp-json\/wp\/v2\/product"}],"about":[{"href":"https:\/\/www.strzodowie.pl\/sklep\/wp-json\/wp\/v2\/types\/product"}],"replies":[{"embeddable":true,"href":"https:\/\/www.strzodowie.pl\/sklep\/wp-json\/wp\/v2\/comments?post=8168"}],"wp:featuredmedia":[{"embeddable":true,"href":"https:\/\/www.strzodowie.pl\/sklep\/wp-json\/wp\/v2\/media\/9183"}],"wp:attachment":[{"href":"https:\/\/www.strzodowie.pl\/sklep\/wp-json\/wp\/v2\/media?parent=8168"}],"wp:term":[{"taxonomy":"product_brand","embeddable":true,"href":"https:\/\/www.strzodowie.pl\/sklep\/wp-json\/wp\/v2\/product_brand?post=8168"},{"taxonomy":"product_cat","embeddable":true,"href":"https:\/\/www.strzodowie.pl\/sklep\/wp-json\/wp\/v2\/product_cat?post=8168"},{"taxonomy":"product_tag","embeddable":true,"href":"https:\/\/www.strzodowie.pl\/sklep\/wp-json\/wp\/v2\/product_tag?post=8168"}],"curies":[{"name":"wp","href":"https:\/\/api.w.org\/{rel}","templated":true}]}}