{"id":8140,"date":"2025-08-04T14:02:51","date_gmt":"2025-08-04T12:02:51","guid":{"rendered":"https:\/\/www.strzodowie.pl\/sklep\/?post_type=product&#038;p=8140"},"modified":"2026-02-06T15:09:29","modified_gmt":"2026-02-06T14:09:29","slug":"bergman-bc310-c3-2","status":"publish","type":"product","link":"https:\/\/www.strzodowie.pl\/sklep\/product\/bergman-bc310-c3-2\/","title":{"rendered":"Bergman BC310 C3"},"content":{"rendered":"<h3 data-start=\"280\" data-end=\"340\"><strong data-start=\"284\" data-end=\"340\">Bergman BC310 C3 \u2013 styl i funkcjonalno\u015b\u0107 na co dzie\u0144<\/strong><\/h3>\n<p data-start=\"342\" data-end=\"615\">Model <strong data-start=\"348\" data-end=\"368\">Bergman BC310 C3<\/strong> to nowoczesne oprawy okularowe, kt\u00f3re \u0142\u0105cz\u0105 w sobie elegancj\u0119, lekko\u015b\u0107 i wygod\u0119. Cechuj\u0105 si\u0119 klasycznym kszta\u0142tem z nut\u0105 nowoczesno\u015bci, dzi\u0119ki czemu idealnie sprawdz\u0105 si\u0119 zar\u00f3wno w codziennym u\u017cytkowaniu, jak i w bardziej formalnych stylizacjach.<\/p>\n<p data-start=\"617\" data-end=\"914\">Oprawki wykonano z wysokiej jako\u015bci materia\u0142\u00f3w, kt\u00f3re zapewniaj\u0105 trwa\u0142o\u015b\u0107, komfort noszenia i estetyczny wygl\u0105d przez d\u0142ugi czas. Kolorystyka <strong data-start=\"759\" data-end=\"765\">C3<\/strong> to subtelne po\u0142\u0105czenie tonacji pasuj\u0105cych do wielu typ\u00f3w urody \u2013 doskona\u0142y wyb\u00f3r dla os\u00f3b szukaj\u0105cych opraw uniwersalnych, a jednocze\u015bnie stylowych.<\/p>\n<hr data-start=\"916\" data-end=\"919\" \/>\n<h3 data-start=\"921\" data-end=\"945\"><strong data-start=\"925\" data-end=\"945\">Dane techniczne:<\/strong><\/h3>\n<ul data-start=\"946\" data-end=\"1293\">\n<li data-start=\"946\" data-end=\"988\">\n<p data-start=\"948\" data-end=\"988\"><strong data-start=\"948\" data-end=\"980\">Szeroko\u015b\u0107 soczewki (tarcza):<\/strong> 56 mm<\/p>\n<\/li>\n<li data-start=\"989\" data-end=\"1020\">\n<p data-start=\"991\" data-end=\"1020\"><strong data-start=\"991\" data-end=\"1012\">Szeroko\u015b\u0107 mostka:<\/strong> 17 mm<\/p>\n<\/li>\n<li data-start=\"1021\" data-end=\"1054\">\n<p data-start=\"1023\" data-end=\"1054\"><strong data-start=\"1023\" data-end=\"1045\">D\u0142ugo\u015b\u0107 zausznika:<\/strong> 140 mm<\/p>\n<\/li>\n<li data-start=\"1055\" data-end=\"1138\">\n<p data-start=\"1057\" data-end=\"1138\"><strong data-start=\"1057\" data-end=\"1077\">Materia\u0142 oprawy:<\/strong> lekki i wytrzyma\u0142y metal<\/p>\n<\/li>\n<li data-start=\"1139\" data-end=\"1206\">\n<p data-start=\"1141\" data-end=\"1206\"><strong data-start=\"1141\" data-end=\"1151\">Kolor:<\/strong> C3<\/p>\n<\/li>\n<li data-start=\"1207\" data-end=\"1235\">\n<p data-start=\"1209\" data-end=\"1235\"><strong data-start=\"1209\" data-end=\"1227\">Rodzaj oprawy:<\/strong> pe\u0142na<\/p>\n<\/li>\n<li data-start=\"1236\" data-end=\"1293\">\n<p data-start=\"1238\" data-end=\"1293\"><strong data-start=\"1238\" data-end=\"1250\">Zawiasy: <\/strong>spr\u0119\u017cynowe<\/p>\n<\/li>\n<\/ul>\n<hr data-start=\"1295\" data-end=\"1298\" \/>\n<h3 data-start=\"1300\" data-end=\"1347\"><strong data-start=\"1304\" data-end=\"1347\">Dlaczego warto wybra\u0107 Bergman BC310 C3?<\/strong><\/h3>\n<ul data-start=\"1348\" data-end=\"1553\">\n<li data-start=\"1348\" data-end=\"1405\">\n<p data-start=\"1350\" data-end=\"1405\">Uniwersalny design \u2013 pasuje do wielu kszta\u0142t\u00f3w twarzy<\/p>\n<\/li>\n<li data-start=\"1406\" data-end=\"1462\">\n<p data-start=\"1408\" data-end=\"1462\">Wygodne dopasowanie dzi\u0119ki ergonomicznej konstrukcji<\/p>\n<\/li>\n<li data-start=\"1463\" data-end=\"1514\">\n<p data-start=\"1465\" data-end=\"1514\">Idealne do szkie\u0142 korekcyjnych<\/p>\n<\/li>\n<li data-start=\"1515\" data-end=\"1553\">\n<p data-start=\"1517\" data-end=\"1553\">\u015awietna jako\u015b\u0107 w przyst\u0119pnej cenie<\/p>\n<\/li>\n<\/ul>\n","protected":false},"excerpt":{"rendered":"<p>Bergman BC310 C3 \u2013 styl i funkcjonalno\u015b\u0107 na co dzie\u0144 Model Bergman BC310 C3 to nowoczesne oprawy okularowe, kt\u00f3re \u0142\u0105cz\u0105 w sobie elegancj\u0119, lekko\u015b\u0107 i wygod\u0119. Cechuj\u0105 si\u0119 klasycznym kszta\u0142tem z nut\u0105 nowoczesno\u015bci, dzi\u0119ki czemu idealnie sprawdz\u0105 si\u0119 zar\u00f3wno w codziennym u\u017cytkowaniu, jak i w bardziej formalnych stylizacjach. Oprawki wykonano z wysokiej jako\u015bci materia\u0142\u00f3w, kt\u00f3re [&hellip;]<\/p>\n","protected":false},"featured_media":9173,"comment_status":"open","ping_status":"closed","template":"","meta":{"_acf_changed":false},"product_brand":[],"product_cat":[103,50],"product_tag":[106,112,105,111,110,104,113],"class_list":{"0":"post-8140","1":"product","2":"type-product","3":"status-publish","4":"has-post-thumbnail","6":"product_cat-okulary-korekcyjne-z-nakladka","7":"product_cat-okulary-korekcyjne","8":"product_tag-nakladki-na-okulary","9":"product_tag-okulary-2w1-clip-on","10":"product_tag-okulary-clip-on","11":"product_tag-okulary-z-filtrem-uv","12":"product_tag-okulary-z-polaryzacja","13":"product_tag-oprawy-clip-on","14":"product_tag-przeciwsloneczne-oprawki-z-clip-on","16":"first","17":"instock","18":"purchasable","19":"product-type-simple"},"acf":[],"_links":{"self":[{"href":"https:\/\/www.strzodowie.pl\/sklep\/wp-json\/wp\/v2\/product\/8140","targetHints":{"allow":["GET"]}}],"collection":[{"href":"https:\/\/www.strzodowie.pl\/sklep\/wp-json\/wp\/v2\/product"}],"about":[{"href":"https:\/\/www.strzodowie.pl\/sklep\/wp-json\/wp\/v2\/types\/product"}],"replies":[{"embeddable":true,"href":"https:\/\/www.strzodowie.pl\/sklep\/wp-json\/wp\/v2\/comments?post=8140"}],"wp:featuredmedia":[{"embeddable":true,"href":"https:\/\/www.strzodowie.pl\/sklep\/wp-json\/wp\/v2\/media\/9173"}],"wp:attachment":[{"href":"https:\/\/www.strzodowie.pl\/sklep\/wp-json\/wp\/v2\/media?parent=8140"}],"wp:term":[{"taxonomy":"product_brand","embeddable":true,"href":"https:\/\/www.strzodowie.pl\/sklep\/wp-json\/wp\/v2\/product_brand?post=8140"},{"taxonomy":"product_cat","embeddable":true,"href":"https:\/\/www.strzodowie.pl\/sklep\/wp-json\/wp\/v2\/product_cat?post=8140"},{"taxonomy":"product_tag","embeddable":true,"href":"https:\/\/www.strzodowie.pl\/sklep\/wp-json\/wp\/v2\/product_tag?post=8140"}],"curies":[{"name":"wp","href":"https:\/\/api.w.org\/{rel}","templated":true}]}}