{"id":7859,"date":"2025-06-16T12:09:21","date_gmt":"2025-06-16T10:09:21","guid":{"rendered":"https:\/\/www.strzodowie.pl\/sklep\/?post_type=product&#038;p=7859"},"modified":"2026-01-28T10:32:51","modified_gmt":"2026-01-28T09:32:51","slug":"tasma-sportowa-nietonaca","status":"publish","type":"product","link":"https:\/\/www.strzodowie.pl\/sklep\/product\/tasma-sportowa-nietonaca\/","title":{"rendered":"Ta\u015bma sportowa, nieton\u0105ca"},"content":{"rendered":"<h3>Wyporno\u015bciowa ta\u015bma sportowa do okular\u00f3w<\/h3>\n<p>Specjalistyczna, <strong>okr\u0105g\u0142a ta\u015bma sportowa<\/strong> zaprojektowana z my\u015bl\u0105 o mi\u0142o\u015bnikach sport\u00f3w wodnych, kt\u00f3ra dzi\u0119ki swojej konstrukcji unosi si\u0119 na powierzchni wody. Wyposa\u017cenie w <strong>dwa neoprenowe elementy nieton\u0105ce<\/strong> stanowi skuteczne zabezpieczenie przed zatoni\u0119ciem okular\u00f3w w razie ich przypadkowego wpadni\u0119cia do zbiornika wodnego.<\/p>\n<p>Ta\u015bma o wymiarach <strong>640 x 7 mm<\/strong> posiada praktyczny zacisk reguluj\u0105cy d\u0142ugo\u015b\u0107 oraz gumowane zako\u0144czenia, kt\u00f3re zapewniaj\u0105 stabilne mocowanie na zausznikach. Klasyczny <strong>czarny kolor<\/strong> oraz wysoka odporno\u015b\u0107 na dzia\u0142anie wilgoci sprawiaj\u0105, \u017ce jest to niezawodne akcesorium dla \u017ceglarzy, kajakarzy i windsurfer\u00f3w.<\/p>\n","protected":false},"excerpt":{"rendered":"<p>Gruba, okr\u0105g\u0142a ta\u015bma sportowa unosz\u0105ca si\u0119 na powierzchni wody.<\/p>\n<p>Wyposa\u017cona w dwa neoprenowe elementy nieton\u0105ce, gumowane zako\u0144czenia i zacisk reguluj\u0105cy d\u0142ugo\u015b\u0107.<\/p>\n<p>Idealna dla os\u00f3b uprawiaj\u0105cych sporty wodne.<\/p>\n<p>Wymiary: 640 x 7 mm<\/p>\n<p>Kolor: czarny<\/p>\n","protected":false},"featured_media":7860,"comment_status":"open","ping_status":"closed","template":"","meta":{"_acf_changed":false},"product_brand":[],"product_cat":[55],"product_tag":[],"class_list":{"0":"post-7859","1":"product","2":"type-product","3":"status-publish","4":"has-post-thumbnail","6":"product_cat-akcesoria-okularowe","8":"first","9":"instock","10":"shipping-taxable","11":"purchasable","12":"product-type-simple"},"acf":[],"_links":{"self":[{"href":"https:\/\/www.strzodowie.pl\/sklep\/wp-json\/wp\/v2\/product\/7859","targetHints":{"allow":["GET"]}}],"collection":[{"href":"https:\/\/www.strzodowie.pl\/sklep\/wp-json\/wp\/v2\/product"}],"about":[{"href":"https:\/\/www.strzodowie.pl\/sklep\/wp-json\/wp\/v2\/types\/product"}],"replies":[{"embeddable":true,"href":"https:\/\/www.strzodowie.pl\/sklep\/wp-json\/wp\/v2\/comments?post=7859"}],"wp:featuredmedia":[{"embeddable":true,"href":"https:\/\/www.strzodowie.pl\/sklep\/wp-json\/wp\/v2\/media\/7860"}],"wp:attachment":[{"href":"https:\/\/www.strzodowie.pl\/sklep\/wp-json\/wp\/v2\/media?parent=7859"}],"wp:term":[{"taxonomy":"product_brand","embeddable":true,"href":"https:\/\/www.strzodowie.pl\/sklep\/wp-json\/wp\/v2\/product_brand?post=7859"},{"taxonomy":"product_cat","embeddable":true,"href":"https:\/\/www.strzodowie.pl\/sklep\/wp-json\/wp\/v2\/product_cat?post=7859"},{"taxonomy":"product_tag","embeddable":true,"href":"https:\/\/www.strzodowie.pl\/sklep\/wp-json\/wp\/v2\/product_tag?post=7859"}],"curies":[{"name":"wp","href":"https:\/\/api.w.org\/{rel}","templated":true}]}}