{"id":7847,"date":"2025-06-16T12:06:18","date_gmt":"2025-06-16T10:06:18","guid":{"rendered":"https:\/\/www.strzodowie.pl\/sklep\/?post_type=product&#038;p=7847"},"modified":"2026-01-28T10:32:51","modified_gmt":"2026-01-28T09:32:51","slug":"szmatka-do-okularow","status":"publish","type":"product","link":"https:\/\/www.strzodowie.pl\/sklep\/product\/szmatka-do-okularow\/","title":{"rendered":"Szmatka do okular\u00f3w"},"content":{"rendered":"<h3>Mi\u0119kka szmatka z mikrofazy do okular\u00f3w<\/h3>\n<p>Delikatna <strong>szmatka z mikrofazy<\/strong> przeznaczona jest do codziennego czyszczenia soczewek okularowych, nie rysuj\u0105c ich powierzchni. Regularne u\u017cywanie specjalistycznej \u015bciereczki zamiast przypadkowych tkanin (np. koszulki) ogranicza powstawanie mikrozarysowa\u0144 i wyd\u0142u\u017ca \u017cywotno\u015b\u0107 pow\u0142ok na szk\u0142ach.<\/p>\n<p>Dost\u0119pna w r\u00f3\u017cnych kolorach, dzi\u0119ki czemu mo\u017cna dopasowa\u0107 j\u0105 do etui lub stylu u\u017cytkownika. Standardowy rozmiar ok. 14 \u00d7 12 cm sprawia, \u017ce szmatka jest por\u0119czna, mie\u015bci si\u0119 w etui na okulary i dobrze le\u017cy w d\u0142oni podczas czyszczenia.<\/p>\n","protected":false},"excerpt":{"rendered":"<p>Mi\u0119kka szmatka do okular\u00f3w z mikrofazy.<\/p>\n<p>Stosuj\u0105c szmatk\u0119\u00a0 przeznaczon\u0105 do soczewek okularowych zapobiegamy ich porysowaniu.<\/p>\n<p><strong>Dost\u0119pna w r\u00f3\u017cnych kolorach<\/strong><\/p>\n<p><strong>Wymiary<\/strong>: ok. 14 cm \/ 12cm<\/p>\n","protected":false},"featured_media":7848,"comment_status":"open","ping_status":"closed","template":"","meta":{"_acf_changed":false},"product_brand":[],"product_cat":[84],"product_tag":[],"class_list":{"0":"post-7847","1":"product","2":"type-product","3":"status-publish","4":"has-post-thumbnail","6":"product_cat-pielegnacja-okularow","8":"first","9":"instock","10":"shipping-taxable","11":"purchasable","12":"product-type-simple"},"acf":[],"_links":{"self":[{"href":"https:\/\/www.strzodowie.pl\/sklep\/wp-json\/wp\/v2\/product\/7847","targetHints":{"allow":["GET"]}}],"collection":[{"href":"https:\/\/www.strzodowie.pl\/sklep\/wp-json\/wp\/v2\/product"}],"about":[{"href":"https:\/\/www.strzodowie.pl\/sklep\/wp-json\/wp\/v2\/types\/product"}],"replies":[{"embeddable":true,"href":"https:\/\/www.strzodowie.pl\/sklep\/wp-json\/wp\/v2\/comments?post=7847"}],"wp:featuredmedia":[{"embeddable":true,"href":"https:\/\/www.strzodowie.pl\/sklep\/wp-json\/wp\/v2\/media\/7848"}],"wp:attachment":[{"href":"https:\/\/www.strzodowie.pl\/sklep\/wp-json\/wp\/v2\/media?parent=7847"}],"wp:term":[{"taxonomy":"product_brand","embeddable":true,"href":"https:\/\/www.strzodowie.pl\/sklep\/wp-json\/wp\/v2\/product_brand?post=7847"},{"taxonomy":"product_cat","embeddable":true,"href":"https:\/\/www.strzodowie.pl\/sklep\/wp-json\/wp\/v2\/product_cat?post=7847"},{"taxonomy":"product_tag","embeddable":true,"href":"https:\/\/www.strzodowie.pl\/sklep\/wp-json\/wp\/v2\/product_tag?post=7847"}],"curies":[{"name":"wp","href":"https:\/\/api.w.org\/{rel}","templated":true}]}}