{"id":7812,"date":"2025-06-16T11:21:18","date_gmt":"2025-06-16T09:21:18","guid":{"rendered":"https:\/\/www.strzodowie.pl\/sklep\/?post_type=product&#038;p=7812"},"modified":"2026-01-28T10:32:51","modified_gmt":"2026-01-28T09:32:51","slug":"okulary-ochronne-continental","status":"publish","type":"product","link":"https:\/\/www.strzodowie.pl\/sklep\/product\/okulary-ochronne-continental\/","title":{"rendered":"OKULARY OCHRONNE CONTINENTAL"},"content":{"rendered":"<h3>Okulary ochronne CONTINENTAL \u2013 lekko\u015b\u0107 i szerokie pole widzenia<\/h3>\n<p>Okulary ochronne <strong>CONTINENTAL<\/strong> \u0142\u0105cz\u0105 lekk\u0105 konstrukcj\u0119 z szerokim polem widzenia, zapewniaj\u0105c wysoki komfort podczas d\u0142ugotrwa\u0142ej pracy. Model wyst\u0119puje w 5 r\u00f3\u017cnych wersjach, co pozwala dobra\u0107 odpowiedni wariant soczewek do konkretnych zastosowa\u0144.<\/p>\n<p><strong>Komfort i stabilno\u015b\u0107<\/strong><br \/>\nAntypo\u015blizgowe, regulowane nano\u015bniki oraz antypo\u015blizgowe ko\u0144c\u00f3wki zausznik\u00f3w utrzymuj\u0105 okulary stabilnie na twarzy, nawet podczas intensywnego ruchu. Dzi\u0119ki temu ryzyko zsuwania si\u0119 okular\u00f3w jest zminimalizowane, a u\u017cytkownik zachowuje pe\u0142n\u0105 ochron\u0119 wzroku.<\/p>\n<p><strong>Ochrona i konstrukcja<\/strong><br \/>\nWyoblany, przylegaj\u0105cy do twarzy kszta\u0142t zapewnia pe\u0142niejsze os\u0142oni\u0119cie oczu oraz dobre dopasowanie do r\u00f3\u017cnych kszta\u0142t\u00f3w twarzy. Zintegrowana ochrona boczna dodatkowo zabezpiecza przed odpryskami i cz\u0105stkami nadlatuj\u0105cymi z bok\u00f3w, a wytrzyma\u0142e poliw\u0119glanowe soczewki s\u0105 odporne na zarysowania, co wyd\u0142u\u017ca \u017cywotno\u015b\u0107 okular\u00f3w.<\/p>\n<ul>\n<li>Wyoblany kszta\u0142t \u2013 przylegaj\u0105cy do twarzy<\/li>\n<li>Ochrona boczna<\/li>\n<li>Antypo\u015blizgowe ko\u0144c\u00f3wki zausznik\u00f3w<\/li>\n<li>Antypo\u015blizgowe, regulowane nano\u015bniki<\/li>\n<li>Wytrzyma\u0142e, poliw\u0119glanowe soczewki odporne na zarysowania<\/li>\n<\/ul>\n","protected":false},"excerpt":{"rendered":"<p><strong>Szerokie pole widzenia i lekka konstrukcja, to CONTINENTAL, okulary ochronne opracowane w 5 r\u00f3\u017cnych wersjach. Antypo\u015blizgowe regulowane nono\u015bniki i antypo\u015blizgowe ko\u0144c\u00f3wki zausznik\u00f3w, poprawiaj\u0105 komfort noszenia. Odporne na zarysowanie wytrzyma\u0142e poliw\u0119glanowe okulary.<\/strong><\/p>\n<p><strong>Wyoblany kszta\u0142t \u2013 przylegaj\u0105cy\u00a0<span class=\"fs13\">do twarzy<\/span><\/strong><\/p>\n<div><strong>\u2022 Ochrona boczna<\/strong><\/div>\n<div><strong>\u2022 Antypo\u015blizgowe ko\u0144c\u00f3wki zausznik\u00f3w<\/strong><\/div>\n<p><strong>\u2022 Antypo\u015blizgowe regulowane nano\u015bniki<\/strong><\/p>\n","protected":false},"featured_media":7813,"comment_status":"open","ping_status":"closed","template":"","meta":{"_acf_changed":false},"product_brand":[],"product_cat":[82,54],"product_tag":[],"class_list":{"0":"post-7812","1":"product","2":"type-product","3":"status-publish","4":"has-post-thumbnail","6":"product_cat-okulary-bhp","7":"product_cat-okulary-ochronne-z-korekcja-bhp","9":"first","10":"instock","11":"shipping-taxable","12":"purchasable","13":"product-type-simple"},"acf":[],"_links":{"self":[{"href":"https:\/\/www.strzodowie.pl\/sklep\/wp-json\/wp\/v2\/product\/7812","targetHints":{"allow":["GET"]}}],"collection":[{"href":"https:\/\/www.strzodowie.pl\/sklep\/wp-json\/wp\/v2\/product"}],"about":[{"href":"https:\/\/www.strzodowie.pl\/sklep\/wp-json\/wp\/v2\/types\/product"}],"replies":[{"embeddable":true,"href":"https:\/\/www.strzodowie.pl\/sklep\/wp-json\/wp\/v2\/comments?post=7812"}],"wp:featuredmedia":[{"embeddable":true,"href":"https:\/\/www.strzodowie.pl\/sklep\/wp-json\/wp\/v2\/media\/7813"}],"wp:attachment":[{"href":"https:\/\/www.strzodowie.pl\/sklep\/wp-json\/wp\/v2\/media?parent=7812"}],"wp:term":[{"taxonomy":"product_brand","embeddable":true,"href":"https:\/\/www.strzodowie.pl\/sklep\/wp-json\/wp\/v2\/product_brand?post=7812"},{"taxonomy":"product_cat","embeddable":true,"href":"https:\/\/www.strzodowie.pl\/sklep\/wp-json\/wp\/v2\/product_cat?post=7812"},{"taxonomy":"product_tag","embeddable":true,"href":"https:\/\/www.strzodowie.pl\/sklep\/wp-json\/wp\/v2\/product_tag?post=7812"}],"curies":[{"name":"wp","href":"https:\/\/api.w.org\/{rel}","templated":true}]}}