{"id":7794,"date":"2025-06-16T11:14:34","date_gmt":"2025-06-16T09:14:34","guid":{"rendered":"https:\/\/www.strzodowie.pl\/sklep\/?post_type=product&#038;p=7794"},"modified":"2026-01-28T10:32:51","modified_gmt":"2026-01-28T09:32:51","slug":"okulary-ochronne-uvex-pheos-9192-385-zolte","status":"publish","type":"product","link":"https:\/\/www.strzodowie.pl\/sklep\/product\/okulary-ochronne-uvex-pheos-9192-385-zolte\/","title":{"rendered":"Okulary Ochronne UVEX Pheos 9192 385 \u017c\u00f3\u0142te"},"content":{"rendered":"<h3>Okulary ochronne UVEX Pheos 9192.385 (\u017c\u00f3\u0142te)<\/h3>\n<p>Profesjonalne okulary ochronne <strong>Uvex Pheos<\/strong> (model 9192.385) z \u017c\u00f3\u0142tymi soczewkami, kt\u00f3re zapewniaj\u0105 doskona\u0142\u0105 widoczno\u015b\u0107 i kontrast. Dzi\u0119ki innowacyjnej, dwusferycznej konstrukcji szyb, okulary oferuj\u0105 szerokie pole widzenia i idealnie przylegaj\u0105 do twarzy, gwarantuj\u0105c maksymaln\u0105 ochron\u0119 i komfort.<\/p>\n<p><strong>Wyostrzanie obrazu i ochrona<\/strong><br \/>\nZastosowane <strong>\u017c\u00f3\u0142te soczewki poliw\u0119glanowe<\/strong> skutecznie wyostrzaj\u0105 i rozja\u015bniaj\u0105 obraz, co jest nieocenione przy pracy w s\u0142abym o\u015bwietleniu lub we mgle. Szyby pokryte s\u0105 zaawansowan\u0105 pow\u0142ok\u0105 <strong>uvex supravision excellence<\/strong>, kt\u00f3ra sprawia, \u017ce s\u0105:<br \/>\n&#8211; Odporne na zarysowania i dzia\u0142anie substancji chemicznych (strona zewn\u0119trzna)<br \/>\n&#8211; Trwale odporne na zaparowanie (strona wewn\u0119trzna)<\/p>\n<p><strong>Bezpiecze\u0144stwo i certyfikaty<\/strong><br \/>\nOkulary spe\u0142niaj\u0105 normy <strong>EN 166<\/strong> oraz <strong>EN 172<\/strong> i posiadaj\u0105 certyfikat CE. Gwarantuj\u0105 <strong>100% ochrony przed promieniowaniem UV (UV 400)<\/strong>. Klasa optyczna 1 pozwala na bezpieczne, ci\u0105g\u0142e u\u017cytkowanie przez 8 godzin pracy.<\/p>\n<p><strong>Zastosowanie:<\/strong><br \/>\nIdealne do prac w ogrodnictwie, laboratoriach, budownictwie, przy szlifowaniu, w przemy\u015ble chemicznym oraz stolarskim.<\/p>\n<p><strong>Gratis w zestawie:<\/strong><\/p>\n<ul>\n<li>Szmatka do czyszczenia<\/li>\n<li>Woreczek do przechowywania okular\u00f3w<\/li>\n<\/ul>\n","protected":false},"excerpt":{"rendered":"<p>Okulary Ochronne UVEX Pheox 9192 385 \u017c\u00f3\u0142te, soczewki poliw\u0119glanowe. Dwusferyczne szk\u0142a zapewniaj\u0105 szersze pole widzenia, idealnie przylegaj\u0105 do twarzy.<\/p>\n<p>Soczewki \u017c\u00f3\u0142te wyostrzaj\u0105 i rozja\u015bniaj\u0105 obraz.<\/p>\n<div>Pokryte pow\u0142ok\u0105 uvex supravision excellence, odporne od zewn\u0119trznej strony na zarysowania i dzia\u0142anie substancji chemicznych a od wewn\u0119trznej na zaparowania.<\/div>\n<div><\/div>\n<div><strong>Spe\u0142niaj\u0105 normy : EN 166 , EN 172<\/strong><\/div>\n<div><\/div>\n<div><strong>UV 400<\/strong><\/div>\n<div>\n<p>Klasa optyczna 1\u00a0&#8211;\u00a0mog\u0105 by\u0107 stosowane ci\u0105gle podczas o\u015bmiogodzinnego dnia pracy oraz podczas czynno\u015bci wymagaj\u0105cych precyzji.<\/p>\n<p><strong>Okulary posiadaj\u0105 certyfikat CE.<\/strong><\/p>\n<p>Zastosowanie:<\/p>\n<ul>\n<li>ogrodnictwo;<\/li>\n<li>laboratoria;<\/li>\n<li>budownictwo;<\/li>\n<li>szlifowanie;<\/li>\n<li>przemys\u0142 chemiczny;<\/li>\n<li>przemys\u0142 stolarski;<\/li>\n<\/ul>\n<p>GRATIS:<\/p>\n<p>szmatka oraz woreczek do przechowywania<\/p>\n<\/div>\n","protected":false},"featured_media":7795,"comment_status":"open","ping_status":"closed","template":"","meta":{"_acf_changed":false},"product_brand":[],"product_cat":[80,79,81,82,83,54],"product_tag":[],"class_list":{"0":"post-7794","1":"product","2":"type-product","3":"status-publish","4":"has-post-thumbnail","6":"product_cat-laboratoryjne","7":"product_cat-do-prac-budowlanych","8":"product_cat-do-prac-na-wysokosci","9":"product_cat-okulary-bhp","10":"product_cat-okulary-stolarskie","11":"product_cat-okulary-ochronne-z-korekcja-bhp","13":"first","14":"instock","15":"shipping-taxable","16":"purchasable","17":"product-type-simple"},"acf":[],"_links":{"self":[{"href":"https:\/\/www.strzodowie.pl\/sklep\/wp-json\/wp\/v2\/product\/7794","targetHints":{"allow":["GET"]}}],"collection":[{"href":"https:\/\/www.strzodowie.pl\/sklep\/wp-json\/wp\/v2\/product"}],"about":[{"href":"https:\/\/www.strzodowie.pl\/sklep\/wp-json\/wp\/v2\/types\/product"}],"replies":[{"embeddable":true,"href":"https:\/\/www.strzodowie.pl\/sklep\/wp-json\/wp\/v2\/comments?post=7794"}],"wp:featuredmedia":[{"embeddable":true,"href":"https:\/\/www.strzodowie.pl\/sklep\/wp-json\/wp\/v2\/media\/7795"}],"wp:attachment":[{"href":"https:\/\/www.strzodowie.pl\/sklep\/wp-json\/wp\/v2\/media?parent=7794"}],"wp:term":[{"taxonomy":"product_brand","embeddable":true,"href":"https:\/\/www.strzodowie.pl\/sklep\/wp-json\/wp\/v2\/product_brand?post=7794"},{"taxonomy":"product_cat","embeddable":true,"href":"https:\/\/www.strzodowie.pl\/sklep\/wp-json\/wp\/v2\/product_cat?post=7794"},{"taxonomy":"product_tag","embeddable":true,"href":"https:\/\/www.strzodowie.pl\/sklep\/wp-json\/wp\/v2\/product_tag?post=7794"}],"curies":[{"name":"wp","href":"https:\/\/api.w.org\/{rel}","templated":true}]}}