{"id":7663,"date":"2025-06-13T14:32:05","date_gmt":"2025-06-13T12:32:05","guid":{"rendered":"https:\/\/www.strzodowie.pl\/sklep\/?post_type=product&#038;p=7663"},"modified":"2026-01-28T10:32:51","modified_gmt":"2026-01-28T09:32:51","slug":"okulary-sportowe-do-plywania","status":"publish","type":"product","link":"https:\/\/www.strzodowie.pl\/sklep\/product\/okulary-sportowe-do-plywania\/","title":{"rendered":"Okulary sportowe do p\u0142ywania"},"content":{"rendered":"<h3>Profesjonalne okulary do p\u0142ywania i maski do nurkowania z korekcj\u0105<\/h3>\n<p>W naszym sklepie oferujemy szeroki wyb\u00f3r specjalistycznych okular\u00f3w do sport\u00f3w wodnych, kt\u00f3re \u0142\u0105cz\u0105 komfort widzenia z bezpiecze\u0144stwem. Niezale\u017cnie od tego, czy p\u0142ywasz rekreacyjnie na basenie, czy nurkujesz w otwartych wodach, znajdziesz u nas sprz\u0119t dopasowany do Twoich potrzeb.<\/p>\n<p><strong>Zaawansowana ochrona i wytrzyma\u0142o\u015b\u0107<\/strong><br \/>\nDzi\u0119ki wykorzystaniu nowoczesnych technologii, nasze okulary do p\u0142ywania skutecznie chroni\u0105 oczy przed m\u0119cz\u0105cymi odblaskami od powierzchni wody. Zastosowanie specjalnych pow\u0142ok uszlachetniaj\u0105cych zwi\u0119ksza odporno\u015b\u0107 soczewek na zarysowania, zapewniaj\u0105c przejrzysty obraz przez d\u0142ugi czas.<\/p>\n<p><strong>Dla nurk\u00f3w nosz\u0105cych okulary<\/strong><br \/>\nW ofercie posiadamy r\u00f3wnie\u017c profesjonalne maski do nurkowania z unikaln\u0105 mo\u017cliwo\u015bci\u0105 monta\u017cu <strong>soczewek korekcyjnych<\/strong>. To idealne rozwi\u0105zanie dla os\u00f3b z wad\u0105 wzroku, kt\u00f3re chc\u0105 cieszy\u0107 si\u0119 ostrym widzeniem pod wod\u0105 bez konieczno\u015bci zak\u0142adania soczewek kontaktowych.<\/p>\n<p><strong>Dlaczego warto wybra\u0107 nasz\u0105 ofert\u0119 wodn\u0105?<\/strong><\/p>\n<ul>\n<li>Skuteczna ochrona przed odblaskami i promieniowaniem UV.<\/li>\n<li>Wysoka odporno\u015b\u0107 na zarysowania i uszkodzenia mechaniczne.<\/li>\n<li>Mo\u017cliwo\u015b\u0107 korekcji wzroku w maskach do nurkowania.<\/li>\n<li>Komfortowe dopasowanie i szczelno\u015b\u0107 konstrukcji.<\/li>\n<\/ul>\n","protected":false},"excerpt":{"rendered":"<p>W naszym sklepie znajd\u0105 Pa\u0144stwo r\u00f3\u017cne modele okular\u00f3w do sport\u00f3w wodnych. Dzi\u0119ki wykorzystaniu nowoczesnych technologii\u00a0<strong>okulary do p\u0142ywania<\/strong>\u00a0skutecznie chroni\u0105 oczy przed odblaskami od powierzchni wody, a specjalna pow\u0142oka przed zarysowaniem. W ofercie tak\u017ce profesjonalne maski do nurkowania z mo\u017cliwo\u015bci\u0105 wstawienia soczewek korekcyjnych.<\/p>\n","protected":false},"featured_media":7664,"comment_status":"open","ping_status":"closed","template":"","meta":{"_acf_changed":false},"product_brand":[],"product_cat":[72,52],"product_tag":[],"class_list":{"0":"post-7663","1":"product","2":"type-product","3":"status-publish","4":"has-post-thumbnail","6":"product_cat-do-plywania","7":"product_cat-okulary-sportowe","9":"first","10":"instock","11":"shipping-taxable","12":"purchasable","13":"product-type-simple"},"acf":[],"_links":{"self":[{"href":"https:\/\/www.strzodowie.pl\/sklep\/wp-json\/wp\/v2\/product\/7663","targetHints":{"allow":["GET"]}}],"collection":[{"href":"https:\/\/www.strzodowie.pl\/sklep\/wp-json\/wp\/v2\/product"}],"about":[{"href":"https:\/\/www.strzodowie.pl\/sklep\/wp-json\/wp\/v2\/types\/product"}],"replies":[{"embeddable":true,"href":"https:\/\/www.strzodowie.pl\/sklep\/wp-json\/wp\/v2\/comments?post=7663"}],"wp:featuredmedia":[{"embeddable":true,"href":"https:\/\/www.strzodowie.pl\/sklep\/wp-json\/wp\/v2\/media\/7664"}],"wp:attachment":[{"href":"https:\/\/www.strzodowie.pl\/sklep\/wp-json\/wp\/v2\/media?parent=7663"}],"wp:term":[{"taxonomy":"product_brand","embeddable":true,"href":"https:\/\/www.strzodowie.pl\/sklep\/wp-json\/wp\/v2\/product_brand?post=7663"},{"taxonomy":"product_cat","embeddable":true,"href":"https:\/\/www.strzodowie.pl\/sklep\/wp-json\/wp\/v2\/product_cat?post=7663"},{"taxonomy":"product_tag","embeddable":true,"href":"https:\/\/www.strzodowie.pl\/sklep\/wp-json\/wp\/v2\/product_tag?post=7663"}],"curies":[{"name":"wp","href":"https:\/\/api.w.org\/{rel}","templated":true}]}}