{"id":7627,"date":"2025-06-13T14:17:49","date_gmt":"2025-06-13T12:17:49","guid":{"rendered":"https:\/\/www.strzodowie.pl\/sklep\/?post_type=product&#038;p=7627"},"modified":"2026-01-28T10:32:51","modified_gmt":"2026-01-28T09:32:51","slug":"okulary-sportowe-marki-progear-rozmiar-s-2","status":"publish","type":"product","link":"https:\/\/www.strzodowie.pl\/sklep\/product\/okulary-sportowe-marki-progear-rozmiar-s-2\/","title":{"rendered":"Okulary sportowe Marki PROGEAR rozmiar S"},"content":{"rendered":"<h3>PROGEAR Eyeguard S \u2013 wyrazista ochrona dla dzieci<\/h3>\n<p>Model <strong>PROGEAR Eyeguard S<\/strong> w kolorze <strong>Neon Yellow<\/strong> to propozycja dla najm\u0142odszych sportowc\u00f3w (6-10 lat), kt\u00f3rzy chc\u0105 by\u0107 widoczni na boisku. Intensywny, neonowy kolor zwi\u0119ksza bezpiecze\u0144stwo poprzez lepsz\u0105 widoczno\u015b\u0107 dziecka, jednocze\u015bnie dodaj\u0105c energii sportowej stylizacji.<\/p>\n<p>Tak jak inne modele z serii Eyeguard, oprawa wykonana jest z wysoce odpornego poliw\u0119glanu, spe\u0142niaj\u0105cego rygorystyczne normy <strong>EN 166<\/strong> oraz <strong>ASTM F803<\/strong>. Szeroki, antyalergiczny mostek i mi\u0119kkie wyko\u0144czenia chroni\u0105 delikatn\u0105 sk\u00f3r\u0119 dziecka przed otarciami i skutkami uderze\u0144 pi\u0142k\u0105 czy zderze\u0144 z innymi zawodnikami.<\/p>\n<p><strong>Dane techniczne (rozmiar S):<\/strong><\/p>\n<ul>\n<li>Rozmiar: S (dla dzieci 6-10 lat)<\/li>\n<li>Szeroko\u015b\u0107 soczewki (tarcza): 48 mm<\/li>\n<li>Szeroko\u015b\u0107 mostka: 18 mm<\/li>\n<li>D\u0142ugo\u015b\u0107 zausznika: 107 mm<\/li>\n<li>Materia\u0142 oprawy: Poliw\u0119glan (Polycarbonate)<\/li>\n<li>Kolor: Neon Yellow (neonowy \u017c\u00f3\u0142ty)<\/li>\n<\/ul>\n<p><strong>Dlaczego warto wybra\u0107 ten model?<\/strong><\/p>\n<ul>\n<li>Maksymalna ochrona wzroku (certyfikaty sportowe) przy zachowaniu korekcji<\/li>\n<li>Neonowy kolor poprawiaj\u0105cy widoczno\u015b\u0107 dziecka na boisku lub sali gimnastycznej<\/li>\n<li>Konstrukcja &#8222;V-groove&#8221; (rowek w kszta\u0142cie V) zabezpieczaj\u0105ca soczewki przed wypadni\u0119ciem do wewn\u0105trz oprawy przy uderzeniu<\/li>\n<li>Mo\u017cliwo\u015b\u0107 wymiany zausznik\u00f3w na ta\u015bm\u0119 (w wybranych wariantach) dla jeszcze wi\u0119kszej stabilno\u015bci<\/li>\n<\/ul>\n","protected":false},"excerpt":{"rendered":"<p>Sportowa korekcja okularowa uznanego producenta\u00a0PROGEAR\u00a0z ponad 40-letni\u0105 tradycj\u0105.<br \/>\nOprawa wykonana z poliw\u0119glanu,mocna,trwa\u0142a, odporna na uderzenia, szeroki nano\u015bnik antyalergiczny z mi\u0119kkiego tworzywa daje komfort u\u017cytkowania.<\/p>\n<p>PROGEAR Eyeguard \u2013 bezpiecze\u0144stwo, design i korekcja okularowa<\/p>\n<p><strong>Rozmiar S: dla dzieci 6-10 lat<br \/>\nSoczewka: 48 mm<br \/>\nMostek: 18 mm<br \/>\nZausznik: 107 mm<\/strong><\/p>\n<p><strong>Kolor: Neon Yellow<\/strong><\/p>\n<p>Okulary z certyfikatem\u00a0 EN 166 oraz ASTM F803.<\/p>\n<p>Przeznaczone do uprawiana wszystkich sport\u00f3w zar\u00f3wno grupowych jak i indywidualnych.<\/p>\n","protected":false},"featured_media":7628,"comment_status":"open","ping_status":"closed","template":"","meta":{"_acf_changed":false},"product_brand":[],"product_cat":[73,52],"product_tag":[],"class_list":{"0":"post-7627","1":"product","2":"type-product","3":"status-publish","4":"has-post-thumbnail","6":"product_cat-do-gier-zespolowych","7":"product_cat-okulary-sportowe","9":"first","10":"instock","11":"shipping-taxable","12":"purchasable","13":"product-type-simple"},"acf":[],"_links":{"self":[{"href":"https:\/\/www.strzodowie.pl\/sklep\/wp-json\/wp\/v2\/product\/7627","targetHints":{"allow":["GET"]}}],"collection":[{"href":"https:\/\/www.strzodowie.pl\/sklep\/wp-json\/wp\/v2\/product"}],"about":[{"href":"https:\/\/www.strzodowie.pl\/sklep\/wp-json\/wp\/v2\/types\/product"}],"replies":[{"embeddable":true,"href":"https:\/\/www.strzodowie.pl\/sklep\/wp-json\/wp\/v2\/comments?post=7627"}],"wp:featuredmedia":[{"embeddable":true,"href":"https:\/\/www.strzodowie.pl\/sklep\/wp-json\/wp\/v2\/media\/7628"}],"wp:attachment":[{"href":"https:\/\/www.strzodowie.pl\/sklep\/wp-json\/wp\/v2\/media?parent=7627"}],"wp:term":[{"taxonomy":"product_brand","embeddable":true,"href":"https:\/\/www.strzodowie.pl\/sklep\/wp-json\/wp\/v2\/product_brand?post=7627"},{"taxonomy":"product_cat","embeddable":true,"href":"https:\/\/www.strzodowie.pl\/sklep\/wp-json\/wp\/v2\/product_cat?post=7627"},{"taxonomy":"product_tag","embeddable":true,"href":"https:\/\/www.strzodowie.pl\/sklep\/wp-json\/wp\/v2\/product_tag?post=7627"}],"curies":[{"name":"wp","href":"https:\/\/api.w.org\/{rel}","templated":true}]}}